000
CXUS53 KEAX 010836
CF6STJ
PRELIMINARY LOCAL CLIMATOLOGICAL DATA (WS FORM: F-6)
STATION: ST. JOSEPH MO
MONTH: FEBRUARY
YEAR: 2024
LATITUDE: 39 46 N
LONGITUDE: 94 55 W
TEMPERATURE IN F: :PCPN: SNOW: WIND :SUNSHINE: SKY :PK WND
================================================================================
1 2 3 4 5 6A 6B 7 8 9 10 11 12 13 14 15 16 17 18
12Z AVG MX 2MIN
DY MAX MIN AVG DEP HDD CDD WTR SNW DPTH SPD SPD DIR MIN PSBL S-S WX SPD DR
================================================================================
1 65 33 49 21 16 0 T M M 4.3 16 190 M M 3 21 190
2 66 40 53 24 12 0 0.00 M M 9.4 18 90 M M 2 18 27 120
3 54 41 48 19 17 0 0.00 M M 10.9 18 90 M M 8 18 26 90
4 49 36 43 14 22 0 T M M 10.2 18 20 M M 5 23 10
5 59 27 43 14 22 0 0.00 M M 4.1 9 310 M M 0 18 12 330
6 60 21 41 12 24 0 0.00 M M 5.0 15 170 M M 1 128 18 220
7 65 42 54 24 11 0 0.00 M M 13.7 25 170 M M 0 33 190
8 66 35 51 21 14 0 0.00 M M 17.7 33 210 M M 1 44 210
9 58 30 44 14 21 0 0.00 M M 7.0 17 350 M M 1 22 360
10 47 25 36 6 29 0 0.00 M M 6.7 17 360 M M 2 1 23 10
11 47 24 36 5 29 0 0.00 M M 6.7 12 360 M M 1 16 40
12 54 17 36 5 29 0 0.00 M M 5.1 16 340 M M 1 12 23 350
13 63 26 45 14 20 0 0.00 M M 5.6 18 230 M M 3 26 260
14 66 24 45 13 20 0 0.11 M M 9.2 28 160 M M 1 13 34 160
15 47 32 40 8 25 0 0.00 M M 12.8 29 330 M M 4 38 330
16 36 15 26 -6 39 0 0.01 M M 15.9 26 340 M M 8 1 34 330
17 33 7 20 -12 45 0 0.00 M M 9.7 23 350 M M 0 29 350
18 53 19 36 3 29 0 0.00 M M 5.2 13 230 M M 0 19 220
19 58 18 38 5 27 0 0.00 M M 6.0 20 180 M M 0 1 26 170
20 69 22 46 12 19 0 0.00 M M 6.4 20 200 M M 0 1 24 200
21 74 33 54 20 11 0 0.00 M M 5.7 16 360 M M 0 20 360
22 68 39 54 20 11 0 0.00 M M 12.0 24 330 M M 0 33 350
23 65 29 47 12 18 0 0.00 M M 11.5 30 310 M M 1 40 320
24 62 20 41 6 24 0 0.00 M M 8.5 21 210 M M 0 1 26 190
25 76 24 50 14 15 0 0.00 M M 5.6 22 240 M M 0 1 28 250
26 80 29 55 19 10 0 0.00 M M 6.8 21 220 M M 0 27 210
27 78 20 49 13 16 0 T M M 14.6 36 340 M M 2 8 50 340
28 38 12 25 -12 40 0 0.00 M M 11.3 26 330 M M 1 37 320
29 59 20 40 3 25 0 0.00 M M 12.4 26 190 M M 0 37 170
================================================================================
SM 1715 760 640 0 0.12 M 260.0 M 45
================================================================================
AV 59.1 26.2 9.0 FASTST M M 2 MAX(MPH)
MISC ----> 36 340 50 340
================================================================================
NOTES:
# LAST OF SEVERAL OCCURRENCES
COLUMN 17 PEAK WIND IN M.P.H.
PRELIMINARY LOCAL CLIMATOLOGICAL DATA (WS FORM: F-6) , PAGE 2
STATION: ST. JOSEPH MO
MONTH: FEBRUARY
YEAR: 2024
LATITUDE: 39 46 N
LONGITUDE: 94 55 W
[TEMPERATURE DATA] [PRECIPITATION DATA] SYMBOLS USED IN COLUMN 16
AVERAGE MONTHLY: 42.7 TOTAL FOR MONTH: 0.12 1 = FOG OR MIST
DPTR FM NORMAL: 10.7 DPTR FM NORMAL: -0.83 2 = FOG REDUCING VISIBILITY
HIGHEST: 80 ON 26 GRTST 24HR 0.11 ON 14-14 TO 1/4 MILE OR LESS
LOWEST: 7 ON 17 3 = THUNDER
SNOW, ICE PELLETS, HAIL 4 = ICE PELLETS
TOTAL MONTH: M 5 = HAIL
GRTST 24HR M ON M 6 = FREEZING RAIN OR DRIZZLE
GRTST DEPTH: M ON M 7 = DUSTSTORM OR SANDSTORM:
VSBY 1/2 MILE OR LESS
8 = SMOKE OR HAZE
[NO. OF DAYS WITH] [WEATHER - DAYS WITH] 9 = BLOWING SNOW
X = TORNADO
MAX 32 OR BELOW: 0 0.01 INCH OR MORE: 2
MAX 90 OR ABOVE: 0 0.10 INCH OR MORE: 1
MIN 32 OR BELOW: 21 0.50 INCH OR MORE: 0
MIN 0 OR BELOW: 0 1.00 INCH OR MORE: 0
[HDD (BASE 65) ]
TOTAL THIS MO. 640 CLEAR (SCALE 0-3) 24
DPTR FM NORMAL -284 PTCLDY (SCALE 4-7) 4
TOTAL FM JUL 1 3599 CLOUDY (SCALE 8-10) 1
DPTR FM NORMAL -694
[CDD (BASE 65) ]
TOTAL THIS MO. 0
DPTR FM NORMAL 0 [PRESSURE DATA]
TOTAL FM JAN 1 0 HIGHEST SLP 30.51 ON 17
DPTR FM NORMAL 0 LOWEST SLP 29.28 ON 27
[REMARKS]
#FINAL-02-24#