000
CXUS51 KPHI 190816
CF6ABE
PRELIMINARY LOCAL CLIMATOLOGICAL DATA (WS FORM: F-6)

                                          STATION:   ALLENTOWN PA
                                          MONTH:     JUNE
                                          YEAR:      2021
                                          LATITUDE:   40 39 N
                                          LONGITUDE:  75 26 W

  TEMPERATURE IN F:       :PCPN:    SNOW:  WIND      :SUNSHINE: SKY     :PK WND
================================================================================
1   2   3   4   5  6A  6B    7    8   9   10  11  12  13   14  15   16   17  18
                                     12Z  AVG MX 2MIN
DY MAX MIN AVG DEP HDD CDD  WTR  SNW DPTH SPD SPD DIR MIN PSBL S-S WX    SPD DR
================================================================================

 1  75  48  62  -5   3   0 0.00  0.0    0  4.1 12 220   M    M   1        20 220
 2  76  55  66  -1   0   1 0.00  0.0    0  5.3 14 200   M    M   2        21 160
 3  74  60  67   0   0   2 0.32  0.0    0  2.8  9 230   M    M   8        14 220
 4  78  62  70   2   0   5 0.13  0.0    0  4.4 13 330   M    M   5 3      16 320
 5  90  58  74   6   0   9 0.00  0.0    0  6.7 18 240   M    M   0        25 250
 6  92  64  78  10   0  13 0.00  0.0    0  4.6 13 210   M    M   2        19 230
 7  92  66  79  11   0  14 0.00  0.0    0  5.0 21 240   M    M   1        29 250
 8  89  69  79  10   0  14 0.44  0.0    0  4.0 24 350   M    M   3 13     30 360
 9  89  69  79  10   0  14 0.39  0.0    0  4.3 21 200   M    M   6 123    25 190
10  83  66  75   6   0  10 0.00  0.0    0  8.2 16 110   M    M   4        29  50
11  66  57  62  -8   3   0 0.96  0.0    0  6.3 15  70   M    M  10        17  80
12  74  58  66  -4   0   1 0.03  0.0    0  2.7 10  60   M    M   9        14  60
13  75  63  69  -1   0   4    T  0.0    0  3.7 12 200   M    M  10        18 140
14  83  61  72   1   0   7 0.05  0.0    0  5.4 28 330   M    M   8 3      36 320
15  75  58  67  -4   0   2    T  0.0    0  7.0 17 330   M    M   2        24 330
16  75  54  65  -6   0   0 0.00  0.0    0  6.4 17 300   M    M   0        22 300
17  76  48  62 -10   3   0 0.00  0.0    0  4.2 15 320   M    M   0        20 330
18  84  49  67  -5   0   2 0.00  0.0    0  7.5 16 230   M    M   0        22 220
================================================================================
SM 1446 1065         9  98  2.32  0.0     92.6          M       71
================================================================================
AV 80.3 59.2                               5.1 FASTST   M    M   4    MAX(MPH)
                                 MISC ---->    28 330                 36 320
================================================================================
NOTES:
# LAST OF SEVERAL OCCURRENCES

COLUMN 17 PEAK WIND IN M.P.H.

PRELIMINARY LOCAL CLIMATOLOGICAL DATA (WS FORM: F-6) , PAGE 2

                                          STATION:   ALLENTOWN PA
                                          MONTH:     JUNE
                                          YEAR:      2021
                                          LATITUDE:   40 39 N
                                          LONGITUDE:  75 26 W

[TEMPERATURE DATA]      [PRECIPITATION DATA]       SYMBOLS USED IN COLUMN 16

AVERAGE MONTHLY: 69.8   TOTAL FOR MONTH:   2.32    1 = FOG OR MIST
DPTR FM NORMAL:   0.5   DPTR FM NORMAL:   -0.28    2 = FOG REDUCING VISIBILITY
HIGHEST:    92 ON  7, 6  GRTST 24HR  0.99 ON 11-12      TO 1/4 MILE OR LESS
LOWEST:     48 ON 17, 1                             3 = THUNDER
                        SNOW, ICE PELLETS, HAIL    4 = ICE PELLETS
                        TOTAL MONTH:   0.0 INCH    5 = HAIL
                        GRTST 24HR  0.0            6 = FREEZING RAIN OR DRIZZLE
                        GRTST DEPTH:  0            7 = DUSTSTORM OR SANDSTORM:
                                                       VSBY 1/2 MILE OR LESS
                                                   8 = SMOKE OR HAZE
[NO. OF DAYS WITH]      [WEATHER - DAYS WITH]      9 = BLOWING SNOW
                                                   X = TORNADO
MAX 32 OR BELOW:   0    0.01 INCH OR MORE:   7
MAX 90 OR ABOVE:   3    0.10 INCH OR MORE:   5
MIN 32 OR BELOW:   0    0.50 INCH OR MORE:   1
MIN  0 OR BELOW:   0    1.00 INCH OR MORE:   0

[HDD (BASE 65) ]
TOTAL THIS MO.     9    CLEAR  (SCALE 0-3)   9
DPTR FM NORMAL    -9    PTCLDY (SCALE 4-7)   6
TOTAL FM JUL 1  5272    CLOUDY (SCALE 8-10)  3
DPTR FM NORMAL   -21

[CDD (BASE 65) ]
TOTAL THIS MO.    98
DPTR FM NORMAL     4    [PRESSURE DATA]
TOTAL FM JAN 1   163    HIGHEST SLP M ON M
DPTR FM NORMAL     1    LOWEST  SLP 29.73 ON 14

[REMARKS]
