713
CXUS51 KPHI 220815
CF6ABE
PRELIMINARY LOCAL CLIMATOLOGICAL DATA (WS FORM: F-6)

                                          STATION:   ALLENTOWN PA
                                          MONTH:     JULY
                                          YEAR:      2024
                                          LATITUDE:   40 39 N
                                          LONGITUDE:  75 26 W

  TEMPERATURE IN F:       :PCPN:    SNOW:  WIND      :SUNSHINE: SKY     :PK WND
================================================================================
1   2   3   4   5  6A  6B    7    8   9   10  11  12  13   14  15   16   17  18
                                     12Z  AVG MX 2MIN
DY MAX MIN AVG DEP HDD CDD  WTR  SNW DPTH SPD SPD DIR MIN PSBL S-S WX    SPD DR
================================================================================

 1  79  61  70  -5   0   5 0.00  0.0    0 10.0 21 330   M    M   3        29 330
 2  83  56  70  -5   0   5 0.00  0.0    0  3.8 13 110   M    M   0        16 110
 3  85  60  73  -2   0   8 0.00  0.0    0  7.5 16 230   M    M   1        25 140
 4  89  66  78   3   0  13 0.48  0.0    0  4.8 28 330   M    M   5 13     33 330
 5  91  73  82   7   0  17    T  0.0    0  4.1 14 220   M    M   7 1      17 220
 6  93  77  85  10   0  20 0.06  0.0    0  4.3 14 240   M    M   5 13     18 240
 7  91  70  81   5   0  16 0.00  0.0    0  3.4 13 230   M    M   3        14 220
 8  94  65  80   4   0  15 0.00  0.0    0  4.2 12 230   M    M   1        18 170
 9  95  72  84   8   0  19 0.00  0.0    0  3.5 26 210   M    M   2 3      40 230
10  94  73  84   8   0  19 0.77  0.0    0  9.3 24 180   M    M   5 13     36 270
11  80  67  74  -2   0   9 0.00  0.0    0  6.9 15 240   M    M   6        32 130
12  82  64  73  -3   0   8 0.03  0.0    0  2.1 10 340   M    M   4        14 150
13  91  69  80   4   0  15 1.07  0.0    0  2.9 12 110   M    M   5 1      16 120
14  88  69  79   3   0  14    T  0.0    0  4.8 14 190   M    M   1        25 290
15  93  71  82   6   0  17 0.00  0.0    0  7.6 18 220   M    M   0        23 220
16  96  71  84   8   0  19    T  0.0    0  6.8 36 210   M    M   1 3      49 210
17  91  70  81   5   0  16 1.06  0.0    0  6.0 23 330   M    M   3 138    30 320
18  84  66  75  -1   0  10    T  0.0    0  4.6 12 320   M    M   2        15 320
19  83  59  71  -5   0   6 0.00  0.0    0  3.6 12 240   M    M   1        15 260
20  81  61  71  -5   0   6 0.00  0.0    0  4.8 14 210   M    M   5        20 170
21  87  66  77   1   0  12 0.00  0.0    0  2.5 13 350   M    M   3        16 350
================================================================================
SM 1850 1406         0 269  3.47  0.0    107.5          M       63
================================================================================
AV 88.1 67.0                               5.1 FASTST   M    M   3    MAX(MPH)
                                 MISC ---->    36 210                 49 210
================================================================================
NOTES:
# LAST OF SEVERAL OCCURRENCES

COLUMN 17 PEAK WIND IN M.P.H.

PRELIMINARY LOCAL CLIMATOLOGICAL DATA (WS FORM: F-6) , PAGE 2

                                          STATION:   ALLENTOWN PA
                                          MONTH:     JULY
                                          YEAR:      2024
                                          LATITUDE:   40 39 N
                                          LONGITUDE:  75 26 W

[TEMPERATURE DATA]      [PRECIPITATION DATA]       SYMBOLS USED IN COLUMN 16

AVERAGE MONTHLY: 77.5   TOTAL FOR MONTH:   3.47    1 = FOG OR MIST
DPTR FM NORMAL:   1.8   DPTR FM NORMAL:   -0.08    2 = FOG REDUCING VISIBILITY
HIGHEST:    96 ON 16    GRTST 24HR  1.10 ON 12-13      TO 1/4 MILE OR LESS
LOWEST:     56 ON  2                               3 = THUNDER
                        SNOW, ICE PELLETS, HAIL    4 = ICE PELLETS
                        TOTAL MONTH:   0.0 INCH    5 = HAIL
                        GRTST 24HR  0.0            6 = FREEZING RAIN OR DRIZZLE
                        GRTST DEPTH:  0            7 = DUSTSTORM OR SANDSTORM:
                                                       VSBY 1/2 MILE OR LESS
                                                   8 = SMOKE OR HAZE
[NO. OF DAYS WITH]      [WEATHER - DAYS WITH]      9 = BLOWING SNOW
                                                   X = TORNADO
MAX 32 OR BELOW:   0    0.01 INCH OR MORE:   6
MAX 90 OR ABOVE:  10    0.10 INCH OR MORE:   4
MIN 32 OR BELOW:   0    0.50 INCH OR MORE:   3
MIN  0 OR BELOW:   0    1.00 INCH OR MORE:   2

[HDD (BASE 65) ]
TOTAL THIS MO.     0    CLEAR  (SCALE 0-3)  13
DPTR FM NORMAL     0    PTCLDY (SCALE 4-7)   8
TOTAL FM JUL 1     0    CLOUDY (SCALE 8-10)  0
DPTR FM NORMAL     0

[CDD (BASE 65) ]
TOTAL THIS MO.   269
DPTR FM NORMAL    45    [PRESSURE DATA]
TOTAL FM JAN 1   592    HIGHEST SLP M ON M
DPTR FM NORMAL   104    LOWEST  SLP 29.70 ON 10

[REMARKS]