000
CXUS51 KPHI 210800
CF6ABE
PRELIMINARY LOCAL CLIMATOLOGICAL DATA (WS FORM: F-6)

                                          STATION:   ALLENTOWN PA
                                          MONTH:     JANUARY
                                          YEAR:      2019
                                          LATITUDE:   40 39 N
                                          LONGITUDE:  75 26 W

  TEMPERATURE IN F:       :PCPN:    SNOW:  WIND      :SUNSHINE: SKY     :PK WND
================================================================================
1   2   3   4   5  6A  6B    7    8   9   10  11  12  13   14  15   16   17  18
                                     12Z  AVG MX 2MIN
DY MAX MIN AVG DEP HDD CDD  WTR  SNW DPTH SPD SPD DIR MIN PSBL S-S WX    SPD DR
================================================================================

 1  57  39  48  20  17   0 0.01    T    0 10.7 24 290   M    M   9 1      35 290
 2  42  35  39  11  26   0    T  0.0    0  5.3 14 170   M    M  10 1      19 140
 3  44  29  37   9  28   0 0.01  0.0    0  5.9 17 310   M    M   6 1      23 300
 4  44  26  35   7  30   0 0.04  0.0    0  5.1 15 260   M    M   1 1      21 260
 5  47  35  41  13  24   0 0.74  0.0    0  8.4 17 310   M    M   7 1      23 310
 6  51  32  42  14  23   0 0.00  0.0    0 13.2 28 330   M    M   6        37 300
 7  34  25  30   2  35   0 0.02    T    0  6.4 15 360   M    M   3 4      19 350
 8  40  32  36   8  29   0 0.18  0.0    0  4.2 18 290   M    M  10 1368   23 300
 9  46  32  39  11  26   0    T    T    0 14.2 23 300   M    M   7 18     33 280
10  38  30  34   6  31   0 0.00  0.0    0 15.7 26 300   M    M   8        34 290
11  34  20  27  -1  38   0 0.00  0.0    0 12.1 22 320   M    M   1        28 310
12  35  17  26  -2  39   0 0.00  0.0    0  2.4 12  70   M    M   5        14  60
13  33  22  28   0  37   0    T  0.1    0  9.5 17  60   M    M   7        23  60
14  37  15  26  -1  39   0 0.00  0.0    0  3.9 10  50   M    M   0        13  50
15  37  17  27   0  38   0 0.00  0.0    0  6.3 13 320   M    M   0        17 350
16  39  20  30   3  35   0 0.00  0.0    0  8.6 20 320   M    M   8        27 290
17  33  22  28   1  37   0    T  0.1    0  5.5 13 360   M    M   3        17 320
18  36  28  32   5  33   0 0.02  0.3    0  3.8  8 220   M    M   9 18     10 190
19  37  30  34   6  31   0 0.71  2.4    0  7.1 15  70   M    M  10 1246   19  80
20  39  13  26  -2  39   0 0.76    M    0 16.2 30 320   M    M   9 168    42 330
================================================================================
SM  803  519       635   0  2.49     2.9 164.5          M      119
================================================================================
AV 40.2 26.0                               8.2 FASTST   M    M   6    MAX(MPH)
                                 MISC ---->  # 30 320               # 42  330
================================================================================
NOTES:
# LAST OF SEVERAL OCCURRENCES

COLUMN 17 PEAK WIND IN M.P.H.

PRELIMINARY LOCAL CLIMATOLOGICAL DATA (WS FORM: F-6) , PAGE 2

                                          STATION:  ALLENTOWN PA
                                          MONTH:    JANUARY
                                          YEAR:     2019
                                          LATITUDE:   40 39 N
                                          LONGITUDE:  75 26 W

[TEMPERATURE DATA]      [PRECIPITATION DATA]       SYMBOLS USED IN COLUMN 16

AVERAGE MONTHLY: 33.1   TOTAL FOR MONTH:   2.49    1 = FOG OR MIST
DPTR FM NORMAL:   5.3   DPTR FM NORMAL:    0.55    2 = FOG REDUCING VISIBILITY
HIGHEST:    57 ON  1    GRTST 24HR  1.04 ON 31- 1      TO 1/4 MILE OR LESS
LOWEST:     13 ON 20                               3 = THUNDER
                        SNOW, ICE PELLETS, HAIL    4 = ICE PELLETS
                        TOTAL MONTH:   2.9 INCHES  5 = HAIL
                        GRTST 24HR   2.4 ON 19-19  6 = FREEZING RAIN OR DRIZZLE
                        GRTST DEPTH:   0           7 = DUSTSTORM OR SANDSTORM:
                                                       VSBY 1/2 MILE OR LESS
                                                   8 = SMOKE OR HAZE
[NO. OF DAYS WITH]      [WEATHER - DAYS WITH]      9 = BLOWING SNOW
                                                   X = TORNADO
MAX 32 OR BELOW:   0    0.01 INCH OR MORE:   9
MAX 90 OR ABOVE:   0    0.10 INCH OR MORE:   4
MIN 32 OR BELOW:  17    0.50 INCH OR MORE:   3
MIN  0 OR BELOW:   0    1.00 INCH OR MORE:   0

[HDD (BASE 65) ]
TOTAL THIS MO.   635    CLEAR  (SCALE 0-3)   5
DPTR FM NORMAL  -113    PTCLDY (SCALE 4-7)   9
TOTAL FM JUL 1  2552    CLOUDY (SCALE 8-10)  6
DPTR FM NORMAL  -391

[CDD (BASE 65) ]
TOTAL THIS MO.     0
DPTR FM NORMAL     0    [PRESSURE DATA]
TOTAL FM JAN 1     0    HIGHEST SLP M ON M
DPTR FM NORMAL     0    LOWEST  SLP 29.25 ON 20

[REMARKS]
