000
CXUS51 KPHI 190800
CF6ABE
PRELIMINARY LOCAL CLIMATOLOGICAL DATA (WS FORM: F-6)

                                          STATION:   ALLENTOWN PA
                                          MONTH:     NOVEMBER
                                          YEAR:      2018
                                          LATITUDE:   40 39 N
                                          LONGITUDE:  75 26 W

  TEMPERATURE IN F:       :PCPN:    SNOW:  WIND      :SUNSHINE: SKY     :PK WND
================================================================================
1   2   3   4   5  6A  6B    7    8   9   10  11  12  13   14  15   16   17  18
                                     12Z  AVG MX 2MIN
DY MAX MIN AVG DEP HDD CDD  WTR  SNW DPTH SPD SPD DIR MIN PSBL S-S WX    SPD DR
================================================================================

 1  73  49  61  14   4   0    T  0.0    0  5.2 20 210   M    M   4 18     26 200
 2  71  57  64  17   1   0 3.45  0.0    0  8.3 22 200   M    M   9 1      28 180
 3  57  41  49   2  16   0 0.05  0.0    0 11.5 24 290   M    M   6 1      36 260
 4  58  35  47   0  18   0 0.00  0.0    0  4.3  9  50   M    M   0        13 140
 5  53  41  47   1  18   0 0.25  0.0    0  9.7 18  80   M    M   9 1      24  80
 6  56  48  52   6  13   0 0.68  0.0    0  5.0 14 220   M    M  10 12     18 220
 7  62  46  54   8  11   0 0.00  0.0    0 10.0 20 230   M    M   1 1      26 220
 8  57  36  47   2  18   0 0.00  0.0    0  4.7 10 270   M    M   0        14 330
 9  46  31  39  -6  26   0 0.91  0.0    0  6.9 18  60   M    M   7 1      22  70
10  45  29  37  -8  28   0    T    T    0 11.9 25 310   M    M   2 1      38 290
11  46  26  36  -8  29   0 0.00  0.0    0  5.0 13 280   M    M   0        20 260
12  49  25  37  -7  28   0 0.11  0.0    0  2.4  8 160   M    M   2        12 140
13  48  40  44   0  21   0 0.71  0.0    0  8.1 20 330   M    M   9 1      26 330
14  41  30  36  -7  29   0 0.00  0.0    0 10.1 18 330   M    M   3        25 310
15  33  28  31 -12  34   0 0.91  7.4    0 11.7 25  60   M    M   6 126    32  60
16  41  32  37  -6  28   0 0.18  0.7    7 13.4 25  60   M    M   9 1368   31  60
17  44  37  41  -1  24   0 0.00  0.0    5  7.9 15 290   M    M   9        22 310
18  42  34  38  -4  27   0 0.00  0.0    2  3.6  7  50   M    M   9        11 110
================================================================================
SM  922  665       373   0  7.25     8.1 139.7          M       95
================================================================================
AV 51.2 36.9                               7.8 FASTST   M    M   5    MAX(MPH)
                                 MISC ---->  # 25 310               # 38  290
================================================================================
NOTES:
# LAST OF SEVERAL OCCURRENCES

COLUMN 17 PEAK WIND IN M.P.H.

PRELIMINARY LOCAL CLIMATOLOGICAL DATA (WS FORM: F-6) , PAGE 2

                                          STATION:  ALLENTOWN PA
                                          MONTH:    NOVEMBER
                                          YEAR:     2018
                                          LATITUDE:   40 39 N
                                          LONGITUDE:  75 26 W

[TEMPERATURE DATA]      [PRECIPITATION DATA]       SYMBOLS USED IN COLUMN 16

AVERAGE MONTHLY: 44.1   TOTAL FOR MONTH:   7.25    1 = FOG OR MIST
DPTR FM NORMAL:  -0.7   DPTR FM NORMAL:    5.28    2 = FOG REDUCING VISIBILITY
HIGHEST:    73 ON  1    GRTST 24HR  3.45 ON  2- 2      TO 1/4 MILE OR LESS
LOWEST:     25 ON 12                               3 = THUNDER
                        SNOW, ICE PELLETS, HAIL    4 = ICE PELLETS
                        TOTAL MONTH:   8.1 INCHES  5 = HAIL
                        GRTST 24HR   7.4 ON 15-15  6 = FREEZING RAIN OR DRIZZLE
                        GRTST DEPTH:   7 ON 16     7 = DUSTSTORM OR SANDSTORM:
                                                       VSBY 1/2 MILE OR LESS
                                                   8 = SMOKE OR HAZE
[NO. OF DAYS WITH]      [WEATHER - DAYS WITH]      9 = BLOWING SNOW
                                                   X = TORNADO
MAX 32 OR BELOW:   0    0.01 INCH OR MORE:   9
MAX 90 OR ABOVE:   0    0.10 INCH OR MORE:   8
MIN 32 OR BELOW:   7    0.50 INCH OR MORE:   5
MIN  0 OR BELOW:   0    1.00 INCH OR MORE:   1

[HDD (BASE 65) ]
TOTAL THIS MO.   373    CLEAR  (SCALE 0-3)   6
DPTR FM NORMAL     9    PTCLDY (SCALE 4-7)   5
TOTAL FM JUL 1   721    CLOUDY (SCALE 8-10)  7
DPTR FM NORMAL  -154

[CDD (BASE 65) ]
TOTAL THIS MO.     0
DPTR FM NORMAL     0    [PRESSURE DATA]
TOTAL FM JAN 1  1287    HIGHEST SLP M ON M
DPTR FM NORMAL   530    LOWEST  SLP 29.37 ON 16

[REMARKS]
