000
CXUS51 KPHI 230815
CF6ABE
PRELIMINARY LOCAL CLIMATOLOGICAL DATA (WS FORM: F-6)

                                          STATION:   ALLENTOWN PA
                                          MONTH:     MAY
                                          YEAR:      2022
                                          LATITUDE:   40 39 N
                                          LONGITUDE:  75 26 W

  TEMPERATURE IN F:       :PCPN:    SNOW:  WIND      :SUNSHINE: SKY     :PK WND
================================================================================
1   2   3   4   5  6A  6B    7    8   9   10  11  12  13   14  15   16   17  18
                                     12Z  AVG MX 2MIN
DY MAX MIN AVG DEP HDD CDD  WTR  SNW DPTH SPD SPD DIR MIN PSBL S-S WX    SPD DR
================================================================================

 1  71  33  52  -6  13   0 0.01  0.0    0  4.0 22 220   M    M   4        27 220
 2  65  49  57  -1   8   0 0.13  0.0    0  5.9 13 320   M    M   9 138    16 310
 3  71  46  59   1   6   0 0.00  0.0    0  8.3 21 110   M    M   3 1      24 110
 4  63  49  56  -2   9   0 0.12  0.0    0  4.1 12 340   M    M  10 13     17 330
 5  74  50  62   3   3   0 0.00  0.0    0  4.8 13  60   M    M   2        18  60
 6  61  48  55  -4  10   0 1.20  0.0    0  7.7 17  90   M    M  10 1      22  90
 7  50  42  46 -14  19   0 1.36  0.0    0 14.7 25  40   M    M  10 1      33  40
 8  62  42  52  -8  13   0 0.02  0.0    0 12.6 23  70   M    M   6        29  50
 9  71  40  56  -4   9   0 0.00  0.0    0 12.6 23  50   M    M   0        30  50
10  73  44  59  -1   6   0 0.00  0.0    0 10.1 23  60   M    M   0        29  50
11  76  42  59  -2   6   0 0.00  0.0    0  7.0 22  60   M    M   1        27  70
12  78  49  64   3   1   0 0.00  0.0    0  7.1 16  80   M    M   3        22  80
13  75  60  68   7   0   3 0.11  0.0    0  7.7 15 100   M    M  10 1      18 130
14  72  63  68   6   0   3 0.22  0.0    0  4.8 14 120   M    M  10 1      17 140
15  77  63  70   8   0   5    T  0.0    0  5.9 16 220   M    M   6 1      20 220
16  77  54  66   4   0   1 0.04  0.0    M  6.9 24 300   M    M   5 1      34 320
17  75  48  62   0   3   0 0.00  0.0    0  9.9 24 250   M    M   2        35 280
18  71  47  59  -4   6   0 0.02  0.0    0  5.1 15 240   M    M   3        22 250
19  76  54  65   2   0   0 0.64  0.0    0  4.8 18 270   M    M   7 1      27 260
20  79  52  66   3   0   1 0.42  0.0    0  5.9 10  90   M    M   4 13     17 140
21  89  64  77  13   0  12 0.00  0.0    0  6.6 17 240   M    M   4 128    22 240
22  89  63  76  12   0  11    T  0.0    0  7.5 18 240   M    M   2 1      24 240
================================================================================
SM 1595 1102       112  36  4.29  0.0    164.0          M      111
================================================================================
AV 72.5 50.1                               7.5 FASTST   M    M   5    MAX(MPH)
                                 MISC ---->    25  40                 35 280
================================================================================
NOTES:
# LAST OF SEVERAL OCCURRENCES

COLUMN 17 PEAK WIND IN M.P.H.

PRELIMINARY LOCAL CLIMATOLOGICAL DATA (WS FORM: F-6) , PAGE 2

                                          STATION:   ALLENTOWN PA
                                          MONTH:     MAY
                                          YEAR:      2022
                                          LATITUDE:   40 39 N
                                          LONGITUDE:  75 26 W

[TEMPERATURE DATA]      [PRECIPITATION DATA]       SYMBOLS USED IN COLUMN 16

AVERAGE MONTHLY: 61.3   TOTAL FOR MONTH:   4.29    1 = FOG OR MIST
DPTR FM NORMAL:   0.5   DPTR FM NORMAL:    1.77    2 = FOG REDUCING VISIBILITY
HIGHEST:    89 ON 22,21  GRTST 24HR  1.99 ON  6- 7      TO 1/4 MILE OR LESS
LOWEST:     33 ON  1                               3 = THUNDER
                        SNOW, ICE PELLETS, HAIL    4 = ICE PELLETS
                        TOTAL MONTH:   0.0 INCH    5 = HAIL
                        GRTST 24HR  0.0            6 = FREEZING RAIN OR DRIZZLE
                        GRTST DEPTH:  0            7 = DUSTSTORM OR SANDSTORM:
                                                       VSBY 1/2 MILE OR LESS
                                                   8 = SMOKE OR HAZE
[NO. OF DAYS WITH]      [WEATHER - DAYS WITH]      9 = BLOWING SNOW
                                                   X = TORNADO
MAX 32 OR BELOW:   0    0.01 INCH OR MORE:  12
MAX 90 OR ABOVE:   0    0.10 INCH OR MORE:   8
MIN 32 OR BELOW:   0    0.50 INCH OR MORE:   3
MIN  0 OR BELOW:   0    1.00 INCH OR MORE:   2

[HDD (BASE 65) ]
TOTAL THIS MO.   112    CLEAR  (SCALE 0-3)   9
DPTR FM NORMAL   -12    PTCLDY (SCALE 4-7)   7
TOTAL FM JUL 1  5183    CLOUDY (SCALE 8-10)  6
DPTR FM NORMAL   -65

[CDD (BASE 65) ]
TOTAL THIS MO.    36
DPTR FM NORMAL     4    [PRESSURE DATA]
TOTAL FM JAN 1    36    HIGHEST SLP M ON M
DPTR FM NORMAL    -4    LOWEST  SLP 29.55 ON 16

[REMARKS]
