000
CXUS52 KJAX 210800
CF6AMG
PRELIMINARY LOCAL CLIMATOLOGICAL DATA (WS FORM: F-6)

                                          STATION:   ALMA GA
                                          MONTH:     OCTOBER
                                          YEAR:      2019
                                          LATITUDE:   31 32 N
                                          LONGITUDE:  82 30 W

  TEMPERATURE IN F:       :PCPN:    SNOW:  WIND      :SUNSHINE: SKY     :PK WND
================================================================================
1   2   3   4   5  6A  6B    7    8   9   10  11  12  13   14  15   16   17  18
                                     12Z  AVG MX 2MIN
DY MAX MIN AVG DEP HDD CDD  WTR  SNW DPTH SPD SPD DIR MIN PSBL S-S WX    SPD DR
================================================================================

 1  93  68  81   8   0  16 0.00  0.0    0  3.8 12 120   M    M   5 1      21  50
 2  93  65  79   6   0  14 0.00  0.0    0  3.5 10 130   M    M   2 1      15 120
 3  95  64  80   8   0  15 0.00  0.0    0  3.0 10 150   M    M   1 1      15 110
 4  97  66  82  10   0  17 0.00  0.0    0  2.7 10 160   M    M   2 1      13 160
 5  91  67  79   7   0  14 0.00  0.0    0  5.8 15  70   M    M   3 1      22  60
 6  86  67  77   5   0  12 0.01  0.0    0  4.3 16 100   M    M   7 1      25 100
 7  85  67  76   5   0  11 0.00  0.0    0  2.8  9 110   M    M   5        13 110
 8  89  67  78   7   0  13 0.00  0.0    0  4.0  9  50   M    M   5 1      14  60
 9  81  60  71   0   0   6 0.00  0.0    0  3.5  9 100   M    M   3 1      16 110
10  85  59  72   2   0   7 0.00  0.0    0  3.1 12  90   M    M   2 1      19  60
11  83  56  70   0   0   5 0.00  0.0    0  2.7 10 110   M    M   0 1      14 120
12  87  55  71   1   0   6 0.00  0.0    0  2.4  9 170   M    M   0 1      16 270
13  88  60  74   5   0   9 0.00  0.0    0  4.3 12 220   M    M   3 1      15 200
14  88  66  77   8   0  12 0.01  0.0    0  1.6  9 350   M    M   6        13 360
15  71  68  70   1   0   5 1.07  0.0    0  2.7 10 210   M    M   9 1      13 200
16  84  61  73   5   0   8 0.76  0.0    0  7.4 18 300   M    M   6 1      25 270
17  75  50  63  -5   2   0 0.00  0.0    0  5.0 12 310   M    M   0        16 280
18  75  50  63  -5   2   0 0.00  0.0    0  3.7  9 120   M    M   2        15  60
19  75  63  69   1   0   4 0.07  0.0    0  8.6 20 180   M    M  10 1      26 170
20  74  57  66  -1   0   1    T  0.0    0  5.8 18 250   M    M   7 1      26 260
================================================================================
SM 1695 1236         4 175  1.92     0.0  80.7          M       78
================================================================================
AV 84.8 61.8                               4.0 FASTST   M    M   4    MAX(MPH)
                                 MISC ---->  # 20 180               # 26  170
================================================================================
NOTES:
# LAST OF SEVERAL OCCURRENCES

COLUMN 17 PEAK WIND IN M.P.H.

PRELIMINARY LOCAL CLIMATOLOGICAL DATA (WS FORM: F-6) , PAGE 2

                                          STATION:  ALMA GA
                                          MONTH:    OCTOBER
                                          YEAR:     2019
                                          LATITUDE:   31 32 N
                                          LONGITUDE:  82 30 W

[TEMPERATURE DATA]      [PRECIPITATION DATA]       SYMBOLS USED IN COLUMN 16

AVERAGE MONTHLY: 73.3   TOTAL FOR MONTH:   1.92    1 = FOG OR MIST
DPTR FM NORMAL:   3.1   DPTR FM NORMAL:   -0.14    2 = FOG REDUCING VISIBILITY
HIGHEST:    97 ON  4    GRTST 24HR  1.07 ON 15-15      TO 1/4 MILE OR LESS
LOWEST:     50 ON 18,17                            3 = THUNDER
                        SNOW, ICE PELLETS, HAIL    4 = ICE PELLETS
                        TOTAL MONTH:   0.0 INCH    5 = HAIL
                        GRTST 24HR     0.0         6 = FREEZING RAIN OR DRIZZLE
                        GRTST DEPTH:   0           7 = DUSTSTORM OR SANDSTORM:
                                                       VSBY 1/2 MILE OR LESS
                                                   8 = SMOKE OR HAZE
[NO. OF DAYS WITH]      [WEATHER - DAYS WITH]      9 = BLOWING SNOW
                                                   X = TORNADO
MAX 32 OR BELOW:   0    0.01 INCH OR MORE:   5
MAX 90 OR ABOVE:   5    0.10 INCH OR MORE:   2
MIN 32 OR BELOW:   0    0.50 INCH OR MORE:   2
MIN  0 OR BELOW:   0    1.00 INCH OR MORE:   1

[HDD (BASE 65) ]
TOTAL THIS MO.     4    CLEAR  (SCALE 0-3)  10
DPTR FM NORMAL   -14    PTCLDY (SCALE 4-7)   8
TOTAL FM JUL 1     4    CLOUDY (SCALE 8-10)  2
DPTR FM NORMAL   -16

[CDD (BASE 65) ]
TOTAL THIS MO.   175
DPTR FM NORMAL    54    [PRESSURE DATA]
TOTAL FM JAN 1  2893    HIGHEST SLP 30.11 ON  6
DPTR FM NORMAL   502    LOWEST  SLP 29.68 ON 19

[REMARKS]
