000
CXUS53 KDLH 240652
CF6ASX
PRELIMINARY LOCAL CLIMATOLOGICAL DATA (WS FORM: F-6)

                                          STATION:   ASHLAND
                                          MONTH:     MAY
                                          YEAR:      2018
                                          LATITUDE:   46 32 N
                                          LONGITUDE:  90 55 W

  TEMPERATURE IN F:       :PCPN:    SNOW:  WIND      :SUNSHINE: SKY     :PK WND
================================================================================
1   2   3   4   5  6A  6B    7    8   9   10  11  12  13   14  15   16   17  18
                                     12Z  AVG MX 2MIN
DY MAX MIN AVG DEP HDD CDD  WTR  SNW DPTH SPD SPD DIR MIN PSBL S-S WX    SPD DR
================================================================================

 1  79  44  62  15   3   0 0.00    M    M 14.7 29 230   M    M   2 8      37 220
 2  61  33  47   0  18   0    T    M    M  5.4 12 360   M    M   6        14  20
 3  74  29  52   4  13   0 0.00    M    M  4.2 14 350   M    M   3        19 250
 4  75  37  56   8   9   0 0.00    M    M  9.4 26 310   M    M   2        37 310
 5  72  38  55   6  10   0    T    M    M  6.0 18 350   M    M   5        21 350
 6  61  33  47  -2  18   0 0.04    M    M  5.2 16  30   M    M   1 1      19  20
 7  81  32  57   8   8   0 0.00    M    M  4.5 15 310   M    M   1        19 310
 8  67  37  52   2  13   0 0.14    M    M 10.0 21  50   M    M   6        25  50
 9  52  39  46  -4  19   0 0.29    M    M  4.3 12 270   M    M   9 1      16 280
10  54  29  42  -8  23   0 0.00    M    M  7.3 15  10   M    M   1        19  10
11  53  25  39 -12  26   0 0.00    M    M  6.5 17  60   M    M   0        21 360
12  61  23  42  -9  23   0 0.00    M    M  3.7 15  50   M    M   0 8      17  50
13  78  29  54   3  11   0 0.00    M    M  9.2 18 260   M    M   0        24 260
14  81  56  69  17   0   4 0.00    M    M  7.3 14  60   M    M   1 8      17 230
15  60  36  48  -4  17   0 0.00    M    M  9.1 22  40   M    M   0        29  30
16  90  36  63  11   2   0 0.00    M    M 13.3 26  50   M    M   2 3      34 260
17  51  38  45  -7  20   0    T    M    M 12.7 22  30   M    M   2        29  40
18  67  32  50  -3  15   0 0.00    M    M  5.6 15  10   M    M   1 8      19 360
19  66  37  52  -1  13   0 0.00    M    M  9.6 26  20   M    M   5 18     32  10
20  68  28  48  -5  17   0 0.00    M    M  3.6 13  20   M    M   0 1      17  10
21  73  33  53   0  12   0 0.00    M    M  4.9 17  10   M    M   1        20  10
22  79  44  62   8   3   0 0.00    M    M  4.0  9 350   M    M   5        13 270
23  84  49  67  13   0   2 0.00  0.0    0  4.9 15 360   M    M   1 1      17 210
================================================================================
SM 1587  817       293   6  0.47     0.0 165.4          M       54
================================================================================
AV 69.0 35.5                               7.2 FASTST   M    M   2    MAX(MPH)
                                 MISC ---->  # 29 230               # 37  220
================================================================================
NOTES:
# LAST OF SEVERAL OCCURRENCES

COLUMN 17 PEAK WIND IN M.P.H.

PRELIMINARY LOCAL CLIMATOLOGICAL DATA (WS FORM: F-6) , PAGE 2

                                          STATION:  ASHLAND
                                          MONTH:    MAY
                                          YEAR:     2018
                                          LATITUDE:   46 32 N
                                          LONGITUDE:  90 55 W

[TEMPERATURE DATA]      [PRECIPITATION DATA]       SYMBOLS USED IN COLUMN 16

AVERAGE MONTHLY: 52.3   TOTAL FOR MONTH:   0.47    1 = FOG OR MIST
DPTR FM NORMAL:   1.5   DPTR FM NORMAL:   -1.87    2 = FOG REDUCING VISIBILITY
HIGHEST:    90 ON 16    GRTST 24HR  0.29 ON  9- 9      TO 1/4 MILE OR LESS
LOWEST:     23 ON 12                               3 = THUNDER
                        SNOW, ICE PELLETS, HAIL    4 = ICE PELLETS
                        TOTAL MONTH:   0.0 INCH    5 = HAIL
                        GRTST 24HR     0.0         6 = FREEZING RAIN OR DRIZZLE
                        GRTST DEPTH:   0           7 = DUSTSTORM OR SANDSTORM:
                                                       VSBY 1/2 MILE OR LESS
                                                   8 = SMOKE OR HAZE
[NO. OF DAYS WITH]      [WEATHER - DAYS WITH]      9 = BLOWING SNOW
                                                   X = TORNADO
MAX 32 OR BELOW:   0    0.01 INCH OR MORE:   3
MAX 90 OR ABOVE:   1    0.10 INCH OR MORE:   2
MIN 32 OR BELOW:   8    0.50 INCH OR MORE:   0
MIN  0 OR BELOW:   0    1.00 INCH OR MORE:   0

[HDD (BASE 65) ]
TOTAL THIS MO.   293    CLEAR  (SCALE 0-3)  16
DPTR FM NORMAL   -40    PTCLDY (SCALE 4-7)   6
TOTAL FM JUL 1  8921    CLOUDY (SCALE 8-10)  1
DPTR FM NORMAL   231

[CDD (BASE 65) ]
TOTAL THIS MO.     6
DPTR FM NORMAL     6    [PRESSURE DATA]
TOTAL FM JAN 1     6    HIGHEST SLP M ON M
DPTR FM NORMAL     6    LOWEST  SLP 29.55 ON  1

[REMARKS]
