000
CXUS53 KDLH 210805
CF6ASX
PRELIMINARY LOCAL CLIMATOLOGICAL DATA (WS FORM: F-6)

                                          STATION:   ASHLAND
                                          MONTH:     AUGUST
                                          YEAR:      2018
                                          LATITUDE:   46 32 N
                                          LONGITUDE:  90 55 W

  TEMPERATURE IN F:       :PCPN:    SNOW:  WIND      :SUNSHINE: SKY     :PK WND
================================================================================
1   2   3   4   5  6A  6B    7    8   9   10  11  12  13   14  15   16   17  18
                                     12Z  AVG MX 2MIN
DY MAX MIN AVG DEP HDD CDD  WTR  SNW DPTH SPD SPD DIR MIN PSBL S-S WX    SPD DR
================================================================================

 1  68  51  60  -7   5   0 0.18    M    M 10.6 20  50   M    M  10 1      26  50
 2  67  43  55 -11  10   0 0.04    M    M  4.4 10 360   M    M   8 12     14  30
 3  73  40  57  -9   8   0 0.03    M    M  3.9 14 140   M    M   4 1238   22 120
 4  76  62  69   3   0   4 0.51    M    M 10.3 22 200   M    M   8 13     30 210
 5  87  60  74   8   0   9 0.00    M    M  8.5 18 240   M    M   2 128    22 230
 6  77  52  65  -1   0   0 0.00    M    M  4.7 15 320   M    M   2 12     19 330
 7  77  47  62  -4   3   0 0.00    M    M  3.6 13 360   M    M   3 12     15 360
 8  86  56  71   5   0   6 0.19    M    M  9.9 22 320   M    M   1 1238   29 320
 9  85  56  71   5   0   6 0.00    M    M  3.6 14 360   M    M   2 128    17  10
10  86  56  71   5   0   6 0.00    M    M  3.9 10 340   M    M   0 128    14 280
11  88  59  74   8   0   9 0.00    M    M  4.7 12 360   M    M   1 128    14 360
12  90  56  73   7   0   8 0.00    M    M  4.0 14 220   M    M   2 128    18 230
13  90  56  73   8   0   8 0.00    M    M  9.5 20 220   M    M   1 128    25 240
14  80  58  69   4   0   4 0.00    M    M  5.4 14 230   M    M   5 128    18 200
15  78  54  66   1   0   1 0.00    M    M  4.9 16  10   M    M   1 128    20  10
16  80  53  67   2   0   2 0.00    M    M  3.6 12  50   M    M   4 12     14  40
17  75  50  63  -2   2   0 0.00    M    M  5.6 17  30   M    M   2 128    20  30
18  76  50  63  -2   2   0 0.00    M    M  3.3 10 340   M    M   6 128    12 350
19  81  52  67   2   0   2 0.00    M    M  2.9 12 230   M    M   3 128    14 210
20  71  61  66   2   0   1 0.01    M    M  8.2 18  30   M    M   9 12     24  30
================================================================================
SM 1591 1072        30  66  0.96    M    115.5          M       74
================================================================================
AV 79.6 53.6                               5.8 FASTST   M    M   4    MAX(MPH)
                                 MISC ---->  # 22 200               # 30  210
================================================================================
NOTES:
# LAST OF SEVERAL OCCURRENCES

COLUMN 17 PEAK WIND IN M.P.H.

PRELIMINARY LOCAL CLIMATOLOGICAL DATA (WS FORM: F-6) , PAGE 2

                                          STATION:  ASHLAND
                                          MONTH:    AUGUST
                                          YEAR:     2018
                                          LATITUDE:   46 32 N
                                          LONGITUDE:  90 55 W

[TEMPERATURE DATA]      [PRECIPITATION DATA]       SYMBOLS USED IN COLUMN 16

AVERAGE MONTHLY: 66.6   TOTAL FOR MONTH:   0.96    1 = FOG OR MIST
DPTR FM NORMAL:   1.0   DPTR FM NORMAL:   -1.55    2 = FOG REDUCING VISIBILITY
HIGHEST:    90 ON 13,12 GRTST 24HR  0.51 ON  4- 4      TO 1/4 MILE OR LESS
LOWEST:     40 ON  3                               3 = THUNDER
                        SNOW, ICE PELLETS, HAIL    4 = ICE PELLETS
                        TOTAL MONTH:    M          5 = HAIL
                        GRTST 24HR    M  ON   M    6 = FREEZING RAIN OR DRIZZLE
                        GRTST DEPTH:  M  ON   M    7 = DUSTSTORM OR SANDSTORM:
                                                       VSBY 1/2 MILE OR LESS
                                                   8 = SMOKE OR HAZE
[NO. OF DAYS WITH]      [WEATHER - DAYS WITH]      9 = BLOWING SNOW
                                                   X = TORNADO
MAX 32 OR BELOW:   0    0.01 INCH OR MORE:   6
MAX 90 OR ABOVE:   2    0.10 INCH OR MORE:   3
MIN 32 OR BELOW:   0    0.50 INCH OR MORE:   1
MIN  0 OR BELOW:   0    1.00 INCH OR MORE:   0

[HDD (BASE 65) ]
TOTAL THIS MO.    30    CLEAR  (SCALE 0-3)  12
DPTR FM NORMAL   -10    PTCLDY (SCALE 4-7)   6
TOTAL FM JUL 1    45    CLOUDY (SCALE 8-10)  2
DPTR FM NORMAL   -55

[CDD (BASE 65) ]
TOTAL THIS MO.    66
DPTR FM NORMAL    12    [PRESSURE DATA]
TOTAL FM JAN 1   263    HIGHEST SLP M ON M
DPTR FM NORMAL    63    LOWEST  SLP 29.74 ON  8

[REMARKS]
