000
CXUS53 KDLH 200657
CF6ASX
PRELIMINARY LOCAL CLIMATOLOGICAL DATA (WS FORM: F-6)

                                          STATION:   ASHLAND
                                          MONTH:     NOVEMBER
                                          YEAR:      2018
                                          LATITUDE:   46 32 N
                                          LONGITUDE:  90 55 W

  TEMPERATURE IN F:       :PCPN:    SNOW:  WIND      :SUNSHINE: SKY     :PK WND
================================================================================
1   2   3   4   5  6A  6B    7    8   9   10  11  12  13   14  15   16   17  18
                                     12Z  AVG MX 2MIN
DY MAX MIN AVG DEP HDD CDD  WTR  SNW DPTH SPD SPD DIR MIN PSBL S-S WX    SPD DR
================================================================================

 1  40  24  32  -6  33   0    M    M    M  3.2  9 280   M    M   5        10 280
 2  43  27  35  -3  30   0    M    M    M  1.9  7  60   M    M  10         9 330
 3  47  24  36  -1  29   0    M    M    M  2.7 10  40   M    M   5 1      12  20
 4  40  26  33  -4  32   0    M    M    M  7.4 15  30   M    M   7 12     19  30
 5  42  35  39   2  26   0    M    M    M  7.3 17 210   M    M  10 128    23 220
 6  42  33  38   2  27   0    M    M    M  6.3 16 250   M    M  10 12     22 260
 7  34  27  31  -5  34   0    M    M    M 12.4 22 280   M    M  10 18     29 280
 8  28  22  25 -10  40   0    M    M    M  7.5 14 220   M    M  10 18     18 270
 9  26  18  22 -13  43   0    M    M    M 11.4 23 340   M    M   9 128    32 330
10  22  17  20 -14  45   0    M    M    M  5.8 12 290   M    M   9 18     15 300
11  27  18  23 -11  42   0    M    M    M  4.9 12 270   M    M   8 18     16 270
12  22  14  18 -15  47   0    M    M    M 10.0 18 270   M    M  10 18     23 270
13  17   8  13 -20  52   0    M    M    M  9.1 17 270   M    M   7 18     21 260
14  36  10  23  -9  42   0    M    M    M  7.5 22 200   M    M   3        33 200
15  38  28  33   1  32   0    M    M    M 10.2 20 210   M    M   4 18     31 180
16  36  24  30  -1  35   0    M    M    M 11.9 18 280   M    M  10 1      24 270
17  26   7  17 -14  48   0    M    M    M  8.3 14 340   M    M   6 8      17 300
18  27   9  18 -12  47   0    M    M    M  7.6 20 240   M    M   5 18     25 240
19  26  13  20 -10  45   0    M    M    M  8.1 23  20   M    M  10 128    30 340
================================================================================
SM  619  384       729   0    M     M    143.5          M      148
================================================================================
AV 32.6 20.2                               7.6 FASTST   M    M   8    MAX(MPH)
                                 MISC ---->  # 23 340               # 33  200
================================================================================
NOTES:
# LAST OF SEVERAL OCCURRENCES

COLUMN 17 PEAK WIND IN M.P.H.

PRELIMINARY LOCAL CLIMATOLOGICAL DATA (WS FORM: F-6) , PAGE 2

                                          STATION:  ASHLAND
                                          MONTH:    NOVEMBER
                                          YEAR:     2018
                                          LATITUDE:   46 32 N
                                          LONGITUDE:  90 55 W

[TEMPERATURE DATA]      [PRECIPITATION DATA]       SYMBOLS USED IN COLUMN 16

AVERAGE MONTHLY: 26.4   TOTAL FOR MONTH:      M    1 = FOG OR MIST
DPTR FM NORMAL:  -7.7   DPTR FM NORMAL:       M    2 = FOG REDUCING VISIBILITY
HIGHEST:    47 ON  3    GRTST 24HR  0.00 ON 31- 1      TO 1/4 MILE OR LESS
LOWEST:      7 ON 17                               3 = THUNDER
                        SNOW, ICE PELLETS, HAIL    4 = ICE PELLETS
                        TOTAL MONTH:    M          5 = HAIL
                        GRTST 24HR    M  ON   M    6 = FREEZING RAIN OR DRIZZLE
                        GRTST DEPTH:  M  ON   M    7 = DUSTSTORM OR SANDSTORM:
                                                       VSBY 1/2 MILE OR LESS
                                                   8 = SMOKE OR HAZE
[NO. OF DAYS WITH]      [WEATHER - DAYS WITH]      9 = BLOWING SNOW
                                                   X = TORNADO
MAX 32 OR BELOW:   9    0.01 INCH OR MORE:   0
MAX 90 OR ABOVE:   0    0.10 INCH OR MORE:   0
MIN 32 OR BELOW:  17    0.50 INCH OR MORE:   0
MIN  0 OR BELOW:   0    1.00 INCH OR MORE:   0

[HDD (BASE 65) ]
TOTAL THIS MO.   729    CLEAR  (SCALE 0-3)   1
DPTR FM NORMAL   143    PTCLDY (SCALE 4-7)   7
TOTAL FM JUL 1  1767    CLOUDY (SCALE 8-10) 11
DPTR FM NORMAL   137

[CDD (BASE 65) ]
TOTAL THIS MO.     0
DPTR FM NORMAL     0    [PRESSURE DATA]
TOTAL FM JAN 1   337    HIGHEST SLP M ON M
DPTR FM NORMAL    98    LOWEST  SLP 29.59 ON  6

[REMARKS]
