000
CXUS53 KDLH 260920
CF6ASX
PRELIMINARY LOCAL CLIMATOLOGICAL DATA (WS FORM: F-6)

                                          STATION:   ASHLAND
                                          MONTH:     OCTOBER
                                          YEAR:      2020
                                          LATITUDE:   46 32 N
                                          LONGITUDE:  90 55 W

  TEMPERATURE IN F:       :PCPN:    SNOW:  WIND      :SUNSHINE: SKY     :PK WND
================================================================================
1   2   3   4   5  6A  6B    7    8   9   10  11  12  13   14  15   16   17  18
                                     12Z  AVG MX 2MIN
DY MAX MIN AVG DEP HDD CDD  WTR  SNW DPTH SPD SPD DIR MIN PSBL S-S WX    SPD DR
================================================================================

 1  50  40  45  -5  20   0    M    M    M  9.0 18 360   M    M  10 1      26  20
 2  43  31  37 -13  28   0    M    M    M  4.3 10 360   M    M  10        13  10
 3  48  27  38 -12  27   0    M    M    M  4.9 13 350   M    M   7        16  10
 4  52  29  41  -8  24   0    M    M    M  4.6 10 210   M    M   3        17 160
 5  68  44  56   7   9   0    M    M    M 13.5 31 210   M    M   4        44 240
 6  70  44  57   9   8   0    M    M    M  9.8 25 270   M    M   4        38 290
 7  64  37  51   3  14   0    M    M    M  7.4 18 280   M    M   5        27 290
 8  63  27  45  -3  20   0    M    M    M  4.1 12 190   M    M   1        18 210
 9  80  50  65  18   0   0    M    M    M 13.3 24 220   M    M   1        36 170
10  57  32  45  -2  20   0    M    M    M  7.1 16  30   M    M   3 1      23  40
11  68  29  49   3  16   0    M    M    M  6.9 16 160   M    M   3        27 150
12  62  34  48   2  17   0    M    M    M 10.0 26 270   M    M   5 13     39 260
13  61  36  49   3  16   0    M    M    M 12.5 28 280   M    M   4        41 250
14  54  34  44  -1  21   0    M    M    M  7.6 22 290   M    M   8 1      34 310
15  46  31  39  -6  26   0    M    M    M 11.0 22 270   M    M   9        32 300
16  44  22  33 -12  32   0    M    M    M  7.9 18 270   M    M   5 1      25 280
17  40  20  30 -14  35   0    M    M    M  5.3 12 280   M    M   9 1      16 290
18  39  26  33 -11  32   0    M    M    M  8.2 17 260   M    M   7        24 250
19  38  27  33 -10  32   0    M    M    M  5.5 12 300   M    M  10        15 310
20  39  27  33 -10  32   0    M    M    M  4.7 12 130   M    M  10 128    19 150
21  37  32  35  -8  30   0    M    M    M  8.0 17 240   M    M  10 1      25 240
22  37  32  35  -7  30   0    M    M    M  8.5 22  30   M    M  10 1      30  40
23  37  29  33  -9  32   0    M    M    M 11.6 24  30   M    M  10 1      39  30
24  33  26  30 -12  35   0    M    M    M  7.7 14 280   M    M   9        21 250
25  32  26  29 -12  36   0    M    M    M  5.8 12 280   M    M   9 18     15 300
================================================================================
SM 1262  792       592   0     M    M    199.2          M      166
================================================================================
AV 50.5 31.7                               8.0 FASTST   M    M   7    MAX(MPH)
                                 MISC ---->    31 210                 44 240
================================================================================
NOTES:
# LAST OF SEVERAL OCCURRENCES

COLUMN 17 PEAK WIND IN M.P.H.

PRELIMINARY LOCAL CLIMATOLOGICAL DATA (WS FORM: F-6) , PAGE 2

                                          STATION:   ASHLAND
                                          MONTH:     OCTOBER
                                          YEAR:      2020
                                          LATITUDE:   46 32 N
                                          LONGITUDE:  90 55 W

[TEMPERATURE DATA]      [PRECIPITATION DATA]       SYMBOLS USED IN COLUMN 16

AVERAGE MONTHLY: 41.1   TOTAL FOR MONTH:      M    1 = FOG OR MIST
DPTR FM NORMAL:  -4.6   DPTR FM NORMAL:       M    2 = FOG REDUCING VISIBILITY
HIGHEST:    80 ON  9    GRTST 24HR  0.71 ON 12-12      TO 1/4 MILE OR LESS
LOWEST:     20 ON 17                               3 = THUNDER
                        SNOW, ICE PELLETS, HAIL    4 = ICE PELLETS
                        TOTAL MONTH:  M            5 = HAIL
                        GRTST 24HR    M  ON   M    6 = FREEZING RAIN OR DRIZZLE
                        GRTST DEPTH:  M  ON   M    7 = DUSTSTORM OR SANDSTORM:
                                                       VSBY 1/2 MILE OR LESS
                                                   8 = SMOKE OR HAZE
[NO. OF DAYS WITH]      [WEATHER - DAYS WITH]      9 = BLOWING SNOW
                                                   X = TORNADO
MAX 32 OR BELOW:   1    0.01 INCH OR MORE:   0
MAX 90 OR ABOVE:   0    0.10 INCH OR MORE:   0
MIN 32 OR BELOW:  17    0.50 INCH OR MORE:   0
MIN  0 OR BELOW:   0    1.00 INCH OR MORE:   0

[HDD (BASE 65) ]
TOTAL THIS MO.   592    CLEAR  (SCALE 0-3)   4
DPTR FM NORMAL   106    PTCLDY (SCALE 4-7)  10
TOTAL FM JUL 1   955    CLOUDY (SCALE 8-10) 11
DPTR FM NORMAL    62

[CDD (BASE 65) ]
TOTAL THIS MO.     0
DPTR FM NORMAL     0    [PRESSURE DATA]
TOTAL FM JAN 1   355    HIGHEST SLP M ON M
DPTR FM NORMAL   118    LOWEST  SLP 29.33 ON 14

[REMARKS]
