164
CXUS54 KBRO 160900
CF6BRO
PRELIMINARY LOCAL CLIMATOLOGICAL DATA (WS FORM: F-6)

                                          STATION:   BROWNSVILLE
                                          MONTH:     OCTOBER
                                          YEAR:      2019
                                          LATITUDE:   25 53 N
                                          LONGITUDE:  97 26 W

  TEMPERATURE IN F:       :PCPN:    SNOW:  WIND      :SUNSHINE: SKY     :PK WND
================================================================================
1   2   3   4   5  6A  6B    7    8   9   10  11  12  13   14  15   16   17  18
                                     12Z  AVG MX 2MIN
DY MAX MIN AVG DEP HDD CDD  WTR  SNW DPTH SPD SPD DIR MIN PSBL S-S WX    SPD DR
================================================================================

 1  92  78  85   6   0  20 0.07  0.0    0  7.8 16 140   M    M   4        26 140
 2  92  76  84   5   0  19 0.04  0.0    0  5.2 16  60   M    M   2        21  70
 3  90  75  83   4   0  18 0.42  0.0    0  4.0 15 180   M    M   1 3      23 120
 4  91  75  83   5   0  18 0.05  0.0    0  6.8 16  30   M    M   1 3      21  30
 5  92  74  83   5   0  18 0.00  0.0    0  4.6 16  80   M    M   1        20  50
 6  93  72  83   5   0  18 0.00  0.0    0  5.0 15  70   M    M   1        19  50
 7  91  73  82   4   0  17    T  0.0    0  8.9 22  30   M    M   1        27  30
 8  90  74  82   4   0  17 0.00  0.0    0  8.4 18  30   M    M   2        24  70
 9  93  75  84   6   0  19 0.00  0.0    0 10.6 21 140   M    M   1        25 150
10  94  79  87  10   0  22 0.00  0.0    0 13.2 23 150   M    M   2        29 140
11  96  57  77   0   0  12 1.12  0.0    0 12.7 31 320   M    M   6 13     46 330
12  73  57  65 -12   0   0 0.00  0.0    0 13.5 24 330   M    M  10        34 320
13  87  68  78   1   0  13 0.00  0.0    0  6.9 15 330   M    M   5        20 330
14  91  70  81   4   0  16 0.00  0.0    0  6.9 17 150   M    M   1        21 170
15  93  75  84   8   0  19 0.00  0.0    0  8.7 20 160   M    M   1        23 130
================================================================================
SM 1358 1078         0 246  1.70     0.0 123.2          M       39
================================================================================
AV 90.5 71.9                               8.2 FASTST   M    M   3    MAX(MPH)
                                 MISC ---->  # 31 320               # 46  330
================================================================================
NOTES:
# LAST OF SEVERAL OCCURRENCES

COLUMN 17 PEAK WIND IN M.P.H.

PRELIMINARY LOCAL CLIMATOLOGICAL DATA (WS FORM: F-6) , PAGE 2

                                          STATION:  BROWNSVILLE
                                          MONTH:    OCTOBER
                                          YEAR:     2019
                                          LATITUDE:   25 53 N
                                          LONGITUDE:  97 26 W

[TEMPERATURE DATA]      [PRECIPITATION DATA]       SYMBOLS USED IN COLUMN 16

AVERAGE MONTHLY: 81.2   TOTAL FOR MONTH:   1.70    1 = FOG OR MIST
DPTR FM NORMAL:   3.5   DPTR FM NORMAL:   -0.37    2 = FOG REDUCING VISIBILITY
HIGHEST:    96 ON 11    GRTST 24HR  1.12 ON 11-11      TO 1/4 MILE OR LESS
LOWEST:     57 ON 12,11                            3 = THUNDER
                        SNOW, ICE PELLETS, HAIL    4 = ICE PELLETS
                        TOTAL MONTH:   0.0 INCH    5 = HAIL
                        GRTST 24HR     0.0         6 = FREEZING RAIN OR DRIZZLE
                        GRTST DEPTH:   0           7 = DUSTSTORM OR SANDSTORM:
                                                       VSBY 1/2 MILE OR LESS
                                                   8 = SMOKE OR HAZE
[NO. OF DAYS WITH]      [WEATHER - DAYS WITH]      9 = BLOWING SNOW
                                                   X = TORNADO
MAX 32 OR BELOW:   0    0.01 INCH OR MORE:   5
MAX 90 OR ABOVE:  13    0.10 INCH OR MORE:   2
MIN 32 OR BELOW:   0    0.50 INCH OR MORE:   1
MIN  0 OR BELOW:   0    1.00 INCH OR MORE:   1

[HDD (BASE 65) ]
TOTAL THIS MO.     0    CLEAR  (SCALE 0-3)  11
DPTR FM NORMAL     0    PTCLDY (SCALE 4-7)   3
TOTAL FM JUL 1     0    CLOUDY (SCALE 8-10)  1
DPTR FM NORMAL     0

[CDD (BASE 65) ]
TOTAL THIS MO.   246
DPTR FM NORMAL    53    [PRESSURE DATA]
TOTAL FM JAN 1  4355    HIGHEST SLP M ON M
DPTR FM NORMAL   751    LOWEST  SLP 29.76 ON 10

[REMARKS]
