000
CXUS53 KARX 180930
CF6DEH
PRELIMINARY LOCAL CLIMATOLOGICAL DATA (WS FORM: F-6)

                                          STATION:   DECORAH IA
                                          MONTH:     JUNE
                                          YEAR:      2018
                                          LATITUDE:   43 16 N
                                          LONGITUDE:  91 44 W

  TEMPERATURE IN F:       :PCPN:    SNOW:  WIND      :SUNSHINE: SKY     :PK WND
================================================================================
1   2   3   4   5  6A  6B    7    8   9   10  11  12  13   14  15   16   17  18
                                     12Z  AVG MX 2MIN
DY MAX MIN AVG DEP HDD CDD  WTR  SNW DPTH SPD SPD DIR MIN PSBL S-S WX    SPD DR
================================================================================

 1  86  64  75   M   0  10 0.00  0.0    0  5.5 13  90   M    M   4 1      21 100
 2  72  55  64   M   1   0 0.56  0.0    0  7.1 16 120   M    M   5        31 120
 3  68  55  62   M   3   0 0.00  0.0    0  9.3 17 300   M    M   3        30 300
 4  82  50  66   M   0   1 0.00  0.0    0  5.8 10 240   M    M   2        25 270
 5  81  63  72   M   0   7 0.00  0.0    0  7.5 12  90   M    M   2        18 230
 6  81  59  70   M   0   5 0.00  0.0    0  6.0 14 160   M    M   2 1      21 160
 7  81  64  73   M   0   8 0.00  0.0    0  5.0  9  90   M    M   5        14  70
 8  72  57  65   M   0   0 0.98  0.0    0  7.3 13  80   M    M   7 3      17 130
 9  79  63  71   M   0   6 1.18  0.0    0  8.1 16 110   M    M   7 13     25 230
10  66  63  65   M   0   0 0.16  0.0    0  9.4 16 100   M    M  10        25 100
11  73  63  68   M   0   3 0.00  0.0    0  9.9 16 100   M    M  10 1      22 140
12  73  64  69   M   0   4 0.07  0.0    0  2.8  9 170   M    M   9 1      18 130
13  77  59  68   M   0   3 0.00  0.0    0  5.5 13 320   M    M   1        17 360
14  73  61  67   M   0   2 0.00  0.0    0  6.5 14 140   M    M   3        22 130
15  88  64  76   M   0  11 0.00  0.0    0 10.3 17 180   M    M   1        25 180
16  90  75  83   M   0  18 0.00  0.0    0  9.1 13 190   M    M   0        25 190
17  91  77  84   M   0  19 0.22  0.0    0  9.1 14 210   M    M   3 1      28 220
================================================================================
SM 1333 1056         4  97  3.17     0.0 124.2          M       74
================================================================================
AV 78.4 62.1                               7.3 FASTST   M    M   4    MAX(MPH)
                                 MISC ---->  # 17 300               # 31  120
================================================================================
NOTES:
# LAST OF SEVERAL OCCURRENCES

COLUMN 17 PEAK WIND IN M.P.H.

PRELIMINARY LOCAL CLIMATOLOGICAL DATA (WS FORM: F-6) , PAGE 2

                                          STATION:  DECORAH IA
                                          MONTH:    JUNE
                                          YEAR:     2018
                                          LATITUDE:   43 16 N
                                          LONGITUDE:  91 44 W

[TEMPERATURE DATA]      [PRECIPITATION DATA]       SYMBOLS USED IN COLUMN 16

AVERAGE MONTHLY: 70.3   TOTAL FOR MONTH:   3.17    1 = FOG OR MIST
DPTR FM NORMAL:     M   DPTR FM NORMAL:       M    2 = FOG REDUCING VISIBILITY
HIGHEST:    91 ON 17    GRTST 24HR  1.18 ON  9- 9      TO 1/4 MILE OR LESS
LOWEST:     50 ON  4                               3 = THUNDER
                        SNOW, ICE PELLETS, HAIL    4 = ICE PELLETS
                        TOTAL MONTH:   0.0 INCH    5 = HAIL
                        GRTST 24HR     0.0         6 = FREEZING RAIN OR DRIZZLE
                        GRTST DEPTH:   0           7 = DUSTSTORM OR SANDSTORM:
                                                       VSBY 1/2 MILE OR LESS
                                                   8 = SMOKE OR HAZE
[NO. OF DAYS WITH]      [WEATHER - DAYS WITH]      9 = BLOWING SNOW
                                                   X = TORNADO
MAX 32 OR BELOW:   0    0.01 INCH OR MORE:   6
MAX 90 OR ABOVE:   2    0.10 INCH OR MORE:   5
MIN 32 OR BELOW:   0    0.50 INCH OR MORE:   3
MIN  0 OR BELOW:   0    1.00 INCH OR MORE:   1

[HDD (BASE 65) ]
TOTAL THIS MO.     4    CLEAR  (SCALE 0-3)   9
DPTR FM NORMAL     M    PTCLDY (SCALE 4-7)   5
TOTAL FM JUL 1  7369    CLOUDY (SCALE 8-10)  3
DPTR FM NORMAL     M

[CDD (BASE 65) ]
TOTAL THIS MO.    97
DPTR FM NORMAL     M    [PRESSURE DATA]
TOTAL FM JAN 1   211    HIGHEST SLP M ON M
DPTR FM NORMAL     M    LOWEST  SLP M ON M

[REMARKS]
