056
CXUS53 KPAH 220628
CF6EVV
PRELIMINARY LOCAL CLIMATOLOGICAL DATA (WS FORM: F-6)

                                          STATION:   EVANSVILLE IN
                                          MONTH:     JANUARY
                                          YEAR:      2019
                                          LATITUDE:   38  2 N
                                          LONGITUDE:  87 32 W

  TEMPERATURE IN F:       :PCPN:    SNOW:  WIND      :SUNSHINE: SKY     :PK WND
================================================================================
1   2   3   4   5  6A  6B    7    8   9   10  11  12  13   14  15   16   17  18
                                     12Z  AVG MX 2MIN
DY MAX MIN AVG DEP HDD CDD  WTR  SNW DPTH SPD SPD DIR MIN PSBL S-S WX    SPD DR
================================================================================

 1  46  38  42   9  23   0    T  0.0    0  6.0 14 280   M    M  10 1      19 280
 2  39  37  38   5  27   0 0.00  0.0    0  4.6 13 230   M    M  10 1      17 220
 3  40  32  36   3  29   0 0.00  0.0    0  3.5  8 320   M    M   5        11 320
 4  43  32  38   5  27   0 0.75  0.0    0  8.3 16  50   M    M   6 1      23  60
 5  54  31  43  11  22   0 0.00  0.0    0  6.6 10 240   M    M   0        14 260
 6  56  32  44  12  21   0 0.00  0.0    0  3.1 10 130   M    M   0 1      16 130
 7  58  51  55  23  10   0 0.04  0.0    0 12.0 20 210   M    M   5 1      29 220
 8  60  41  51  19  14   0 0.00  0.0    0 12.0 28 260   M    M   3 1      41 280
 9  43  24  34   2  31   0 0.00  0.0    0 11.7 22 320   M    M   1        34 310
10  32  20  26  -6  39   0 0.00  0.0    0  4.1 12 350   M    M   1        16  10
11  35  21  28  -4  37   0 0.37  2.7    0  4.4 10 130   M    M   6 1      14  80
12  38  31  35   3  30   0 0.30  0.7    3  7.9 13  60   M    M  10 1      18  50
13  37  31  34   2  31   0 0.01    T    0  8.8 15 360   M    M  10 1      20 350
14  36  26  31  -1  34   0 0.00  0.0    0  4.6  9 360   M    M   8 1      14 340
15  37  30  34   2  31   0 0.00  0.0    0  8.1 16 230   M    M  10        22 220
16  44  37  41   9  24   0 0.00  0.0    0  5.4 14 230   M    M  10 18     18 230
17  45  38  42  10  23   0 0.15  0.0    0  5.2 10 290   M    M  10 1      17 280
18  40  35  38   6  27   0 0.00  0.0    0  6.2 13  90   M    M  10        19  90
19  43  26  35   3  30   0 1.52  2.1    0 14.3 30 340   M    M  10 1      44 340
20  27  14  21 -11  44   0    T    T    2  8.9 23 350   M    M   5 8      36 330
21  24  11  18 -14  47   0 0.00  0.0    T  7.4 15 110   M    M   1        24 120
================================================================================
SM  877  638       601   0  3.14     5.5 153.1          M      131
================================================================================
AV 41.8 30.4                               7.3 FASTST   M    M   6    MAX(MPH)
                                 MISC ---->  # 30 340               # 44  340
================================================================================
NOTES:
# LAST OF SEVERAL OCCURRENCES

COLUMN 17 PEAK WIND IN M.P.H.

PRELIMINARY LOCAL CLIMATOLOGICAL DATA (WS FORM: F-6) , PAGE 2

                                          STATION:  EVANSVILLE IN
                                          MONTH:    JANUARY
                                          YEAR:     2019
                                          LATITUDE:   38  2 N
                                          LONGITUDE:  87 32 W

[TEMPERATURE DATA]      [PRECIPITATION DATA]       SYMBOLS USED IN COLUMN 16

AVERAGE MONTHLY: 36.1   TOTAL FOR MONTH:   3.14    1 = FOG OR MIST
DPTR FM NORMAL:   3.9   DPTR FM NORMAL:    1.08    2 = FOG REDUCING VISIBILITY
HIGHEST:    60 ON  8    GRTST 24HR  1.52 ON 19-19      TO 1/4 MILE OR LESS
LOWEST:     11 ON 21                               3 = THUNDER
                        SNOW, ICE PELLETS, HAIL    4 = ICE PELLETS
                        TOTAL MONTH:   5.5 INCHES  5 = HAIL
                        GRTST 24HR   2.7 ON 11-11  6 = FREEZING RAIN OR DRIZZLE
                        GRTST DEPTH:   3 ON 12     7 = DUSTSTORM OR SANDSTORM:
                                                       VSBY 1/2 MILE OR LESS
                                                   8 = SMOKE OR HAZE
[NO. OF DAYS WITH]      [WEATHER - DAYS WITH]      9 = BLOWING SNOW
                                                   X = TORNADO
MAX 32 OR BELOW:   3    0.01 INCH OR MORE:   7
MAX 90 OR ABOVE:   0    0.10 INCH OR MORE:   5
MIN 32 OR BELOW:  14    0.50 INCH OR MORE:   2
MIN  0 OR BELOW:   0    1.00 INCH OR MORE:   1

[HDD (BASE 65) ]
TOTAL THIS MO.   601    CLEAR  (SCALE 0-3)   5
DPTR FM NORMAL   -87    PTCLDY (SCALE 4-7)   7
TOTAL FM JUL 1  2407    CLOUDY (SCALE 8-10)  9
DPTR FM NORMAL   -53

[CDD (BASE 65) ]
TOTAL THIS MO.     0
DPTR FM NORMAL     0    [PRESSURE DATA]
TOTAL FM JAN 1     0    HIGHEST SLP M ON M
DPTR FM NORMAL     0    LOWEST  SLP 29.42 ON 19

[REMARKS]
