000
CXUS55 KBOU 180900
CF6FNL
PRELIMINARY LOCAL CLIMATOLOGICAL DATA (WS FORM: F-6)

                                          STATION:   FT COLLINS/LOVELAND CO
                                          MONTH:     FEBRUARY
                                          YEAR:      2020
                                          LATITUDE:   40 27 N
                                          LONGITUDE: 105  1 W

  TEMPERATURE IN F:       :PCPN:    SNOW:  WIND      :SUNSHINE: SKY     :PK WND
================================================================================
1   2   3   4   5  6A  6B    7    8   9   10  11  12  13   14  15   16   17  18
                                     12Z  AVG MX 2MIN
DY MAX MIN AVG DEP HDD CDD  WTR  SNW DPTH SPD SPD DIR MIN PSBL S-S WX    SPD DR
================================================================================

 1  69  23  46   M  19   0    M    M    M  6.3 22 310   M    M   0        28 310
 2  73  31  52   M  13   0    M    M    M 11.0 23 240   M    M   0        33 240
 3  32  14  23   M  42   0    M    M    M  9.5 16  90   M    M  10 1      21 100
 4  25   3  14   M  51   0    M    M    M  3.8  9 100   M    M   9 18      M  M
 5  33  -5  14   M  51   0    M    M    M  3.7  8 200   M    M   4 128     M  M
 6  35   9  22   M  43   0    M    M    M  6.5 23  20   M    M   5 1      29  20
 7  32  25  29   M  36   0    M    M    M  9.6 14 190   M    M   9 12      M  M
 8  41  18  30   M  35   0    M    M    M  7.4 30 340   M    M   3 1      47 350
 9  38  13  26   M  39   0    M    M    M 10.7 20  40   M    M   7 1       M  M
10  35  10  23   M  42   0    M    M    M  4.9 13  40   M    M   5 12      M  M
11  34  11  23   M  42   0    M    M    M  2.5  7 200   M    M   3 1       M  M
12  34  19  27   M  38   0    M    M    M 11.1 23  20   M    M   5 1      30 330
13  34  10  22   M  43   0    M    M    M  5.0  9 140   M    M   6 1       M  M
14  51   7  29   M  36   0    M    M    M  6.0 21 330   M    M   0 1      46 280
15  42  21  32   M  33   0    M    M    M  6.9 14 190   M    M   1         M  M
16  45  21  33   M  32   0    M    M    M  3.8  8 190   M    M   2         M  M
17  43  24  34   M  31   0    M    M    M 11.4 18 330   M    M   4 1      31 330
================================================================================
SM  696  254       626   0    M     M    120.1          M       73
================================================================================
AV 40.9 14.9                               7.1 FASTST   M    M   4    MAX(MPH)
                                 MISC ---->  # 30 340               # 47  350
================================================================================
NOTES:
# LAST OF SEVERAL OCCURRENCES

COLUMN 17 PEAK WIND IN M.P.H.

PRELIMINARY LOCAL CLIMATOLOGICAL DATA (WS FORM: F-6) , PAGE 2

                                          STATION:  FT COLLINS/LOVELAND CO
                                          MONTH:    FEBRUARY
                                          YEAR:     2020
                                          LATITUDE:   40 27 N
                                          LONGITUDE: 105  1 W

[TEMPERATURE DATA]      [PRECIPITATION DATA]       SYMBOLS USED IN COLUMN 16

AVERAGE MONTHLY: 27.9   TOTAL FOR MONTH:      M    1 = FOG OR MIST
DPTR FM NORMAL:     M   DPTR FM NORMAL:       M    2 = FOG REDUCING VISIBILITY
HIGHEST:    73 ON  2    GRTST 24HR  0.00 ON 31- 1      TO 1/4 MILE OR LESS
LOWEST:     -5 ON  5                               3 = THUNDER
                        SNOW, ICE PELLETS, HAIL    4 = ICE PELLETS
                        TOTAL MONTH:    M          5 = HAIL
                        GRTST 24HR    M  ON   M    6 = FREEZING RAIN OR DRIZZLE
                        GRTST DEPTH:  M  ON   M    7 = DUSTSTORM OR SANDSTORM:
                                                       VSBY 1/2 MILE OR LESS
                                                   8 = SMOKE OR HAZE
[NO. OF DAYS WITH]      [WEATHER - DAYS WITH]      9 = BLOWING SNOW
                                                   X = TORNADO
MAX 32 OR BELOW:   3    0.01 INCH OR MORE:   0
MAX 90 OR ABOVE:   0    0.10 INCH OR MORE:   0
MIN 32 OR BELOW:  17    0.50 INCH OR MORE:   0
MIN  0 OR BELOW:   1    1.00 INCH OR MORE:   0

[HDD (BASE 65) ]
TOTAL THIS MO.   626    CLEAR  (SCALE 0-3)   7
DPTR FM NORMAL     M    PTCLDY (SCALE 4-7)   7
TOTAL FM JUL 1  4177    CLOUDY (SCALE 8-10)  3
DPTR FM NORMAL     M

[CDD (BASE 65) ]
TOTAL THIS MO.     0
DPTR FM NORMAL     M    [PRESSURE DATA]
TOTAL FM JAN 1     0    HIGHEST SLP M ON M
DPTR FM NORMAL     M    LOWEST  SLP 29.36 ON  2

[REMARKS]
