000
CXUS55 KBOU 200735
CF6FNL
PRELIMINARY LOCAL CLIMATOLOGICAL DATA (WS FORM: F-6)

                                          STATION:   FT COLLINS/LOVELAND CO
                                          MONTH:     SEPTEMBER
                                          YEAR:      2018
                                          LATITUDE:   40 27 N
                                          LONGITUDE: 105  1 W

  TEMPERATURE IN F:       :PCPN:    SNOW:  WIND      :SUNSHINE: SKY     :PK WND
================================================================================
1   2   3   4   5  6A  6B    7    8   9   10  11  12  13   14  15   16   17  18
                                     12Z  AVG MX 2MIN
DY MAX MIN AVG DEP HDD CDD  WTR  SNW DPTH SPD SPD DIR MIN PSBL S-S WX    SPD DR
================================================================================

 1  86  54  70   M   0   5    M    M    M  5.1 15 110   M    M   1 8       M  M
 2  81  52  67   M   0   2    M    M    M  6.4 15  50   M    M   0         M  M
 3  84  56  70   M   0   5    M    M    M  5.0 14  40   M    M   1        21  40
 4  84  51  68   M   0   3    M    M    M  6.3 14  30   M    M   1 3      22  30
 5  69  55  62   M   3   0    M    M    M  6.2 13 120   M    M   7         M  M
 6  77  51  64   M   1   0    M    M    M  6.4 10 120   M    M   1 13     21 170
 7  79  56  68   M   0   3    M    M    M  6.3 13 110   M    M   4        16 110
 8  81  52  67   M   0   2    M    M    M  7.4 13 240   M    M   2 8      20 220
 9  90  52  71   M   0   6    M    M    M  6.0 12 200   M    M   0 8      16 200
10  91  53  72   M   0   7    M    M    M  5.9 12 130   M    M   0 8       M  M
11  94  54  74   M   0   9    M    M    M  6.8 14 110   M    M   0 8      37 200
12  95  52  74   M   0   9    M    M    M  5.9 14 170   M    M   0 8      23 130
13  96  51  74   M   0   9    M    M    M  7.7 15 180   M    M   0 8      24 180
14  93  50  72   M   0   7    M    M    M  7.6 17 140   M    M   0 8      22 130
15  94  54  74   M   0   9    M    M    M  6.2 15 150   M    M   0 8      18 170
16  95  56  76   M   0  11    M    M    M  7.7 15 130   M    M   0 8      23 130
17  93  60  77   M   0  12    M    M    M  7.1 16 360   M    M   0 8      20 360
18  91  55  73   M   0   8    M    M    M  6.2 13 120   M    M   0 8      20 120
19  86  55  71   M   0   6    M  0.0    0  6.4 13 120   M    M   2 38     36 120
================================================================================
SM 1659 1019         4 113    M      0.0 122.6          M       19
================================================================================
AV 87.3 53.6                               6.5 FASTST   M    M   1    MAX(MPH)
                                 MISC ---->  # 17 140               # 37  200
================================================================================
NOTES:
# LAST OF SEVERAL OCCURRENCES

COLUMN 17 PEAK WIND IN M.P.H.

PRELIMINARY LOCAL CLIMATOLOGICAL DATA (WS FORM: F-6) , PAGE 2

                                          STATION:  FT COLLINS/LOVELAND CO
                                          MONTH:    SEPTEMBER
                                          YEAR:     2018
                                          LATITUDE:   40 27 N
                                          LONGITUDE: 105  1 W

[TEMPERATURE DATA]      [PRECIPITATION DATA]       SYMBOLS USED IN COLUMN 16

AVERAGE MONTHLY: 70.5   TOTAL FOR MONTH:      M    1 = FOG OR MIST
DPTR FM NORMAL:     M   DPTR FM NORMAL:       M    2 = FOG REDUCING VISIBILITY
HIGHEST:    96 ON 13    GRTST 24HR    M  ON   M        TO 1/4 MILE OR LESS
LOWEST:     50 ON 14                               3 = THUNDER
                        SNOW, ICE PELLETS, HAIL    4 = ICE PELLETS
                        TOTAL MONTH:   0.0 INCH    5 = HAIL
                        GRTST 24HR     0.0         6 = FREEZING RAIN OR DRIZZLE
                        GRTST DEPTH:   0           7 = DUSTSTORM OR SANDSTORM:
                                                       VSBY 1/2 MILE OR LESS
                                                   8 = SMOKE OR HAZE
[NO. OF DAYS WITH]      [WEATHER - DAYS WITH]      9 = BLOWING SNOW
                                                   X = TORNADO
MAX 32 OR BELOW:   0    0.01 INCH OR MORE:   0
MAX 90 OR ABOVE:  10    0.10 INCH OR MORE:   0
MIN 32 OR BELOW:   0    0.50 INCH OR MORE:   0
MIN  0 OR BELOW:   0    1.00 INCH OR MORE:   0

[HDD (BASE 65) ]
TOTAL THIS MO.     4    CLEAR  (SCALE 0-3)  17
DPTR FM NORMAL     M    PTCLDY (SCALE 4-7)   2
TOTAL FM JUL 1    13    CLOUDY (SCALE 8-10)  0
DPTR FM NORMAL     M

[CDD (BASE 65) ]
TOTAL THIS MO.   113
DPTR FM NORMAL     M    [PRESSURE DATA]
TOTAL FM JAN 1   863    HIGHEST SLP M ON M
DPTR FM NORMAL     M    LOWEST  SLP 29.55 ON 12

[REMARKS]
