000
CXUS54 KTSA 200850
CF6FYV
PRELIMINARY LOCAL CLIMATOLOGICAL DATA (WS FORM: F-6)

                                          STATION:   FAYETTEVILLE ARKANSAS
                                          MONTH:     OCTOBER
                                          YEAR:      2020
                                          LATITUDE:   36  0 N
                                          LONGITUDE:  94 10 W

  TEMPERATURE IN F:       :PCPN:    SNOW:  WIND      :SUNSHINE: SKY     :PK WND
================================================================================
1   2   3   4   5  6A  6B    7    8   9   10  11  12  13   14  15   16   17  18
                                     12Z  AVG MX 2MIN
DY MAX MIN AVG DEP HDD CDD  WTR  SNW DPTH SPD SPD DIR MIN PSBL S-S WX    SPD DR
================================================================================

 1  72  40  56  -6   9   0 0.00  0.0    M  6.6 21 340   M    M   0 1      28 290
 2  70  36  53  -9  12   0 0.00  0.0    M  2.3  9 180   M    M   2        13 350
 3  71  42  57  -5   8   0 0.00  0.0    M  5.7 22 180   M    M   2        31 180
 4  68  38  53  -8  12   0 0.00  0.0    M  3.1 14 350   M    M   1 1      22 330
 5  72  35  54  -7  11   0 0.00  0.0    M  3.0 13 190   M    M   0        16 210
 6  80  43  62   1   3   0 0.00  0.0    M  3.6 10 200   M    M   0        18 210
 7  85  49  67   7   0   2 0.00  0.0    M  3.0 13 190   M    M   1 12     16 250
 8  83  53  68   8   0   3 0.00  0.0    M  2.4 10 180   M    M   0 1      16 150
 9  80  53  67   7   0   2 0.00  0.0    M  4.4 17 180   M    M   4        23 190
10  84  55  70  11   0   5 0.00  0.0    M  1.7 12  70   M    M   4 128    19  40
11  87  52  70  11   0   5 0.00  0.0    M  5.5 18 170   M    M   0 12     26 160
12  76  41  59   0   6   0 0.00  0.0    M  9.8 25 330   M    M   1        36 330
13  79  36  58   0   7   0 0.00  0.0    M  3.6 16 200   M    M   0        20 180
14  81  39  60   2   5   0 0.00  0.0    M  8.1 24 190   M    M   0        33 210
15  68  50  59   1   6   0    T  0.0    M  5.8 20 340   M    M   8        30  10
16  67  31  49  -9  16   0 0.00  0.0    M  3.3 13 290   M    M   0 8      27 360
17  71  35  53  -4  12   0 0.00  0.0    M 10.7 29 170   M    M   3        41 170
18  77  51  64   7   1   0 0.04  0.0    M  6.3 17 170   M    M   9 1      29 210
19  56  47  52  -5  13   0 0.10    M    M  3.7  9 230   M    M  10 1      14  50
================================================================================
SM 1427  826       121  17  0.14  0.0     92.6          M       45
================================================================================
AV 75.1 43.5                               4.9 FASTST   M    M   2    MAX(MPH)
                                 MISC ---->    29 170                 41 170
================================================================================
NOTES:
# LAST OF SEVERAL OCCURRENCES

COLUMN 17 PEAK WIND IN M.P.H.

PRELIMINARY LOCAL CLIMATOLOGICAL DATA (WS FORM: F-6) , PAGE 2

                                          STATION:   FAYETTEVILLE ARKANSAS
                                          MONTH:     OCTOBER
                                          YEAR:      2020
                                          LATITUDE:   36  0 N
                                          LONGITUDE:  94 10 W

[TEMPERATURE DATA]      [PRECIPITATION DATA]       SYMBOLS USED IN COLUMN 16

AVERAGE MONTHLY: 59.3   TOTAL FOR MONTH:   0.14    1 = FOG OR MIST
DPTR FM NORMAL:  -0.1   DPTR FM NORMAL:   -2.54    2 = FOG REDUCING VISIBILITY
HIGHEST:    87 ON 11    GRTST 24HR  0.14 ON 18-19      TO 1/4 MILE OR LESS
LOWEST:     31 ON 16                               3 = THUNDER
                        SNOW, ICE PELLETS, HAIL    4 = ICE PELLETS
                        TOTAL MONTH:   0.0 INCH    5 = HAIL
                        GRTST 24HR  0.0            6 = FREEZING RAIN OR DRIZZLE
                        GRTST DEPTH:  0            7 = DUSTSTORM OR SANDSTORM:
                                                       VSBY 1/2 MILE OR LESS
                                                   8 = SMOKE OR HAZE
[NO. OF DAYS WITH]      [WEATHER - DAYS WITH]      9 = BLOWING SNOW
                                                   X = TORNADO
MAX 32 OR BELOW:   0    0.01 INCH OR MORE:   2
MAX 90 OR ABOVE:   0    0.10 INCH OR MORE:   1
MIN 32 OR BELOW:   1    0.50 INCH OR MORE:   0
MIN  0 OR BELOW:   0    1.00 INCH OR MORE:   0

[HDD (BASE 65) ]
TOTAL THIS MO.   121    CLEAR  (SCALE 0-3)  13
DPTR FM NORMAL    -4    PTCLDY (SCALE 4-7)   3
TOTAL FM JUL 1   147    CLOUDY (SCALE 8-10)  3
DPTR FM NORMAL   -30

[CDD (BASE 65) ]
TOTAL THIS MO.    17
DPTR FM NORMAL    -1    [PRESSURE DATA]
TOTAL FM JAN 1  1434    HIGHEST SLP M ON M
DPTR FM NORMAL   133    LOWEST  SLP 29.66 ON 12

[REMARKS]
