000
CXUS54 KTSA 211202
CF6FYV
PRELIMINARY LOCAL CLIMATOLOGICAL DATA (WS FORM: F-6)

                                          STATION:   FAYETTEVILLE ARKANSAS
                                          MONTH:     FEBRUARY
                                          YEAR:      2020
                                          LATITUDE:   36  0 N
                                          LONGITUDE:  94 10 W

  TEMPERATURE IN F:       :PCPN:    SNOW:  WIND      :SUNSHINE: SKY     :PK WND
================================================================================
1   2   3   4   5  6A  6B    7    8   9   10  11  12  13   14  15   16   17  18
                                     12Z  AVG MX 2MIN
DY MAX MIN AVG DEP HDD CDD  WTR  SNW DPTH SPD SPD DIR MIN PSBL S-S WX    SPD DR
================================================================================

 1  56  27  42   5  23   0 0.00  0.0    0  6.0 15 280   M    M   1        20 300
 2  77  42  60  23   5   0 0.00  0.0    0  8.7 16 200   M    M   0        29 210
 3  69  56  63  26   2   0 0.03  0.0    0 15.3 29 200   M    M   2 1      39 190
 4  62  36  49  12  16   0 1.50  0.0    0  6.2 20 310   M    M  10 1      24 310
 5  39  30  35  -2  30   0 0.44  0.1    0  7.9 16 320   M    M  10 1      20 330
 6  31  23  27 -11  38   0 0.00  0.0    0  7.3 14 340   M    M   9        19 330
 7  50  23  37  -1  28   0 0.00  0.0    0  4.8 14 290   M    M   5        18 320
 8  55  25  40   2  25   0 0.00  0.0    0  5.2 21 170   M    M   2        32 160
 9  60  48  54  16  11   0 0.31  0.0    0 12.8 26 170   M    M   8 18     38 180
10  48  37  43   5  22   0 0.22    T    0  6.6 12  50   M    M   8 1      20  50
11  43  36  40   1  25   0    T    T    0  4.8 10  50   M    M   9 1      17  10
12  44  36  40   1  25   0 0.72    T    0  5.9 17 320   M    M  10 14     22 300
13  36  21  29 -10  36   0    T    T    0  9.5 18 320   M    M   6 1      25 300
14  46  18  32  -7  33   0 0.00  0.0    0  6.2 20 170   M    M   3        27 170
15  55  32  44   4  21   0 0.00  0.0    0  8.0 25 180   M    M   3        35 180
16  64  35  50  10  15   0    T  0.0    0  3.8 17 180   M    M   9        21 170
17  67  51  59  19   6   0 0.03  0.0    0  6.5 17 170   M    M   9 12     25 170
18  56  36  46   6  19   0    T  0.0    0  7.0 17 340   M    M   7 12     27  10
19  56  31  44   3  21   0 0.00  0.0    0  6.8 14  70   M    M   2        21  80
20  45  26  36  -5  29   0    T    T    0  8.9 20 340   M    M   6        29  60
================================================================================
SM 1059  669       430   0  3.25     0.1 148.2          M      119
================================================================================
AV 53.0 33.5                               7.4 FASTST   M    M   6    MAX(MPH)
                                 MISC ---->  # 29 200               # 39  190
================================================================================
NOTES:
# LAST OF SEVERAL OCCURRENCES

COLUMN 17 PEAK WIND IN M.P.H.

PRELIMINARY LOCAL CLIMATOLOGICAL DATA (WS FORM: F-6) , PAGE 2

                                          STATION:  FAYETTEVILLE ARKANSAS
                                          MONTH:    FEBRUARY
                                          YEAR:     2020
                                          LATITUDE:   36  0 N
                                          LONGITUDE:  94 10 W

[TEMPERATURE DATA]      [PRECIPITATION DATA]       SYMBOLS USED IN COLUMN 16

AVERAGE MONTHLY: 43.2   TOTAL FOR MONTH:   3.25    1 = FOG OR MIST
DPTR FM NORMAL:   4.5   DPTR FM NORMAL:    1.33    2 = FOG REDUCING VISIBILITY
HIGHEST:    77 ON  2    GRTST 24HR  1.50 ON  4- 4      TO 1/4 MILE OR LESS
LOWEST:     18 ON 14                               3 = THUNDER
                        SNOW, ICE PELLETS, HAIL    4 = ICE PELLETS
                        TOTAL MONTH:   0.1 INCH    5 = HAIL
                        GRTST 24HR   0.1 ON  5- 5  6 = FREEZING RAIN OR DRIZZLE
                        GRTST DEPTH:   0           7 = DUSTSTORM OR SANDSTORM:
                                                       VSBY 1/2 MILE OR LESS
                                                   8 = SMOKE OR HAZE
[NO. OF DAYS WITH]      [WEATHER - DAYS WITH]      9 = BLOWING SNOW
                                                   X = TORNADO
MAX 32 OR BELOW:   1    0.01 INCH OR MORE:   7
MAX 90 OR ABOVE:   0    0.10 INCH OR MORE:   5
MIN 32 OR BELOW:  10    0.50 INCH OR MORE:   2
MIN  0 OR BELOW:   0    1.00 INCH OR MORE:   1

[HDD (BASE 65) ]
TOTAL THIS MO.   430    CLEAR  (SCALE 0-3)   7
DPTR FM NORMAL   -97    PTCLDY (SCALE 4-7)   5
TOTAL FM JUL 1  2733    CLOUDY (SCALE 8-10)  8
DPTR FM NORMAL  -388

[CDD (BASE 65) ]
TOTAL THIS MO.     0
DPTR FM NORMAL     0    [PRESSURE DATA]
TOTAL FM JAN 1     0    HIGHEST SLP M ON M
DPTR FM NORMAL     0    LOWEST  SLP 29.64 ON  3

[REMARKS]
