000
CXUS54 KHGX 220757
CF6LVJ
PRELIMINARY LOCAL CLIMATOLOGICAL DATA (WS FORM: F-6)

                                          STATION:   HOUSTON/CLOVER_FIELD
                                          MONTH:     JUNE
                                          YEAR:      2021
                                          LATITUDE:   29 31 N
                                          LONGITUDE:  95 14 W

  TEMPERATURE IN F:       :PCPN:    SNOW:  WIND      :SUNSHINE: SKY     :PK WND
================================================================================
1   2   3   4   5  6A  6B    7    8   9   10  11  12  13   14  15   16   17  18
                                     12Z  AVG MX 2MIN
DY MAX MIN AVG DEP HDD CDD  WTR  SNW DPTH SPD SPD DIR MIN PSBL S-S WX    SPD DR
================================================================================

 1  84  73  79  -3   0  14    T  0.0    0  5.2 14 180   M    M   3        22 150
 2  91  71  81  -1   0  16    T  0.0    0  3.0 16 140   M    M   2 3      20 140
 3  87  71  79  -3   0  14 2.56  0.0    0  5.8 20 120   M    M   5 138    30 330
 4  80  72  76  -6   0  11 0.28  0.0    0  6.3 18 100   M    M   7 1      24 100
 5  88  71  80  -2   0  15 0.04  0.0    0  4.1 18 100   M    M   2 13     25 110
 6  90  73  82   0   0  17    T  0.0    0  6.1 16 160   M    M   2        23 170
 7  89  80  85   2   0  20 0.00  0.0    0 10.8 21 170   M    M   7 18     32 150
 8  90  79  85   2   0  20 0.02  0.0    0 10.2 20 170   M    M   6        32 150
 9  90  79  85   2   0  20    T  0.0    0  8.5 16 150   M    M   6 1      23 180
10  91  76  84   1   0  19 0.00  0.0    0  7.7 16 170   M    M   2        23 170
11  93  76  85   2   0  20 0.00  0.0    0  6.7 15 170   M    M   2        23 150
12  94  77  86   3   0  21 0.00  0.0    0  4.2 13 170   M    M   1        18 170
13  98  79  89   6   0  24    T  0.0    0  3.6 15 140   M    M   3 3      22 110
14  98  78  88   4   0  23 0.00  0.0    0  3.5 15  40   M    M   1        22  20
15  96  72  84   0   0  19 0.38  0.0    0  4.8 26  70   M    M   2 13     36  70
16  95  73  84   0   0  19 0.00  0.0    0  4.5 15  50   M    M   0        23  80
17  93  75  84   0   0  19 0.00  0.0    0  6.1 14 100   M    M   1        21  70
18  93  73  83  -1   0  18 0.00  0.0    0  5.1 15  90   M    M   0        24  40
19  96  76  86   2   0  21 0.00  0.0    0  4.6 15 170   M    M   1        21 170
20  90  78  84   0   0  19 0.03  0.0    0  6.4 20 200   M    M   2 13     31 190
21  91  81  86   2   0  21 0.10  0.0    0  8.8 20 160   M    M   5 13     30 180
================================================================================
SM 1917 1583         0 390  3.41  0.0    126.0          M       60
================================================================================
AV 91.3 75.4                               6.0 FASTST   M    M   3    MAX(MPH)
                                 MISC ---->    26  70                 36  70
================================================================================
NOTES:
# LAST OF SEVERAL OCCURRENCES

COLUMN 17 PEAK WIND IN M.P.H.

PRELIMINARY LOCAL CLIMATOLOGICAL DATA (WS FORM: F-6) , PAGE 2

                                          STATION:   HOUSTON/CLOVER_FIELD
                                          MONTH:     JUNE
                                          YEAR:      2021
                                          LATITUDE:   29 31 N
                                          LONGITUDE:  95 14 W

[TEMPERATURE DATA]      [PRECIPITATION DATA]       SYMBOLS USED IN COLUMN 16

AVERAGE MONTHLY: 83.3   TOTAL FOR MONTH:   3.41    1 = FOG OR MIST
DPTR FM NORMAL:   0.2   DPTR FM NORMAL:   -0.19    2 = FOG REDUCING VISIBILITY
HIGHEST:    98 ON 14,13  GRTST 24HR  2.58 ON  3- 4      TO 1/4 MILE OR LESS
LOWEST:     71 ON  5, 3                             3 = THUNDER
                        SNOW, ICE PELLETS, HAIL    4 = ICE PELLETS
                        TOTAL MONTH:   0.0 INCH    5 = HAIL
                        GRTST 24HR  0.0            6 = FREEZING RAIN OR DRIZZLE
                        GRTST DEPTH:  0            7 = DUSTSTORM OR SANDSTORM:
                                                       VSBY 1/2 MILE OR LESS
                                                   8 = SMOKE OR HAZE
[NO. OF DAYS WITH]      [WEATHER - DAYS WITH]      9 = BLOWING SNOW
                                                   X = TORNADO
MAX 32 OR BELOW:   0    0.01 INCH OR MORE:   7
MAX 90 OR ABOVE:  16    0.10 INCH OR MORE:   4
MIN 32 OR BELOW:   0    0.50 INCH OR MORE:   1
MIN  0 OR BELOW:   0    1.00 INCH OR MORE:   1

[HDD (BASE 65) ]
TOTAL THIS MO.     0    CLEAR  (SCALE 0-3)  15
DPTR FM NORMAL     0    PTCLDY (SCALE 4-7)   6
TOTAL FM JUL 1  1138    CLOUDY (SCALE 8-10)  0
DPTR FM NORMAL    66

[CDD (BASE 65) ]
TOTAL THIS MO.   390
DPTR FM NORMAL    10    [PRESSURE DATA]
TOTAL FM JAN 1  1086    HIGHEST SLP M ON M
DPTR FM NORMAL   -33    LOWEST  SLP 29.78 ON  6

[REMARKS]
