000
CXUS54 KHGX 261415
CF6LVJ
PRELIMINARY LOCAL CLIMATOLOGICAL DATA (WS FORM: F-6)

                                          STATION:   HOUSTON/CLOVER_FIELD
                                          MONTH:     APRIL
                                          YEAR:      2018
                                          LATITUDE:   29 31 N
                                          LONGITUDE:  95 14 W

  TEMPERATURE IN F:       :PCPN:    SNOW:  WIND      :SUNSHINE: SKY     :PK WND
================================================================================
1   2   3   4   5  6A  6B    7    8   9   10  11  12  13   14  15   16   17  18
                                     12Z  AVG MX 2MIN
DY MAX MIN AVG DEP HDD CDD  WTR  SNW DPTH SPD SPD DIR MIN PSBL S-S WX    SPD DR
================================================================================

 1  79  60  70   4   0   5 0.00  0.0    0  7.0 17 180   M    M   5        22 160
 2  81  69  75   9   0  10 0.00  0.0    0  8.6 18 160   M    M   8        26 170
 3  83  65  74   8   0   9 0.53  0.0    0 10.6 25 340   M    M   7 13     33 330
 4  74  56  65  -1   0   0    T  0.0    0 12.1 26  30   M    M   1 3      33  30
 5  75  56  66  -1   0   1    T  0.0    0  8.6 17 120   M    M   6 1      23 100
 6  78  70  74   7   0   9 0.01  0.0    0 10.4 20 190   M    M   9 1      24 180
 7  73  47  60  -7   5   0 0.01  0.0    0 10.4 23 340   M    M  10 1      31 340
 8  59  47  53 -14  12   0 0.00  0.0    0  6.5 16  10   M    M  10 1      23  30
 9  63  56  60  -8   5   0 0.02  0.0    0  7.3 14  70   M    M  10 1      18  60
10  78  54  66  -2   0   1 0.00  0.0    0  7.8 21  20   M    M   1        26  20
11  78  48  63  -5   2   0 0.00  0.0    0  5.7 16 130   M    M   0        20 140
12  80  58  69   1   0   4 0.00  0.0    0 10.4 22 170   M    M   3        32 140
13  82  71  77   9   0  12    T  0.0    0 15.2 25 180   M    M  10 1      37 190
14  76  47  62  -7   3   0 0.54  0.0    0  9.0 24 340   M    M   6 13     34 340
15  70  46  58 -11   7   0 0.00  0.0    0  7.5 18 320   M    M   0        26 310
16  76  45  61  -8   4   0 0.00  0.0    0  5.3 18 150   M    M   0        23 160
17  80  58  69   0   0   4 0.00  0.0    0 10.4 22 180   M    M   0        30 170
18  83  69  76   6   0  11    T  0.0    0  5.3 13 230   M    M   8        19 200
19  78  58  68  -2   0   3 0.00  0.0    0  9.1 21  40   M    M   4        28  20
20  66  55  61  -9   4   0 0.00  0.0    0  9.2 17  80   M    M   0 8      23  70
21  76  64  70   0   0   5 0.76  0.0    0 11.2 20 120   M    M   9 13     29 120
22  74  56  65  -5   0   0    T  0.0    0  8.3 17 340   M    M   5 1      23 330
23  80  52  66  -5   0   1 0.00  0.0    0  5.4 17 320   M    M   0        23 290
24  87  56  72   1   0   7 0.00  0.0    0  3.1 10 150   M    M   0        15 340
25  85  61  73   2   0   8    T  0.0    0  4.9 21 350   M    M   3 13     26 350
================================================================================
SM 1914 1424        42  90  1.87     0.0 209.3          M      115
================================================================================
AV 76.6 57.0                               8.4 FASTST   M    M   5    MAX(MPH)
                                 MISC ---->  # 26  30               # 37  190
================================================================================
NOTES:
# LAST OF SEVERAL OCCURRENCES

COLUMN 17 PEAK WIND IN M.P.H.

PRELIMINARY LOCAL CLIMATOLOGICAL DATA (WS FORM: F-6) , PAGE 2

                                          STATION:  HOUSTON/CLOVER_FIELD
                                          MONTH:    APRIL
                                          YEAR:     2018
                                          LATITUDE:   29 31 N
                                          LONGITUDE:  95 14 W

[TEMPERATURE DATA]      [PRECIPITATION DATA]       SYMBOLS USED IN COLUMN 16

AVERAGE MONTHLY: 66.8   TOTAL FOR MONTH:   1.87    1 = FOG OR MIST
DPTR FM NORMAL:  -1.7   DPTR FM NORMAL:   -1.01    2 = FOG REDUCING VISIBILITY
HIGHEST:    87 ON 24    GRTST 24HR  0.76 ON 21-21      TO 1/4 MILE OR LESS
LOWEST:     45 ON 16                               3 = THUNDER
                        SNOW, ICE PELLETS, HAIL    4 = ICE PELLETS
                        TOTAL MONTH:   0.0 INCH    5 = HAIL
                        GRTST 24HR     0.0         6 = FREEZING RAIN OR DRIZZLE
                        GRTST DEPTH:   0           7 = DUSTSTORM OR SANDSTORM:
                                                       VSBY 1/2 MILE OR LESS
                                                   8 = SMOKE OR HAZE
[NO. OF DAYS WITH]      [WEATHER - DAYS WITH]      9 = BLOWING SNOW
                                                   X = TORNADO
MAX 32 OR BELOW:   0    0.01 INCH OR MORE:   6
MAX 90 OR ABOVE:   0    0.10 INCH OR MORE:   3
MIN 32 OR BELOW:   0    0.50 INCH OR MORE:   3
MIN  0 OR BELOW:   0    1.00 INCH OR MORE:   0

[HDD (BASE 65) ]
TOTAL THIS MO.    42    CLEAR  (SCALE 0-3)  10
DPTR FM NORMAL    10    PTCLDY (SCALE 4-7)   9
TOTAL FM JUL 1  1135    CLOUDY (SCALE 8-10)  6
DPTR FM NORMAL  -153

[CDD (BASE 65) ]
TOTAL THIS MO.    90
DPTR FM NORMAL   -31    [PRESSURE DATA]
TOTAL FM JAN 1   317    HIGHEST SLP M ON M
DPTR FM NORMAL   106    LOWEST  SLP 29.59 ON 13

[REMARKS]
