824
CXUS56 KMTR 231000
CF6LVK
PRELIMINARY LOCAL CLIMATOLOGICAL DATA (WS FORM: F-6)

                                          STATION:   LIVERMORE AIRPORT
                                          MONTH:     OCTOBER
                                          YEAR:      2019
                                          LATITUDE:   37 42 N
                                          LONGITUDE: 121 49 W

  TEMPERATURE IN F:       :PCPN:    SNOW:  WIND      :SUNSHINE: SKY     :PK WND
================================================================================
1   2   3   4   5  6A  6B    7    8   9   10  11  12  13   14  15   16   17  18
                                     12Z  AVG MX 2MIN
DY MAX MIN AVG DEP HDD CDD  WTR  SNW DPTH SPD SPD DIR MIN PSBL S-S WX    SPD DR
================================================================================

 1  73  41  57 -10   8   0 0.00  0.0    0  4.6 16 270   M    M   0 8      20 250
 2  78  43  61  -6   4   0 0.00  0.0    0  3.6 15 280   M    M   0 8      18 290
 3  75  43  59  -7   6   0 0.00  0.0    0  6.3 17 270   M    M   0        24 260
 4  77  43  60  -6   5   0 0.00  0.0    0  3.7 14 280   M    M   0        16 320
 5  82  44  63  -3   2   0 0.00  0.0    0  4.0 15 100   M    M   0        19  60
 6  85  49  67   1   0   2 0.00  0.0    0  3.8 15  40   M    M   0        21  80
 7  91  52  72   7   0   7 0.00  0.0    0  2.8 13  80   M    M   0        17  70
 8  90  49  70   5   0   5 0.00  0.0    0  4.6 16 270   M    M   0        19 290
 9  78  47  63  -2   2   0 0.00  0.0    0  6.4 17  70   M    M   0        23  80
10  76  47  62  -3   3   0 0.00  0.0    0  7.0 22  70   M    M   0        26  60
11  79  44  62  -2   3   0 0.00  0.0    0  3.0 15  70   M    M   0        17  80
12  81  42  62  -2   3   0 0.00  0.0    0  3.5 14  80   M    M   0        19  80
13  79  46  63  -1   2   0 0.00  0.0    0  4.2 14 270   M    M   0        17 270
14  80  42  61  -3   4   0 0.00  0.0    0  3.0 12 300   M    M   0        14 310
15  81  44  63   0   2   0 0.00  0.0    0  2.6 10 100   M    M   0        13 100
16  74  46  60  -3   5   0 0.00  0.0    0  5.0 17 270   M    M   1 8      21 290
17  72  48  60  -3   5   0 0.00  0.0    0  9.2 20 260   M    M   2        25 320
18  71  43  57  -5   8   0 0.00  0.0    0  6.4 22 280   M    M   0        26 280
19  71  46  59  -3   6   0 0.00  0.0    0  5.0 15 260   M    M   4        21 250
20  76  50  63   1   2   0 0.00  0.0    0  3.5 14 280   M    M   4 12     17 290
21  85  47  66   4   0   1 0.00  0.0    0  4.5 16  60   M    M   0        23  80
22  87  53  70   9   0   5 0.00  0.0    0  3.0 14  90   M    M   0        19  90
================================================================================
SM 1741 1009        70  20  0.00     0.0  99.7          M       11
================================================================================
AV 79.1 45.9                               4.5 FASTST   M    M   1    MAX(MPH)
                                 MISC ---->  # 22  70               # 26   60
================================================================================
NOTES:
# LAST OF SEVERAL OCCURRENCES

COLUMN 17 PEAK WIND IN M.P.H.

PRELIMINARY LOCAL CLIMATOLOGICAL DATA (WS FORM: F-6) , PAGE 2

                                          STATION:  LIVERMORE AIRPORT
                                          MONTH:    OCTOBER
                                          YEAR:     2019
                                          LATITUDE:   37 42 N
                                          LONGITUDE: 121 49 W

[TEMPERATURE DATA]      [PRECIPITATION DATA]       SYMBOLS USED IN COLUMN 16

AVERAGE MONTHLY: 62.5   TOTAL FOR MONTH:   0.00    1 = FOG OR MIST
DPTR FM NORMAL:  -1.7   DPTR FM NORMAL:   -0.54    2 = FOG REDUCING VISIBILITY
HIGHEST:    91 ON  7    GRTST 24HR    T  ON 30- 1      TO 1/4 MILE OR LESS
LOWEST:     41 ON  1                               3 = THUNDER
                        SNOW, ICE PELLETS, HAIL    4 = ICE PELLETS
                        TOTAL MONTH:   0.0 INCH    5 = HAIL
                        GRTST 24HR     0.0         6 = FREEZING RAIN OR DRIZZLE
                        GRTST DEPTH:   0           7 = DUSTSTORM OR SANDSTORM:
                                                       VSBY 1/2 MILE OR LESS
                                                   8 = SMOKE OR HAZE
[NO. OF DAYS WITH]      [WEATHER - DAYS WITH]      9 = BLOWING SNOW
                                                   X = TORNADO
MAX 32 OR BELOW:   0    0.01 INCH OR MORE:   0
MAX 90 OR ABOVE:   2    0.10 INCH OR MORE:   0
MIN 32 OR BELOW:   0    0.50 INCH OR MORE:   0
MIN  0 OR BELOW:   0    1.00 INCH OR MORE:   0

[HDD (BASE 65) ]
TOTAL THIS MO.    70    CLEAR  (SCALE 0-3)  20
DPTR FM NORMAL    15    PTCLDY (SCALE 4-7)   2
TOTAL FM JUL 1    93    CLOUDY (SCALE 8-10)  0
DPTR FM NORMAL    14

[CDD (BASE 65) ]
TOTAL THIS MO.    20
DPTR FM NORMAL   -18    [PRESSURE DATA]
TOTAL FM JAN 1   950    HIGHEST SLP M ON M
DPTR FM NORMAL   123    LOWEST  SLP 29.82 ON  8

[REMARKS]
