000
CXUS54 KMEG 190641
CF6MEM
PRELIMINARY LOCAL CLIMATOLOGICAL DATA (WS FORM: F-6)

                                          STATION:   MEMPHIS
                                          MONTH:     APRIL
                                          YEAR:      2019
                                          LATITUDE:   35  3 N
                                          LONGITUDE:  89 59 W

  TEMPERATURE IN F:       :PCPN:    SNOW:  WIND      :SUNSHINE: SKY     :PK WND
================================================================================
1   2   3   4   5  6A  6B    7    8   9   10  11  12  13   14  15   16   17  18
                                     12Z  AVG MX 2MIN
DY MAX MIN AVG DEP HDD CDD  WTR  SNW DPTH SPD SPD DIR MIN PSBL S-S WX    SPD DR
================================================================================

 1  57  35  46 -13  19   0 0.00  0.0    0  8.0 15  80   M    M   6        20  80
 2  65  38  52  -7  13   0 0.00  0.0    0  5.3 13 270   M    M   2        19 260
 3  74  43  59   0   6   0 0.00  0.0    0  6.9 17 180   M    M   5        27 180
 4  61  53  57  -3   8   0 1.38  0.0    0  8.1 26 140   M    M   9 1      36 150
 5  72  54  63   3   2   0    T  0.0    0  3.5 10  80   M    M   7 128    15  80
 6  80  52  66   6   0   1 0.93  0.0    0  6.9 32 310   M    M   6 13     37 290
 7  70  62  66   6   0   1 1.42  0.0    0  7.7 23 190   M    M   9 13     30 190
 8  70  61  66   5   0   1 0.09  0.0    0  5.2 13  90   M    M   9 1      14 340
 9  82  56  69   8   0   4 0.00  0.0    0  5.6 17  20   M    M   2 1      23  30
10  84  56  70   9   0   5 0.00  0.0    0  9.2 20 190   M    M   5        26 180
11  82  57  70   8   0   5 0.08  0.0    0 15.4 33 170   M    M   8 1      44 180
12  68  51  60  -2   5   0 0.14  0.0    0  5.2 14  80   M    M   8 1      20 240
13  62  57  60  -2   5   0 2.43  0.0    0 10.1 24  70   M    M  10 13     34  70
14  63  42  53  -9  12   0 0.03    M    0 11.3 23 300   M    M   7 1      32 210
15  71  41  56  -7   9   0 0.00  0.0    0  5.0 14 210   M    M   1        19 250
16  76  51  64   1   1   0 0.00  0.0    0 10.8 23 190   M    M   5 8      40 170
17  74  61  68   5   0   3    T  0.0    0  9.5 20 190   M    M   8        26 230
18  68  49  59  -5   6   0 0.84  0.0    0 10.7 26 110   M    M   9 13     40 340
================================================================================
SM 1279  919        86  20  7.34     0.0 144.4          M      116
================================================================================
AV 71.1 51.1                               8.0 FASTST   M    M   6    MAX(MPH)
                                 MISC ---->  # 33 170               # 44  180
================================================================================
NOTES:
# LAST OF SEVERAL OCCURRENCES

COLUMN 17 PEAK WIND IN M.P.H.

PRELIMINARY LOCAL CLIMATOLOGICAL DATA (WS FORM: F-6) , PAGE 2

                                          STATION:  MEMPHIS
                                          MONTH:    APRIL
                                          YEAR:     2019
                                          LATITUDE:   35  3 N
                                          LONGITUDE:  89 59 W

[TEMPERATURE DATA]      [PRECIPITATION DATA]       SYMBOLS USED IN COLUMN 16

AVERAGE MONTHLY: 61.1   TOTAL FOR MONTH:   7.34    1 = FOG OR MIST
DPTR FM NORMAL:  -0.1   DPTR FM NORMAL:    4.08    2 = FOG REDUCING VISIBILITY
HIGHEST:    84 ON 10    GRTST 24HR  2.43 ON 13-13      TO 1/4 MILE OR LESS
LOWEST:     35 ON  1                               3 = THUNDER
                        SNOW, ICE PELLETS, HAIL    4 = ICE PELLETS
                        TOTAL MONTH:   0.0 INCH    5 = HAIL
                        GRTST 24HR     0.0         6 = FREEZING RAIN OR DRIZZLE
                        GRTST DEPTH:   0           7 = DUSTSTORM OR SANDSTORM:
                                                       VSBY 1/2 MILE OR LESS
                                                   8 = SMOKE OR HAZE
[NO. OF DAYS WITH]      [WEATHER - DAYS WITH]      9 = BLOWING SNOW
                                                   X = TORNADO
MAX 32 OR BELOW:   0    0.01 INCH OR MORE:   9
MAX 90 OR ABOVE:   0    0.10 INCH OR MORE:   6
MIN 32 OR BELOW:   0    0.50 INCH OR MORE:   5
MIN  0 OR BELOW:   0    1.00 INCH OR MORE:   3

[HDD (BASE 65) ]
TOTAL THIS MO.    86    CLEAR  (SCALE 0-3)   3
DPTR FM NORMAL   -18    PTCLDY (SCALE 4-7)   8
TOTAL FM JUL 1  2928    CLOUDY (SCALE 8-10)  7
DPTR FM NORMAL    16

[CDD (BASE 65) ]
TOTAL THIS MO.    20
DPTR FM NORMAL   -16    [PRESSURE DATA]
TOTAL FM JAN 1    23    HIGHEST SLP M ON M
DPTR FM NORMAL   -33    LOWEST  SLP 29.42 ON 14

[REMARKS]
