000
CXUS54 KMEG 190634
CF6MEM
PRELIMINARY LOCAL CLIMATOLOGICAL DATA (WS FORM: F-6)

                                          STATION:   MEMPHIS
                                          MONTH:     JUNE
                                          YEAR:      2018
                                          LATITUDE:   35  3 N
                                          LONGITUDE:  89 59 W

  TEMPERATURE IN F:       :PCPN:    SNOW:  WIND      :SUNSHINE: SKY     :PK WND
================================================================================
1   2   3   4   5  6A  6B    7    8   9   10  11  12  13   14  15   16   17  18
                                     12Z  AVG MX 2MIN
DY MAX MIN AVG DEP HDD CDD  WTR  SNW DPTH SPD SPD DIR MIN PSBL S-S WX    SPD DR
================================================================================

 1  88  70  79   3   0  14 0.02  0.0    0  8.3 36  20   M    M   7 3      41  10
 2  94  70  82   6   0  17    T  0.0    0  4.3 22 140   M    M   5        27 140
 3  86  69  78   1   0  13    T  0.0    0 10.9 21  10   M    M   2        27 320
 4  88  64  76  -1   0  11 0.00  0.0    0  5.7 14  20   M    M   3        19 350
 5  89  69  79   2   0  14 0.00  0.0    0  5.2 13  40   M    M   4        17  40
 6  93  66  80   2   0  15 0.00  0.0    0  4.7 10 150   M    M   0        17 190
 7  93  69  81   3   0  16 0.00  0.0    0  4.3 13 210   M    M   3        20 210
 8  95  72  84   6   0  19 0.00  0.0    0  4.2 12 190   M    M   6        20 260
 9  95  74  85   7   0  20 0.00  0.0    0  5.2 14 270   M    M   6        20 250
10  94  75  85   6   0  20 0.00  0.0    0  8.5 17 200   M    M   2        23 220
11  91  73  82   3   0  17 0.00  0.0    0  9.0 15 190   M    M   4        19 210
12  91  73  82   3   0  17 0.18  0.0    0  9.8 29 220   M    M   6 13     39 230
13  89  73  81   2   0  16 0.00  0.0    0  9.0 16 150   M    M   8        22 230
14  94  72  83   3   0  18 0.00  0.0    0  4.6 12 170   M    M   6        23 300
15  96  75  86   6   0  21 0.00  0.0    0  4.9 14 160   M    M   3        17 150
16  96  76  86   6   0  21 0.00  0.0    0  4.6 13 170   M    M   2        17 240
17  94  76  85   5   0  20 0.00  0.0    0  7.9 17 190   M    M   3        22 190
18  94  74  84   4   0  19 0.00  0.0    0  6.5 20 200   M    M   2        25 210
================================================================================
SM 1660 1290         0 308  0.20     0.0 117.6          M       72
================================================================================
AV 92.2 71.7                               6.5 FASTST   M    M   4    MAX(MPH)
                                 MISC ---->  # 36  20               # 41   10
================================================================================
NOTES:
# LAST OF SEVERAL OCCURRENCES

COLUMN 17 PEAK WIND IN M.P.H.

PRELIMINARY LOCAL CLIMATOLOGICAL DATA (WS FORM: F-6) , PAGE 2

                                          STATION:  MEMPHIS
                                          MONTH:    JUNE
                                          YEAR:     2018
                                          LATITUDE:   35  3 N
                                          LONGITUDE:  89 59 W

[TEMPERATURE DATA]      [PRECIPITATION DATA]       SYMBOLS USED IN COLUMN 16

AVERAGE MONTHLY: 81.9   TOTAL FOR MONTH:   0.20    1 = FOG OR MIST
DPTR FM NORMAL:   3.6   DPTR FM NORMAL:   -2.07    2 = FOG REDUCING VISIBILITY
HIGHEST:    96 ON 16,15 GRTST 24HR  0.18 ON 12-12      TO 1/4 MILE OR LESS
LOWEST:     64 ON  4                               3 = THUNDER
                        SNOW, ICE PELLETS, HAIL    4 = ICE PELLETS
                        TOTAL MONTH:   0.0 INCH    5 = HAIL
                        GRTST 24HR     0.0         6 = FREEZING RAIN OR DRIZZLE
                        GRTST DEPTH:   0           7 = DUSTSTORM OR SANDSTORM:
                                                       VSBY 1/2 MILE OR LESS
                                                   8 = SMOKE OR HAZE
[NO. OF DAYS WITH]      [WEATHER - DAYS WITH]      9 = BLOWING SNOW
                                                   X = TORNADO
MAX 32 OR BELOW:   0    0.01 INCH OR MORE:   2
MAX 90 OR ABOVE:  13    0.10 INCH OR MORE:   1
MIN 32 OR BELOW:   0    0.50 INCH OR MORE:   0
MIN  0 OR BELOW:   0    1.00 INCH OR MORE:   0

[HDD (BASE 65) ]
TOTAL THIS MO.     0    CLEAR  (SCALE 0-3)   7
DPTR FM NORMAL     0    PTCLDY (SCALE 4-7)  10
TOTAL FM JUL 1  3018    CLOUDY (SCALE 8-10)  1
DPTR FM NORMAL    54

[CDD (BASE 65) ]
TOTAL THIS MO.   308
DPTR FM NORMAL    66    [PRESSURE DATA]
TOTAL FM JAN 1   728    HIGHEST SLP M ON M
DPTR FM NORMAL   165    LOWEST  SLP 29.77 ON  2

[REMARKS]
