000
CXUS53 KDMX 210920
CF6OTM
PRELIMINARY LOCAL CLIMATOLOGICAL DATA (WS FORM: F-6)

                                          STATION:   OTTUMWA IA
                                          MONTH:     SEPTEMBER
                                          YEAR:      2018
                                          LATITUDE:   41  6 N
                                          LONGITUDE:  92 27 W

  TEMPERATURE IN F:       :PCPN:    SNOW:  WIND      :SUNSHINE: SKY     :PK WND
================================================================================
1   2   3   4   5  6A  6B    7    8   9   10  11  12  13   14  15   16   17  18
                                     12Z  AVG MX 2MIN
DY MAX MIN AVG DEP HDD CDD  WTR  SNW DPTH SPD SPD DIR MIN PSBL S-S WX    SPD DR
================================================================================

 1  88  69  79   9   0  14 0.57  0.0    0  9.7 28  50   M    M   5 13     47 360
 2  86  68  77   7   0  12 0.14  0.0    0  7.3 17 290   M    M   5 13     24 320
 3  86  71  79   9   0  14 0.05  0.0    0  6.4 15 180   M    M   4 1      22 210
 4  89  72  81  12   0  16 0.01  0.0    0  9.8 20 180   M    M   2        30 180
 5  77  68  73   4   0   8 1.53  0.0    0  9.2 16  30   M    M   9 1      24 250
 6  70  64  67  -1   0   2 0.36  0.0    0 12.3 22  80   M    M  10 1      30  60
 7  66  59  63  -5   2   0 0.99  0.0    0 10.1 17  80   M    M  10 1      25  90
 8  71  59  65  -3   0   0 0.01  0.0    0 11.0 18  40   M    M   2        27  60
 9  76  54  65  -2   0   0 0.00  0.0    0  7.6 14  40   M    M   1        20  50
10  77  47  62  -5   3   0 0.00  0.0    0  3.7 10 240   M    M   0        16 170
11  82  56  69   3   0   4 0.00  0.0    0  7.4 16 170   M    M   0 8      24 200
12  81  58  70   4   0   5 0.00  0.0    0  7.2 15 140   M    M   2        22 190
13  84  59  72   6   0   7 0.00  0.0    0  7.9 15 140   M    M   2        23 210
14  88  64  76  11   0  11 0.00  0.0    0  6.5 14 180   M    M   2        22 180
15  90  63  77  12   0  12 0.00  0.0    0  4.9 10 150   M    M   1        17 170
16  88  62  75  11   0  10 0.00  0.0    0  5.2 12 150   M    M   0        19 140
17  91  64  78  14   0  13 0.00  0.0    0  6.4 14 210   M    M   2        20 190
18  87  64  76  12   0  11 0.52  0.0    0  9.5 40  30   M    M   4 138    57  30
19  84  66  75  12   0  10 0.00  0.0    0 10.2 18 100   M    M   5 1      24  90
20  93  69  81  18   0  16    T  0.0    0 12.1 32 300   M    M   1        45 310
================================================================================
SM 1654 1256         5 165  4.18     0.0 164.4          M       67
================================================================================
AV 82.7 62.8                               8.2 FASTST   M    M   3    MAX(MPH)
                                 MISC ---->  # 40  30               # 57   30
================================================================================
NOTES:
# LAST OF SEVERAL OCCURRENCES

COLUMN 17 PEAK WIND IN M.P.H.

PRELIMINARY LOCAL CLIMATOLOGICAL DATA (WS FORM: F-6) , PAGE 2

                                          STATION:  OTTUMWA IA
                                          MONTH:    SEPTEMBER
                                          YEAR:     2018
                                          LATITUDE:   41  6 N
                                          LONGITUDE:  92 27 W

[TEMPERATURE DATA]      [PRECIPITATION DATA]       SYMBOLS USED IN COLUMN 16

AVERAGE MONTHLY: 72.8   TOTAL FOR MONTH:   4.18    1 = FOG OR MIST
DPTR FM NORMAL:   6.2   DPTR FM NORMAL:    1.54    2 = FOG REDUCING VISIBILITY
HIGHEST:    93 ON 20    GRTST 24HR  1.53 ON  5- 5      TO 1/4 MILE OR LESS
LOWEST:     47 ON 10                               3 = THUNDER
                        SNOW, ICE PELLETS, HAIL    4 = ICE PELLETS
                        TOTAL MONTH:   0.0 INCH    5 = HAIL
                        GRTST 24HR     0.0         6 = FREEZING RAIN OR DRIZZLE
                        GRTST DEPTH:   0           7 = DUSTSTORM OR SANDSTORM:
                                                       VSBY 1/2 MILE OR LESS
                                                   8 = SMOKE OR HAZE
[NO. OF DAYS WITH]      [WEATHER - DAYS WITH]      9 = BLOWING SNOW
                                                   X = TORNADO
MAX 32 OR BELOW:   0    0.01 INCH OR MORE:   9
MAX 90 OR ABOVE:   3    0.10 INCH OR MORE:   6
MIN 32 OR BELOW:   0    0.50 INCH OR MORE:   4
MIN  0 OR BELOW:   0    1.00 INCH OR MORE:   1

[HDD (BASE 65) ]
TOTAL THIS MO.     5    CLEAR  (SCALE 0-3)  12
DPTR FM NORMAL   -42    PTCLDY (SCALE 4-7)   5
TOTAL FM JUL 1     5    CLOUDY (SCALE 8-10)  3
DPTR FM NORMAL   -53

[CDD (BASE 65) ]
TOTAL THIS MO.   165
DPTR FM NORMAL    87    [PRESSURE DATA]
TOTAL FM JAN 1  1287    HIGHEST SLP M ON M
DPTR FM NORMAL   375    LOWEST  SLP 29.60 ON 20

[REMARKS]
