000
CXUS53 KDMX 190920
CF6OTM
PRELIMINARY LOCAL CLIMATOLOGICAL DATA (WS FORM: F-6)

                                          STATION:   OTTUMWA IA
                                          MONTH:     OCTOBER
                                          YEAR:      2019
                                          LATITUDE:   41  6 N
                                          LONGITUDE:  92 27 W

  TEMPERATURE IN F:       :PCPN:    SNOW:  WIND      :SUNSHINE: SKY     :PK WND
================================================================================
1   2   3   4   5  6A  6B    7    8   9   10  11  12  13   14  15   16   17  18
                                     12Z  AVG MX 2MIN
DY MAX MIN AVG DEP HDD CDD  WTR  SNW DPTH SPD SPD DIR MIN PSBL S-S WX    SPD DR
================================================================================

 1  88  70  79  21   0  14 0.05  0.0    0  9.1 18 240   M    M   3 1      26 240
 2  76  57  67  10   0   2 0.69  0.0    0  8.0 23 300   M    M  10 1      32 290
 3  60  43  52  -5  13   0 0.00  0.0    0 12.6 24 310   M    M   5        33 310
 4  61  39  50  -7  15   0    T  0.0    0  8.1 15 120   M    M   1        21 110
 5  66  47  57   1   8   0 0.47  0.0    0 10.0 20 160   M    M   7 13     27 170
 6  63  43  53  -3  12   0 0.00  0.0    0  6.3 13 270   M    M   0        17 260
 7  70  41  56   0   9   0 0.00  0.0    0  6.0 14 290   M    M   0 8      18 290
 8  71  46  59   4   6   0 0.00  0.0    0  8.8 18 160   M    M   0        27 220
 9  67  50  59   4   6   0 0.02  0.0    0 10.0 16 140   M    M   2        23 200
10  66  44  55   1  10   0 0.61  0.0    0 12.9 26 270   M    M   9 13     35 270
11  44  34  39 -15  26   0    T  0.0    0 14.1 24 290   M    M   9 1      34 270
12  60  30  45  -9  20   0 0.00  0.0    0 12.0 29 260   M    M   0        43 260
13  56  30  43 -10  22   0 0.00  0.0    0  8.3 22 270   M    M   0 8      30 280
14  62  29  46  -7  19   0 0.00  0.0    0  5.5 14 150   M    M   0 1      22 170
15  61  43  52  -1  13   0 0.00  0.0    0 15.6 26 300   M    M   3        36 300
16  50  34  42 -10  23   0 0.00  0.0    0 10.4 22 340   M    M   7        30 350
17  61  31  46  -6  19   0 0.00  0.0    0  5.8 12 140   M    M   0 1      19 160
18  70  44  57   5   8   0 0.00  0.0    0 14.1 25 160   M    M   0        37 160
================================================================================
SM 1152  755       229  16  1.84     0.0 177.6          M       56
================================================================================
AV 64.0 41.9                               9.9 FASTST   M    M   3    MAX(MPH)
                                 MISC ---->  # 29 260               # 43  260
================================================================================
NOTES:
# LAST OF SEVERAL OCCURRENCES

COLUMN 17 PEAK WIND IN M.P.H.

PRELIMINARY LOCAL CLIMATOLOGICAL DATA (WS FORM: F-6) , PAGE 2

                                          STATION:  OTTUMWA IA
                                          MONTH:    OCTOBER
                                          YEAR:     2019
                                          LATITUDE:   41  6 N
                                          LONGITUDE:  92 27 W

[TEMPERATURE DATA]      [PRECIPITATION DATA]       SYMBOLS USED IN COLUMN 16

AVERAGE MONTHLY: 53.0   TOTAL FOR MONTH:   1.84    1 = FOG OR MIST
DPTR FM NORMAL:  -1.7   DPTR FM NORMAL:    0.18    2 = FOG REDUCING VISIBILITY
HIGHEST:    88 ON  1    GRTST 24HR  0.69 ON  2- 2      TO 1/4 MILE OR LESS
LOWEST:     29 ON 14                               3 = THUNDER
                        SNOW, ICE PELLETS, HAIL    4 = ICE PELLETS
                        TOTAL MONTH:   0.0 INCH    5 = HAIL
                        GRTST 24HR     0.0         6 = FREEZING RAIN OR DRIZZLE
                        GRTST DEPTH:   0           7 = DUSTSTORM OR SANDSTORM:
                                                       VSBY 1/2 MILE OR LESS
                                                   8 = SMOKE OR HAZE
[NO. OF DAYS WITH]      [WEATHER - DAYS WITH]      9 = BLOWING SNOW
                                                   X = TORNADO
MAX 32 OR BELOW:   0    0.01 INCH OR MORE:   5
MAX 90 OR ABOVE:   0    0.10 INCH OR MORE:   3
MIN 32 OR BELOW:   4    0.50 INCH OR MORE:   2
MIN  0 OR BELOW:   0    1.00 INCH OR MORE:   0

[HDD (BASE 65) ]
TOTAL THIS MO.   229    CLEAR  (SCALE 0-3)  11
DPTR FM NORMAL    34    PTCLDY (SCALE 4-7)   4
TOTAL FM JUL 1   245    CLOUDY (SCALE 8-10)  3
DPTR FM NORMAL   -71

[CDD (BASE 65) ]
TOTAL THIS MO.    16
DPTR FM NORMAL     7    [PRESSURE DATA]
TOTAL FM JAN 1  1095    HIGHEST SLP M ON M
DPTR FM NORMAL   159    LOWEST  SLP 29.61 ON 18

[REMARKS]
