000
CXUS51 KBTV 190700
CF6PBG
PRELIMINARY LOCAL CLIMATOLOGICAL DATA (WS FORM: F-6)

                                          STATION:   PLATTSBURGH NY
                                          MONTH:     APRIL
                                          YEAR:      2018
                                          LATITUDE:   44 39 N
                                          LONGITUDE:  73 28 W

  TEMPERATURE IN F:       :PCPN:    SNOW:  WIND      :SUNSHINE: SKY     :PK WND
================================================================================
1   2   3   4   5  6A  6B    7    8   9   10  11  12  13   14  15   16   17  18
                                     12Z  AVG MX 2MIN
DY MAX MIN AVG DEP HDD CDD  WTR  SNW DPTH SPD SPD DIR MIN PSBL S-S WX    SPD DR
================================================================================

 1  49  30  40   4  25   0 0.05  0.0    0  7.2 17 300   M    M   8        29 250
 2  42  25  34  -2  31   0    T  0.0    0  3.9 17 140   M    M   2        20 130
 3  46  26  36  -1  29   0 0.03    M    0  6.3 15 170   M    M   8 1      20 170
 4  52  22  37   0  28   0 0.18    M    0 13.6 22 230   M    M   9 1      43 210
 5  33  19  26 -12  39   0    T    M    0  8.4 20 260   M    M   2        33 250
 6  37  17  27 -11  38   0 0.04    M    0  6.9 24 160   M    M   5 1      33 160
 7  40  26  33  -6  32   0    T    M    0  8.0 18 280   M    M   3        29 280
 8  35  22  29 -10  36   0    T    M    0  5.2 17 340   M    M   8        23 330
 9  38  19  29 -11  36   0 0.00    M    0  6.1 18  70   M    M   2        23 240
10  39  21  30 -10  35   0 0.03    M    0  3.0 12 130   M    M   7 1      17 130
11  48  20  34  -6  31   0    T    M    0  4.9 21 150   M    M   5        25 150
12  51  26  39  -2  26   0 0.25    M    0  7.9 23 150   M    M   7 1      31 140
13  49  40  45   3  20   0 0.51    M    0  5.0 14 170   M    M  10 1      16  20
14  43  22  33  -9  32   0 0.37    M    0 13.3 26  10   M    M  10 12     34  20
15  33  22  28 -15  37   0 0.20    M    0 10.6 18 360   M    M  10 16     22  20
16  41  30  36  -7  29   0 0.24    M    0  6.9 18 150   M    M  10 16     22 150
17  44  35  40  -4  25   0 0.01    M    0  6.1 15 270   M    M   9 1      27 270
18  47  34  41  -3  24   0    T    M    0  6.5 15 290   M    M   9        26 230
================================================================================
SM  767  456       553   0  1.91     0.0 129.8          M      124
================================================================================
AV 42.6 25.3                               7.2 FASTST   M    M   7    MAX(MPH)
                                 MISC ---->  # 26  10               # 43  210
================================================================================
NOTES:
# LAST OF SEVERAL OCCURRENCES

COLUMN 17 PEAK WIND IN M.P.H.

PRELIMINARY LOCAL CLIMATOLOGICAL DATA (WS FORM: F-6) , PAGE 2

                                          STATION:  PLATTSBURGH NY
                                          MONTH:    APRIL
                                          YEAR:     2018
                                          LATITUDE:   44 39 N
                                          LONGITUDE:  73 28 W

[TEMPERATURE DATA]      [PRECIPITATION DATA]       SYMBOLS USED IN COLUMN 16

AVERAGE MONTHLY: 34.0   TOTAL FOR MONTH:   1.91    1 = FOG OR MIST
DPTR FM NORMAL:  -6.0   DPTR FM NORMAL:       M    2 = FOG REDUCING VISIBILITY
HIGHEST:    52 ON  4    GRTST 24HR  0.51 ON 13-13      TO 1/4 MILE OR LESS
LOWEST:     17 ON  6                               3 = THUNDER
                        SNOW, ICE PELLETS, HAIL    4 = ICE PELLETS
                        TOTAL MONTH:   0.0 INCH    5 = HAIL
                        GRTST 24HR     0.0         6 = FREEZING RAIN OR DRIZZLE
                        GRTST DEPTH:   0           7 = DUSTSTORM OR SANDSTORM:
                                                       VSBY 1/2 MILE OR LESS
                                                   8 = SMOKE OR HAZE
[NO. OF DAYS WITH]      [WEATHER - DAYS WITH]      9 = BLOWING SNOW
                                                   X = TORNADO
MAX 32 OR BELOW:   0    0.01 INCH OR MORE:  11
MAX 90 OR ABOVE:   0    0.10 INCH OR MORE:   6
MIN 32 OR BELOW:  15    0.50 INCH OR MORE:   1
MIN  0 OR BELOW:   0    1.00 INCH OR MORE:   0

[HDD (BASE 65) ]
TOTAL THIS MO.   553    CLEAR  (SCALE 0-3)   4
DPTR FM NORMAL   103    PTCLDY (SCALE 4-7)   7
TOTAL FM JUL 1  6847    CLOUDY (SCALE 8-10)  7
DPTR FM NORMAL  -286

[CDD (BASE 65) ]
TOTAL THIS MO.     0
DPTR FM NORMAL     0    [PRESSURE DATA]
TOTAL FM JAN 1     0    HIGHEST SLP M ON M
DPTR FM NORMAL     0    LOWEST  SLP 29.32 ON  4

[REMARKS]
