327
CXUS51 KBTV 190700
CF6PBG
PRELIMINARY LOCAL CLIMATOLOGICAL DATA (WS FORM: F-6)

                                          STATION:   PLATTSBURGH NY
                                          MONTH:     OCTOBER
                                          YEAR:      2019
                                          LATITUDE:   44 39 N
                                          LONGITUDE:  73 28 W

  TEMPERATURE IN F:       :PCPN:    SNOW:  WIND      :SUNSHINE: SKY     :PK WND
================================================================================
1   2   3   4   5  6A  6B    7    8   9   10  11  12  13   14  15   16   17  18
                                     12Z  AVG MX 2MIN
DY MAX MIN AVG DEP HDD CDD  WTR  SNW DPTH SPD SPD DIR MIN PSBL S-S WX    SPD DR
================================================================================

 1  73  54  64  11   1   0 0.69    M    M  5.0 14 160   M    M  10 13     18 160
 2  69  42  56   4   9   0 0.06    M    M 10.6 22  20   M    M   9        28  10
 3  50  39  45  -7  20   0 0.01    M    M  6.0 18 170   M    M   5 1      24 170
 4  53  38  46  -6  19   0    T    M    M 10.5 21 340   M    M   9 1      26 350
 5  54  31  43  -8  22   0 0.00    M    M  2.6  9 110   M    M   0        14 100
 6  61  31  46  -5  19   0    T    M    M  6.4 21 150   M    M   5        26 130
 7  59  52  56   6   9   0 0.62    M    M  2.3 10  30   M    M   7 1      12  40
 8  63  38  51   1  14   0 0.00    M    M  2.8 12  80   M    M   0 1      16  80
 9  61  34  48  -2  17   0 0.00    M    M  1.6  9  70   M    M   0        11  40
10  67  41  54   5  11   0 0.00    M    M  3.8 14 360   M    M   0        16 360
11  69  39  54   5  11   0 0.00    M    M  3.1 12  20   M    M   1        15 360
12  66  41  54   5  11   0    T    M    M  4.2 13 270   M    M   4        19 270
13  60  38  49   1  16   0 0.00    M    M  4.8 13 130   M    M   2        17 240
14  63  34  49   1  16   0 0.00    M    M  2.6 17 140   M    M   2        27 320
15  60  33  47  -1  18   0 0.00    M    M  2.9 15 150   M    M   1        19 140
16  61  35  48   1  17   0 0.23    M    M  8.6 29 150   M    M   4        37 140
17  50  44  47   0  18   0 1.46    M    M 18.4 36 350   M    M  10 1      47 360
18  51  46  49   3  16   0 0.00    M    M  8.7 15 310   M    M  10        25 320
================================================================================
SM 1090  710       264   0  3.07    M    104.9          M       79
================================================================================
AV 60.6 39.4                               5.8 FASTST   M    M   4    MAX(MPH)
                                 MISC ---->    36 350                 47 360
================================================================================
NOTES:
# LAST OF SEVERAL OCCURRENCES

COLUMN 17 PEAK WIND IN M.P.H.

PRELIMINARY LOCAL CLIMATOLOGICAL DATA (WS FORM: F-6) , PAGE 2

                                          STATION:   PLATTSBURGH NY
                                          MONTH:     OCTOBER
                                          YEAR:      2019
                                          LATITUDE:   44 39 N
                                          LONGITUDE:  73 28 W

[TEMPERATURE DATA]      [PRECIPITATION DATA]       SYMBOLS USED IN COLUMN 16

AVERAGE MONTHLY: 50.0   TOTAL FOR MONTH:   3.07    1 = FOG OR MIST
DPTR FM NORMAL:   0.4   DPTR FM NORMAL:    3.07    2 = FOG REDUCING VISIBILITY
HIGHEST:    73 ON  1    GRTST 24HR  1.69 ON 16-17      TO 1/4 MILE OR LESS
LOWEST:     31 ON  6, 5                             3 = THUNDER
                        SNOW, ICE PELLETS, HAIL    4 = ICE PELLETS
                        TOTAL MONTH:  M            5 = HAIL
                        GRTST 24HR    M  ON   M    6 = FREEZING RAIN OR DRIZZLE
                        GRTST DEPTH:  M  ON   M    7 = DUSTSTORM OR SANDSTORM:
                                                       VSBY 1/2 MILE OR LESS
                                                   8 = SMOKE OR HAZE
[NO. OF DAYS WITH]      [WEATHER - DAYS WITH]      9 = BLOWING SNOW
                                                   X = TORNADO
MAX 32 OR BELOW:   0    0.01 INCH OR MORE:   6
MAX 90 OR ABOVE:   0    0.10 INCH OR MORE:   4
MIN 32 OR BELOW:   2    0.50 INCH OR MORE:   3
MIN  0 OR BELOW:   0    1.00 INCH OR MORE:   1

[HDD (BASE 65) ]
TOTAL THIS MO.   264    CLEAR  (SCALE 0-3)   8
DPTR FM NORMAL   -13    PTCLDY (SCALE 4-7)   5
TOTAL FM JUL 1   456    CLOUDY (SCALE 8-10)  5
DPTR FM NORMAL   -56

[CDD (BASE 65) ]
TOTAL THIS MO.     0
DPTR FM NORMAL     0    [PRESSURE DATA]
TOTAL FM JAN 1   406    HIGHEST SLP M ON M
DPTR FM NORMAL    61    LOWEST  SLP 29.07 ON 17

[REMARKS]
