000
CXUS55 KTBW 211422
CF6RSW
PRELIMINARY LOCAL CLIMATOLOGICAL DATA (WS FORM: F-6)

                                          STATION:   Fort Myers SW Intl
                                          MONTH:     MAY
                                          YEAR:      2018
                                          LATITUDE:   26 31 N
                                          LONGITUDE:  81 45 W

  TEMPERATURE IN F:       :PCPN:    SNOW:  WIND      :SUNSHINE: SKY     :PK WND
================================================================================
1   2   3   4   5  6A  6B    7    8   9   10  11  12  13   14  15   16   17  18
                                     12Z  AVG MX 2MIN
DY MAX MIN AVG DEP HDD CDD  WTR  SNW DPTH SPD SPD DIR MIN PSBL S-S WX    SPD DR
================================================================================

 1  88  61  75  -1   0  10 0.00  0.0    0 11.7 25  70   M    M   2        29  60
 2  88  62  75  -1   0  10 0.00  0.0    0 12.1 25  80   M    M   1        30  70
 3  90  63  77   1   0  12 0.00  0.0    0 12.9 23  90   M    M   2        28  80
 4  91  66  79   3   0  14 0.00  0.0    0 10.4 21  80   M    M   1        26  80
 5  88  67  78   2   0  13 0.05  0.0    0  7.5 20  70   M    M   5 1      25  70
 6  88  70  79   3   0  14 0.00  0.0    0  6.2 20 220   M    M   2 1      25 220
 7  91  72  82   6   0  17 0.00  0.0    0  6.4 20  50   M    M   3        24  40
 8  93  69  81   4   0  16 0.00  0.0    0  9.8 20  70   M    M   1 8      27  60
 9  92  65  79   2   0  14 0.00  0.0    0 10.2 21  80   M    M   1        26  30
10  89  65  77   0   0  12 0.00  0.0    0  8.9 20  60   M    M   0        25  40
11  89  66  78   1   0  13 0.00  0.0    0  8.3 21 100   M    M   0        25 100
12  83  69  76  -1   0  11    T  0.0    0  7.2 20  80   M    M   5 8      24 100
13  82  69  76  -1   0  11 1.15  0.0    0  7.3 18 100   M    M   7 13     23 110
14  80  70  75  -2   0  10 0.45  0.0    0  8.3 17 200   M    M   7 13     21 200
15  88  70  79   2   0  14 0.99  0.0    0  9.1 22 210   M    M   4 13     27 230
16  87  69  78   0   0  13 0.11  0.0    0  8.5 20 220   M    M   3 13     24 210
17  81  71  76  -2   0  11 0.18  0.0    0  6.1 23 160   M    M   5 138    29 180
18  88  68  78   0   0  13    T  0.0    0  4.6 18 110   M    M   2 3      20 110
19  85  69  77  -1   0  12 0.88  0.0    0  5.9 20 150   M    M   3 13     22 120
20  80  70  75  -3   0  10 0.19  0.0    0  6.9 25 150   M    M   8 1      31 150
================================================================================
SM 1741 1351         0 250  4.00     0.0 168.3          M       62
================================================================================
AV 87.1 67.6                               8.4 FASTST   M    M   3    MAX(MPH)
                                 MISC ---->  # 25  70               # 31  150
================================================================================
NOTES:
# LAST OF SEVERAL OCCURRENCES

COLUMN 17 PEAK WIND IN M.P.H.

PRELIMINARY LOCAL CLIMATOLOGICAL DATA (WS FORM: F-6) , PAGE 2

                                          STATION:  Fort Myers SW Intl
                                          MONTH:    MAY
                                          YEAR:     2018
                                          LATITUDE:   26 31 N
                                          LONGITUDE:  81 45 W

[TEMPERATURE DATA]      [PRECIPITATION DATA]       SYMBOLS USED IN COLUMN 16

AVERAGE MONTHLY: 77.3   TOTAL FOR MONTH:   4.00    1 = FOG OR MIST
DPTR FM NORMAL:   0.4   DPTR FM NORMAL:    2.94    2 = FOG REDUCING VISIBILITY
HIGHEST:    93 ON  8    GRTST 24HR  1.15 ON 13-13      TO 1/4 MILE OR LESS
LOWEST:     61 ON  1                               3 = THUNDER
                        SNOW, ICE PELLETS, HAIL    4 = ICE PELLETS
                        TOTAL MONTH:   0.0 INCH    5 = HAIL
                        GRTST 24HR     0.0         6 = FREEZING RAIN OR DRIZZLE
                        GRTST DEPTH:   0           7 = DUSTSTORM OR SANDSTORM:
                                                       VSBY 1/2 MILE OR LESS
                                                   8 = SMOKE OR HAZE
[NO. OF DAYS WITH]      [WEATHER - DAYS WITH]      9 = BLOWING SNOW
                                                   X = TORNADO
MAX 32 OR BELOW:   0    0.01 INCH OR MORE:   8
MAX 90 OR ABOVE:   5    0.10 INCH OR MORE:   7
MIN 32 OR BELOW:   0    0.50 INCH OR MORE:   3
MIN  0 OR BELOW:   0    1.00 INCH OR MORE:   1

[HDD (BASE 65) ]
TOTAL THIS MO.     0    CLEAR  (SCALE 0-3)  11
DPTR FM NORMAL     0    PTCLDY (SCALE 4-7)   9
TOTAL FM JUL 1   250    CLOUDY (SCALE 8-10)  0
DPTR FM NORMAL    27

[CDD (BASE 65) ]
TOTAL THIS MO.   250
DPTR FM NORMAL    13    [PRESSURE DATA]
TOTAL FM JAN 1   959    HIGHEST SLP M ON M
DPTR FM NORMAL   183    LOWEST  SLP 29.89 ON 14

[REMARKS]
