000
CXUS55 KTBW 201000
CF6RSW
PRELIMINARY LOCAL CLIMATOLOGICAL DATA (WS FORM: F-6)

                                          STATION:   Fort Myers SW Intl
                                          MONTH:     FEBRUARY
                                          YEAR:      2018
                                          LATITUDE:   26 31 N
                                          LONGITUDE:  81 45 W

  TEMPERATURE IN F:       :PCPN:    SNOW:  WIND      :SUNSHINE: SKY     :PK WND
================================================================================
1   2   3   4   5  6A  6B    7    8   9   10  11  12  13   14  15   16   17  18
                                     12Z  AVG MX 2MIN
DY MAX MIN AVG DEP HDD CDD  WTR  SNW DPTH SPD SPD DIR MIN PSBL S-S WX    SPD DR
================================================================================

 1  78  50  64  -1   1   0 0.00  0.0    0  6.4 13  80   M    M   2        20 110
 2  80  56  68   3   0   3 0.00  0.0    0  4.6 21  70   M    M   3        26  70
 3  74  59  67   2   0   2    T  0.0    0 11.5 21  90   M    M   7        26  90
 4  81  58  70   5   0   5 0.25  0.0    0 10.7 24 210   M    M   3 13     30 220
 5  76  61  69   4   0   4    T  0.0    0  6.4 16  80   M    M   4 12     19  80
 6  82  57  70   5   0   5 0.00  0.0    0  8.1 15 100   M    M   1        19 130
 7  82  61  72   7   0   7    T  0.0    0  6.8 18 150   M    M   3        23 130
 8  86  65  76  10   0  11 0.00  0.0    0  6.0 18  60   M    M   6 1      22  60
 9  84  64  74   8   0   9 0.00  0.0    0  8.4 18  90   M    M   5 1      23 100
10  85  64  75   9   0  10 0.00  0.0    0  7.8 17 150   M    M   2        23 150
11  86  64  75   9   0  10 0.00  0.0    0  7.0 20 160   M    M   6 1      24 160
12  86  66  76  10   0  11 0.00  0.0    0  6.2 15 170   M    M   5 1      20 160
13  85  66  76  10   0  11    T  0.0    0  7.2 18  80   M    M   3 12     23  90
14  85  66  76  10   0  11 0.00  0.0    0  8.1 15  90   M    M   6 1      18  90
15  83  65  74   8   0   9 0.00  0.0    0  6.0 15 220   M    M   6 1      18 230
16  81  61  71   5   0   6 0.00  0.0    0  3.4 14 230   M    M   1 1      18 240
17  83  56  70   4   0   5 0.00  0.0    0  3.7 14 240   M    M   3 12     23 270
18  86  60  73   7   0   8 0.00  0.0    0  4.6 12 140   M    M   2        17 170
19  83  63  73   6   0   8 0.00  0.0    0  9.7 21  70   M    M   3        26  70
================================================================================
SM 1566 1162         1 135  0.25     0.0 132.6          M       71
================================================================================
AV 82.4 61.2                               7.0 FASTST   M    M   4    MAX(MPH)
                                 MISC ---->  # 24 210               # 30  220
================================================================================
NOTES:
# LAST OF SEVERAL OCCURRENCES

COLUMN 17 PEAK WIND IN M.P.H.

PRELIMINARY LOCAL CLIMATOLOGICAL DATA (WS FORM: F-6) , PAGE 2

                                          STATION:  Fort Myers SW Intl
                                          MONTH:    FEBRUARY
                                          YEAR:     2018
                                          LATITUDE:   26 31 N
                                          LONGITUDE:  81 45 W

[TEMPERATURE DATA]      [PRECIPITATION DATA]       SYMBOLS USED IN COLUMN 16

AVERAGE MONTHLY: 71.8   TOTAL FOR MONTH:   0.25    1 = FOG OR MIST
DPTR FM NORMAL:   6.1   DPTR FM NORMAL:   -0.81    2 = FOG REDUCING VISIBILITY
HIGHEST:    86 ON 18,12 GRTST 24HR  0.25 ON  4- 4      TO 1/4 MILE OR LESS
LOWEST:     50 ON  1                               3 = THUNDER
                        SNOW, ICE PELLETS, HAIL    4 = ICE PELLETS
                        TOTAL MONTH:   0.0 INCH    5 = HAIL
                        GRTST 24HR     0.0         6 = FREEZING RAIN OR DRIZZLE
                        GRTST DEPTH:   0           7 = DUSTSTORM OR SANDSTORM:
                                                       VSBY 1/2 MILE OR LESS
                                                   8 = SMOKE OR HAZE
[NO. OF DAYS WITH]      [WEATHER - DAYS WITH]      9 = BLOWING SNOW
                                                   X = TORNADO
MAX 32 OR BELOW:   0    0.01 INCH OR MORE:   1
MAX 90 OR ABOVE:   0    0.10 INCH OR MORE:   1
MIN 32 OR BELOW:   0    0.50 INCH OR MORE:   0
MIN  0 OR BELOW:   0    1.00 INCH OR MORE:   0

[HDD (BASE 65) ]
TOTAL THIS MO.     1    CLEAR  (SCALE 0-3)   6
DPTR FM NORMAL   -43    PTCLDY (SCALE 4-7)  13
TOTAL FM JUL 1   207    CLOUDY (SCALE 8-10)  0
DPTR FM NORMAL    35

[CDD (BASE 65) ]
TOTAL THIS MO.   135
DPTR FM NORMAL    79    [PRESSURE DATA]
TOTAL FM JAN 1   203    HIGHEST SLP M ON M
DPTR FM NORMAL    85    LOWEST  SLP 29.98 ON  4

[REMARKS]
