000
CXUS55 KTBW 231000
CF6RSW
PRELIMINARY LOCAL CLIMATOLOGICAL DATA (WS FORM: F-6)

                                          STATION:   Fort Myers SW Intl
                                          MONTH:     JANUARY
                                          YEAR:      2019
                                          LATITUDE:   26 31 N
                                          LONGITUDE:  81 45 W

  TEMPERATURE IN F:       :PCPN:    SNOW:  WIND      :SUNSHINE: SKY     :PK WND
================================================================================
1   2   3   4   5  6A  6B    7    8   9   10  11  12  13   14  15   16   17  18
                                     12Z  AVG MX 2MIN
DY MAX MIN AVG DEP HDD CDD  WTR  SNW DPTH SPD SPD DIR MIN PSBL S-S WX    SPD DR
================================================================================

 1  82  62  72   9   0   7 0.00  0.0    0  4.6 13 170   M    M   5 12     16 160
 2  85  63  74  11   0   9 0.00  0.0    0  5.2 12 130   M    M   1        15 140
 3  82  66  74  11   0   9 0.00  0.0    0  6.6 17 240   M    M   3 12     21 240
 4  84  66  75  12   0  10 0.01  0.0    0 11.3 26 230   M    M   6 12     30 230
 5  74  57  66   3   0   1    T  0.0    0  6.7 16 270   M    M   4        24 260
 6  75  51  63   0   2   0 0.00  0.0    0  6.2 12  40   M    M   0        15  20
 7  81  55  68   5   0   3 0.00  0.0    0  6.5 14 110   M    M   0 1      19 120
 8  82  56  69   6   0   4 0.00  0.0    0  3.1  9  10   M    M   1 1      13 360
 9  74  56  65   2   0   0 0.00  0.0    0  5.6 14 310   M    M   5        18 320
10  65  47  56  -7   9   0 0.00  0.0    0  6.0 13 350   M    M   0        22 290
11  75  43  59  -4   6   0 0.00  0.0    0  6.3 13 130   M    M   2        17  70
12  79  54  67   4   0   2    T  0.0    0  6.9 17 130   M    M   2        22 120
13  79  56  68   5   0   3 0.00  0.0    0  3.3 13 240   M    M   1 12     17 240
14  72  54  63   0   2   0 0.00  0.0    0  6.8 14 360   M    M   2 12     18 350
15  64  50  57  -6   8   0 0.00  0.0    0  6.6 12 350   M    M   3        16 330
16  68  45  57  -6   8   0 0.00  0.0    0  6.8 12  30   M    M   0        18 310
17  76  44  60  -3   5   0 0.00  0.0    0  3.9 12 250   M    M   0        14  30
18  76  50  63   0   2   0 0.00  0.0    0  2.5 13 100   M    M   0        14 100
19  80  50  65   2   0   0 0.00  0.0    0  7.9 21 200   M    M   1        24 210
20  72  51  62  -1   3   0 0.80  0.0    0 12.4 24 240   M    M   7 13     43 220
21  65  40  53 -10  12   0 0.00  0.0    0  6.7 13  30   M    M   0        16  90
22  76  47  62  -1   3   0 0.00  0.0    0 11.6 25 100   M    M   3        34 120
================================================================================
SM 1666 1163        60  48  0.81     0.0 143.5          M       46
================================================================================
AV 75.7 52.9                               6.5 FASTST   M    M   2    MAX(MPH)
                                 MISC ---->  # 26 230               # 43  220
================================================================================
NOTES:
# LAST OF SEVERAL OCCURRENCES

COLUMN 17 PEAK WIND IN M.P.H.

PRELIMINARY LOCAL CLIMATOLOGICAL DATA (WS FORM: F-6) , PAGE 2

                                          STATION:  Fort Myers SW Intl
                                          MONTH:    JANUARY
                                          YEAR:     2019
                                          LATITUDE:   26 31 N
                                          LONGITUDE:  81 45 W

[TEMPERATURE DATA]      [PRECIPITATION DATA]       SYMBOLS USED IN COLUMN 16

AVERAGE MONTHLY: 64.3   TOTAL FOR MONTH:   0.81    1 = FOG OR MIST
DPTR FM NORMAL:   1.3   DPTR FM NORMAL:   -0.89    2 = FOG REDUCING VISIBILITY
HIGHEST:    85 ON  2    GRTST 24HR  0.80 ON 20-20      TO 1/4 MILE OR LESS
LOWEST:     40 ON 21                               3 = THUNDER
                        SNOW, ICE PELLETS, HAIL    4 = ICE PELLETS
                        TOTAL MONTH:   0.0 INCH    5 = HAIL
                        GRTST 24HR     0.0         6 = FREEZING RAIN OR DRIZZLE
                        GRTST DEPTH:   0           7 = DUSTSTORM OR SANDSTORM:
                                                       VSBY 1/2 MILE OR LESS
                                                   8 = SMOKE OR HAZE
[NO. OF DAYS WITH]      [WEATHER - DAYS WITH]      9 = BLOWING SNOW
                                                   X = TORNADO
MAX 32 OR BELOW:   0    0.01 INCH OR MORE:   2
MAX 90 OR ABOVE:   0    0.10 INCH OR MORE:   1
MIN 32 OR BELOW:   0    0.50 INCH OR MORE:   1
MIN  0 OR BELOW:   0    1.00 INCH OR MORE:   0

[HDD (BASE 65) ]
TOTAL THIS MO.    60    CLEAR  (SCALE 0-3)  16
DPTR FM NORMAL   -36    PTCLDY (SCALE 4-7)   6
TOTAL FM JUL 1   146    CLOUDY (SCALE 8-10)  0
DPTR FM NORMAL    50

[CDD (BASE 65) ]
TOTAL THIS MO.    48
DPTR FM NORMAL     4    [PRESSURE DATA]
TOTAL FM JAN 1    48    HIGHEST SLP M ON M
DPTR FM NORMAL     4    LOWEST  SLP 29.81 ON 20

[REMARKS]
