557
CXUS52 KTBW 271052
CF6RSW
PRELIMINARY LOCAL CLIMATOLOGICAL DATA (WS FORM: F-6)

                                          STATION:   FORT MYERS SW INTL
                                          MONTH:     MAY
                                          YEAR:      2024
                                          LATITUDE:   26 31 N
                                          LONGITUDE:  81 45 W

  TEMPERATURE IN F:       :PCPN:    SNOW:  WIND      :SUNSHINE: SKY     :PK WND
================================================================================
1   2   3   4   5  6A  6B    7    8   9   10  11  12  13   14  15   16   17  18
                                     12Z  AVG MX 2MIN
DY MAX MIN AVG DEP HDD CDD  WTR  SNW DPTH SPD SPD DIR MIN PSBL S-S WX    SPD DR
================================================================================

 1  88  69  79   3   0  14 0.58  0.0    0  5.0 18 200   M    M   3 3      29 200
 2  90  69  80   4   0  15 0.00  0.0    0  7.2 17 100   M    M   1 2      22 100
 3  90  66  78   2   0  13 0.00  0.0    0  8.2 16 100   M    M   2        23  70
 4  90  67  79   3   0  14 0.45  0.0    0  6.8 23 200   M    M   4 13     32 270
 5  90  71  81   4   0  16 1.56  0.0    0  6.5 16 120   M    M   6 1      21 120
 6  90  68  79   2   0  14 0.03  0.0    0  6.0 15 230   M    M   4        18 230
 7  88  70  79   2   0  14 0.00  0.0    0  5.1 14 250   M    M   3        20 240
 8  92  74  83   6   0  18 0.00  0.0    0  7.6 18 240   M    M   2        23 240
 9  89  72  81   4   0  16 0.00  0.0    0  8.0 16 250   M    M   0        22 230
10  90  73  82   5   0  17 0.00  0.0    0  7.0 17 240   M    M   1        21 240
11  88  75  82   5   0  17 0.00  0.0    0  8.9 18 250   M    M   3        24 250
12  93  70  82   5   0  17 0.00  0.0    0  5.8 14 230   M    M   0        20 200
13  92  71  82   4   0  17 0.00  0.0    0  9.3 20 230   M    M   1 8      25 230
14  90  77  84   6   0  19 0.00  0.0    0 10.4 20 230   M    M   1 8      24 220
15  90  80  85   7   0  20    T  0.0    0 12.4 22 230   M    M   3        32 230
16  85  75  80   2   0  15 0.98  0.0    0  6.6 22 210   M    M   6 13     26 210
17  90  75  83   5   0  18 0.00  0.0    0  6.1 18 240   M    M   2 1      24 240
18  92  76  84   6   0  19 0.00  0.0    0  7.6 21 210   M    M   0 8      26 210
19  92  78  85   7   0  20    T  0.0    0  5.3 17 240   M    M   2        25 240
20  89  72  81   3   0  16 0.00  0.0    0  5.6 18 230   M    M   0        24 250
21  92  69  81   2   0  16 0.00  0.0    0  5.8 14 280   M    M   0        22 290
22  93  71  82   3   0  17 0.00  0.0    0  6.7 15 130   M    M   3        19 130
23  94  72  83   4   0  18 0.00  0.0    0  5.8 15 250   M    M   0        20 250
24  94  69  82   3   0  17 0.00  0.0    0  5.9 18 240   M    M   2        23 230
25  94  73  84   5   0  19 0.00  0.0    0  5.3 16 270   M    M   1        24 270
26  92  73  83   4   0  18 0.00  0.0    0  4.3 15 250   M    M   0        22 250
================================================================================
SM 2357 1875         0 434  3.60  0.0    179.2          M       50
================================================================================
AV 90.7 72.1                               6.9 FASTST   M    M   2    MAX(MPH)
                                 MISC ---->    23 200               # 32 270
================================================================================
NOTES:
# LAST OF SEVERAL OCCURRENCES

COLUMN 17 PEAK WIND IN M.P.H.

PRELIMINARY LOCAL CLIMATOLOGICAL DATA (WS FORM: F-6) , PAGE 2

                                          STATION:   FORT MYERS SW INTL
                                          MONTH:     MAY
                                          YEAR:      2024
                                          LATITUDE:   26 31 N
                                          LONGITUDE:  81 45 W

[TEMPERATURE DATA]      [PRECIPITATION DATA]       SYMBOLS USED IN COLUMN 16

AVERAGE MONTHLY: 81.4   TOTAL FOR MONTH:   3.60    1 = FOG OR MIST
DPTR FM NORMAL:   3.8   DPTR FM NORMAL:    1.39    2 = FOG REDUCING VISIBILITY
HIGHEST:    94 ON 25,24  GRTST 24HR  1.56 ON  4- 5      TO 1/4 MILE OR LESS
LOWEST:     66 ON  3                               3 = THUNDER
                        SNOW, ICE PELLETS, HAIL    4 = ICE PELLETS
                        TOTAL MONTH:   0.0 INCH    5 = HAIL
                        GRTST 24HR  0.0            6 = FREEZING RAIN OR DRIZZLE
                        GRTST DEPTH:  0            7 = DUSTSTORM OR SANDSTORM:
                                                       VSBY 1/2 MILE OR LESS
                                                   8 = SMOKE OR HAZE
[NO. OF DAYS WITH]      [WEATHER - DAYS WITH]      9 = BLOWING SNOW
                                                   X = TORNADO
MAX 32 OR BELOW:   0    0.01 INCH OR MORE:   5
MAX 90 OR ABOVE:  20    0.10 INCH OR MORE:   4
MIN 32 OR BELOW:   0    0.50 INCH OR MORE:   3
MIN  0 OR BELOW:   0    1.00 INCH OR MORE:   1

[HDD (BASE 65) ]
TOTAL THIS MO.     0    CLEAR  (SCALE 0-3)  22
DPTR FM NORMAL     0    PTCLDY (SCALE 4-7)   4
TOTAL FM JUL 1    73    CLOUDY (SCALE 8-10)  0
DPTR FM NORMAL  -195

[CDD (BASE 65) ]
TOTAL THIS MO.   434
DPTR FM NORMAL   105    [PRESSURE DATA]
TOTAL FM JAN 1  1014    HIGHEST SLP M ON M
DPTR FM NORMAL    52    LOWEST  SLP 29.79 ON 15

[REMARKS]