000
CXUS55 KEAX 260736
CF6STJ
PRELIMINARY LOCAL CLIMATOLOGICAL DATA (WS FORM: F-6)

                                          STATION:   ST. JOSEPH MO
                                          MONTH:     APRIL
                                          YEAR:      2018
                                          LATITUDE:   39 46 N
                                          LONGITUDE:  94 55 W

  TEMPERATURE IN F:       :PCPN:    SNOW:  WIND      :SUNSHINE: SKY     :PK WND
================================================================================
1   2   3   4   5  6A  6B    7    8   9   10  11  12  13   14  15   16   17  18
                                     12Z  AVG MX 2MIN
DY MAX MIN AVG DEP HDD CDD  WTR  SNW DPTH SPD SPD DIR MIN PSBL S-S WX    SPD DR
================================================================================

 1  32  13  23 -27  42   0 0.10    M    M 10.4 25  20   M    M   8 12     32  30
 2  33  10  22 -28  43   0 0.00    M    M  8.0 18 160   M    M   9 12     23 150
 3  40  23  32 -18  33   0 0.04    M    M 17.4 35 320   M    M   9 1      48 320
 4  44  16  30 -21  35   0 0.00  0.0    0  9.1 20 310   M    M   1        24 300
 5  66  28  47  -4  18   0 0.00  0.0    0  9.6 18 360   M    M   0        24 230
 6  45  23  34 -17  31   0 0.00  0.0    0 17.1 32 360   M    M   8        42 360
 7  45  14  30 -22  35   0 0.00  0.0    0  5.7 17 360   M    M   0        21 360
 8  38  24  31 -21  34   0 0.06    M    0 11.5 25 110   M    M   7 18     33 110
 9  42  32  37 -15  28   0 0.00  0.0    0  7.1 16 360   M    M  10 1      20 360
10  60  24  42 -10  23   0    T    M    0  6.6 20 170   M    M   4 12     26 200
11  80  43  62   9   3   0 0.00  0.0    0 13.7 24 200   M    M   0        32 190
12  82  48  65  12   0   0 0.00  0.0    0 12.5 22 190   M    M   0        31 150
13  84  50  67  14   0   2    T  0.0    0 18.2 33 200   M    M   4 3      48 200
14  51  30  41 -13  24   0 0.03    M    0 12.8 28 310   M    M   9 18     39 320
15  32  26  29 -25  36   0    T    M    0 20.5 29 330   M    M  10 16     43 340
16  50  25  38 -16  27   0 0.00  0.0    0  9.1 22 330   M    M   3        29 340
17  64  26  45 -10  20   0 0.00  0.0    0 11.3 21 130   M    M   0        31 110
18  51  38  45 -10  20   0 0.00  0.0    0 16.6 30 300   M    M   7        38 310
19  60  24  42 -13  23   0 0.00  0.0    0  7.4 20 360   M    M   1        26 360
20  64  28  46 -10  19   0 0.00  0.0    0  9.1 21 130   M    M   0        31 120
21  63  50  57   1   8   0    T  0.0    0 10.2 18  80   M    M   6        27  70
22  71  50  61   5   4   0 0.00  0.0    0  9.6 20  70   M    M   8        28  90
23  77  46  62   6   3   0 0.00  0.0    0  8.8 18  40   M    M   2        25  60
24  79  35  57   0   8   0 0.00  0.0    0 10.4 32 320   M    M   2        43 310
25  56  38  47 -10  18   0 0.33    M    0  8.4 17  10   M    M   9 1      22  10
================================================================================
SM 1409  764       535   2  0.56     0.0 281.1          M      117
================================================================================
AV 56.4 30.6                              11.2 FASTST   M    M   5    MAX(MPH)
                                 MISC ---->  # 35 320               # 48  320
================================================================================
NOTES:
# LAST OF SEVERAL OCCURRENCES

COLUMN 17 PEAK WIND IN M.P.H.

PRELIMINARY LOCAL CLIMATOLOGICAL DATA (WS FORM: F-6) , PAGE 2

                                          STATION:  ST. JOSEPH MO
                                          MONTH:    APRIL
                                          YEAR:     2018
                                          LATITUDE:   39 46 N
                                          LONGITUDE:  94 55 W

[TEMPERATURE DATA]      [PRECIPITATION DATA]       SYMBOLS USED IN COLUMN 16

AVERAGE MONTHLY: 43.5   TOTAL FOR MONTH:   0.56    1 = FOG OR MIST
DPTR FM NORMAL:  -9.9   DPTR FM NORMAL:   -2.36    2 = FOG REDUCING VISIBILITY
HIGHEST:    84 ON 13    GRTST 24HR  0.33 ON 25-25      TO 1/4 MILE OR LESS
LOWEST:     10 ON  2                               3 = THUNDER
                        SNOW, ICE PELLETS, HAIL    4 = ICE PELLETS
                        TOTAL MONTH:   0.0 INCH    5 = HAIL
                        GRTST 24HR     0.0         6 = FREEZING RAIN OR DRIZZLE
                        GRTST DEPTH:   0           7 = DUSTSTORM OR SANDSTORM:
                                                       VSBY 1/2 MILE OR LESS
                                                   8 = SMOKE OR HAZE
[NO. OF DAYS WITH]      [WEATHER - DAYS WITH]      9 = BLOWING SNOW
                                                   X = TORNADO
MAX 32 OR BELOW:   2    0.01 INCH OR MORE:   5
MAX 90 OR ABOVE:   0    0.10 INCH OR MORE:   2
MIN 32 OR BELOW:  16    0.50 INCH OR MORE:   0
MIN  0 OR BELOW:   0    1.00 INCH OR MORE:   0

[HDD (BASE 65) ]
TOTAL THIS MO.   535    CLEAR  (SCALE 0-3)  11
DPTR FM NORMAL   229    PTCLDY (SCALE 4-7)   8
TOTAL FM JUL 1  5103    CLOUDY (SCALE 8-10)  6
DPTR FM NORMAL  -196

[CDD (BASE 65) ]
TOTAL THIS MO.     2
DPTR FM NORMAL   -16    [PRESSURE DATA]
TOTAL FM JAN 1     2    HIGHEST SLP  0.00 ON M
DPTR FM NORMAL   -18    LOWEST  SLP  0.00 ON M

[REMARKS]
