937
CXUS55 KEAX 220736
CF6STJ
PRELIMINARY LOCAL CLIMATOLOGICAL DATA (WS FORM: F-6)

                                          STATION:   ST. JOSEPH MO
                                          MONTH:     OCTOBER
                                          YEAR:      2019
                                          LATITUDE:   39 46 N
                                          LONGITUDE:  94 55 W

  TEMPERATURE IN F:       :PCPN:    SNOW:  WIND      :SUNSHINE: SKY     :PK WND
================================================================================
1   2   3   4   5  6A  6B    7    8   9   10  11  12  13   14  15   16   17  18
                                     12Z  AVG MX 2MIN
DY MAX MIN AVG DEP HDD CDD  WTR  SNW DPTH SPD SPD DIR MIN PSBL S-S WX    SPD DR
================================================================================

 1  91  72  82  22   0  17 0.45    M    M 12.2 22 200   M    M   2 13     33 190
 2  73  55  64   4   1   0 1.29    M    M  7.3 17 350   M    M  10 13     25 340
 3  61  50  56  -4   9   0 0.00    M    M  8.8 17 320   M    M   5        27 330
 4  59  48  54  -5  11   0 0.02    M    M  7.2 15  90   M    M   3        20  90
 5  74  48  61   2   4   0 0.55    M    M  7.9 20 180   M    M   5 13     27 180
 6  70  44  57  -1   8   0 0.00    M    M  2.7 14  10   M    M   2 12     19  10
 7  74  40  57  -1   8   0 0.00    M    M  2.8 12 190   M    M   0 128    15 180
 8  73  42  58   0   7   0 0.00    M    M  7.8 21 200   M    M   0 1      28 190
 9  65  50  58   1   7   0 0.00    M    M  9.7 21 150   M    M   6        29 150
10  72  41  57   0   8   0 0.04    M    M 13.4 23 320   M    M   9 13     32 310
11  49  35  42 -15  23   0 0.00    M    M 13.7 24 280   M    M   6        35 300
12  66  33  50  -6  15   0 0.00    M    M  8.8 23 260   M    M   0        33 260
13  66  32  49  -7  16   0 0.00    M    M  3.0 15 330   M    M   0        21 300
14  73  33  53  -3  12   0 0.00    M    M  6.2 17 150   M    M   0 1      24 170
15  64  41  53  -2  12   0 0.00    M    M 11.1 25 330   M    M   1 1      32 330
16  58  39  49  -6  16   0 0.00    M    M  5.6 15  10   M    M   5 18     26 330
17  69  37  53  -1  12   0 0.00    M    M  8.2 17 170   M    M   0 1      23 190
18  75  50  63   9   2   0 0.00    M    M 12.5 26 170   M    M   1        40 180
19  69  43  56   2   9   0 0.10    M    M  3.0 12 360   M    M   6 128    16 330
20  67  38  53   0  12   0 0.69    M    M  8.1 25 150   M    M   5 1238   37 110
21  58  44  51  -2  14   0 0.00    M    M 13.8 29 270   M    M   6 1      43 280
================================================================================
SM 1426  915       206  17  3.14    M    173.8          M       72
================================================================================
AV 67.9 43.6                               8.3 FASTST   M    M   3    MAX(MPH)
                                 MISC ---->  # 29 270               # 43  280
================================================================================
NOTES:
# LAST OF SEVERAL OCCURRENCES

COLUMN 17 PEAK WIND IN M.P.H.

PRELIMINARY LOCAL CLIMATOLOGICAL DATA (WS FORM: F-6) , PAGE 2

                                          STATION:  ST. JOSEPH MO
                                          MONTH:    OCTOBER
                                          YEAR:     2019
                                          LATITUDE:   39 46 N
                                          LONGITUDE:  94 55 W

[TEMPERATURE DATA]      [PRECIPITATION DATA]       SYMBOLS USED IN COLUMN 16

AVERAGE MONTHLY: 55.7   TOTAL FOR MONTH:   3.14    1 = FOG OR MIST
DPTR FM NORMAL:  -0.9   DPTR FM NORMAL:    1.19    2 = FOG REDUCING VISIBILITY
HIGHEST:    91 ON  1    GRTST 24HR  1.29 ON  2- 2      TO 1/4 MILE OR LESS
LOWEST:     32 ON 13                               3 = THUNDER
                        SNOW, ICE PELLETS, HAIL    4 = ICE PELLETS
                        TOTAL MONTH:    M          5 = HAIL
                        GRTST 24HR    M  ON   M    6 = FREEZING RAIN OR DRIZZLE
                        GRTST DEPTH:  M  ON   M    7 = DUSTSTORM OR SANDSTORM:
                                                       VSBY 1/2 MILE OR LESS
                                                   8 = SMOKE OR HAZE
[NO. OF DAYS WITH]      [WEATHER - DAYS WITH]      9 = BLOWING SNOW
                                                   X = TORNADO
MAX 32 OR BELOW:   0    0.01 INCH OR MORE:   7
MAX 90 OR ABOVE:   1    0.10 INCH OR MORE:   5
MIN 32 OR BELOW:   1    0.50 INCH OR MORE:   3
MIN  0 OR BELOW:   0    1.00 INCH OR MORE:   1

[HDD (BASE 65) ]
TOTAL THIS MO.   206    CLEAR  (SCALE 0-3)  11
DPTR FM NORMAL    12    PTCLDY (SCALE 4-7)   8
TOTAL FM JUL 1   211    CLOUDY (SCALE 8-10)  2
DPTR FM NORMAL   -63

[CDD (BASE 65) ]
TOTAL THIS MO.    17
DPTR FM NORMAL    -1    [PRESSURE DATA]
TOTAL FM JAN 1  1466    HIGHEST SLP  0.00 ON M
DPTR FM NORMAL   249    LOWEST  SLP  0.00 ON M

[REMARKS]
