000
CXUS55 KSEW 180930
CF6UIL
PRELIMINARY LOCAL CLIMATOLOGICAL DATA (WS FORM: F-6)

                                          STATION:   QUILLAYUTE WA AIRPORT
                                          MONTH:     DECEMBER
                                          YEAR:      2018
                                          LATITUDE:   47 57 N
                                          LONGITUDE: 124 33 W

  TEMPERATURE IN F:       :PCPN:    SNOW:  WIND      :SUNSHINE: SKY     :PK WND
================================================================================
1   2   3   4   5  6A  6B    7    8   9   10  11  12  13   14  15   16   17  18
                                     12Z  AVG MX 2MIN
DY MAX MIN AVG DEP HDD CDD  WTR  SNW DPTH SPD SPD DIR MIN PSBL S-S WX    SPD DR
================================================================================

 1  48  38  43   2  22   0 0.11  0.0    0  2.2  8 360   M    M  10 1      10 360
 2  50  31  41   0  24   0 0.08  0.0    0  2.9  9  40   M    M   6 1      12  80
 3  46  27  37  -4  28   0 0.00  0.0    0  4.5 13  40   M    M   0 1      16  50
 4  45  25  35  -6  30   0 0.00  0.0    0  5.5 14  50   M    M   0        17  70
 5  47  22  35  -6  30   0 0.00  0.0    0  2.3  9  80   M    M   0        10  80
 6  44  20  32  -9  33   0 0.00  0.0    0  2.1  7  40   M    M   0         8  90
 7  43  23  33  -8  32   0 0.12  0.0    0  4.6  8  80   M    M   5 1      12  80
 8  50  38  44   4  21   0 0.07  0.0    0  6.6 16 130   M    M   9 1      27 140
 9  55  46  51  11  14   0 0.94  0.0    0  9.3 22 140   M    M  10 1      36 180
10  51  39  45   5  20   0 0.56  0.0    0  5.7 20 150   M    M   8 1      28 150
11  53  42  48   8  17   0 2.54  0.0    0 12.6 23 280   M    M   9 1      35 150
12  47  34  41   1  24   0 2.54  0.0    0  6.8 23 160   M    M   8 13     39 170
13  51  46  49   9  16   0 3.38  0.0    0 10.5 21 160   M    M  10 1      34 170
14  56  40  48   8  17   0 0.81  0.0    0 12.6 28 190   M    M   9 1      45 180
15  50  39  45   5  20   0 0.15  0.0    0  8.4 24 150   M    M   7 1      40 140
16  51  48  50  10  15   0 1.72  0.0    0 10.9 24 150   M    M   9 1      40 130
17  50  44  47   7  18   0 2.00  0.0    0 12.7 29 140   M    M  10 1      42 150
================================================================================
SM  837  602       381   0 15.02     0.0 120.2          M      110
================================================================================
AV 49.2 35.4                               7.1 FASTST   M    M   6    MAX(MPH)
                                 MISC ---->  # 29 140               # 45  180
================================================================================
NOTES:
# LAST OF SEVERAL OCCURRENCES

COLUMN 17 PEAK WIND IN M.P.H.

PRELIMINARY LOCAL CLIMATOLOGICAL DATA (WS FORM: F-6) , PAGE 2

                                          STATION:  QUILLAYUTE WA AIRPORT
                                          MONTH:    DECEMBER
                                          YEAR:     2018
                                          LATITUDE:   47 57 N
                                          LONGITUDE: 124 33 W

[TEMPERATURE DATA]      [PRECIPITATION DATA]       SYMBOLS USED IN COLUMN 16

AVERAGE MONTHLY: 42.3   TOTAL FOR MONTH:  15.02    1 = FOG OR MIST
DPTR FM NORMAL:   1.9   DPTR FM NORMAL:    7.68    2 = FOG REDUCING VISIBILITY
HIGHEST:    56 ON 14    GRTST 24HR  3.38 ON 13-13      TO 1/4 MILE OR LESS
LOWEST:     20 ON  6                               3 = THUNDER
                        SNOW, ICE PELLETS, HAIL    4 = ICE PELLETS
                        TOTAL MONTH:   0.0 INCH    5 = HAIL
                        GRTST 24HR     0.0         6 = FREEZING RAIN OR DRIZZLE
                        GRTST DEPTH:   0           7 = DUSTSTORM OR SANDSTORM:
                                                       VSBY 1/2 MILE OR LESS
                                                   8 = SMOKE OR HAZE
[NO. OF DAYS WITH]      [WEATHER - DAYS WITH]      9 = BLOWING SNOW
                                                   X = TORNADO
MAX 32 OR BELOW:   0    0.01 INCH OR MORE:  13
MAX 90 OR ABOVE:   0    0.10 INCH OR MORE:  11
MIN 32 OR BELOW:   6    0.50 INCH OR MORE:   8
MIN  0 OR BELOW:   0    1.00 INCH OR MORE:   5

[HDD (BASE 65) ]
TOTAL THIS MO.   381    CLEAR  (SCALE 0-3)   4
DPTR FM NORMAL   -36    PTCLDY (SCALE 4-7)   5
TOTAL FM JUL 1  1921    CLOUDY (SCALE 8-10)  8
DPTR FM NORMAL  -210

[CDD (BASE 65) ]
TOTAL THIS MO.     0
DPTR FM NORMAL     0    [PRESSURE DATA]
TOTAL FM JAN 1     8    HIGHEST SLP M ON M
DPTR FM NORMAL   -11    LOWEST  SLP 29.51 ON 14

[REMARKS]
