000
CXUS55 KSEW 200930
CF6UIL
PRELIMINARY LOCAL CLIMATOLOGICAL DATA (WS FORM: F-6)

                                          STATION:   QUILLAYUTE WA AIRPORT
                                          MONTH:     JUNE
                                          YEAR:      2018
                                          LATITUDE:   47 57 N
                                          LONGITUDE: 124 33 W

  TEMPERATURE IN F:       :PCPN:    SNOW:  WIND      :SUNSHINE: SKY     :PK WND
================================================================================
1   2   3   4   5  6A  6B    7    8   9   10  11  12  13   14  15   16   17  18
                                     12Z  AVG MX 2MIN
DY MAX MIN AVG DEP HDD CDD  WTR  SNW DPTH SPD SPD DIR MIN PSBL S-S WX    SPD DR
================================================================================

 1  58  45  52  -2  13   0 0.09  0.0    0  6.3 15 190   M    M  10 1      24 180
 2  65  51  58   4   7   0 0.02  0.0    0  5.1 13 290   M    M   5 1      17 290
 3  59  46  53  -1  12   0 0.00  0.0    0  4.3 13 270   M    M   6        18 280
 4  60  44  52  -2  13   0 0.05  0.0    0  4.5 15 280   M    M   4 1      19 250
 5  58  44  51  -3  14   0 0.22  0.0    0  6.1 17 190   M    M   8 1      29 140
 6  63  46  55   1  10   0 0.04  0.0    0  4.3 14 210   M    M   8 1      19 210
 7  62  47  55   1  10   0 0.10  0.0    0  5.5 16 190   M    M  10 1      26 190
 8  57  49  53  -1  12   0 1.52  0.0    0  5.8 15 190   M    M  10 1      26 150
 9  58  45  52  -2  13   0 0.49  0.0    0  5.4 15 260   M    M   7 1      19 230
10  59  41  50  -5  15   0 0.18  0.0    0  4.4 16 240   M    M   5 1      22 230
11  62  36  49  -6  16   0 0.00  0.0    0  5.0 16 260   M    M   1 1      19 270
12  67  37  52  -3  13   0 0.05  0.0    0  2.7 13 190   M    M   6 1      17 180
13  60  48  54  -1  11   0 0.30    M    0  5.8 16 240   M    M  10 18     21 270
14  63  44  54  -1  11   0 0.05    M    0  4.2 14 240   M    M   7 1      19 240
15  65  43  54  -1  11   0 0.00  0.0    0  5.6 16 280   M    M   5        21 280
16  77  46  62   7   3   0    T  0.0    0  6.3 17 340   M    M   1        23 320
17  86  48  67  12   0   2 0.00  0.0    0  4.3 17 350   M    M   0        22 330
18  72  48  60   4   5   0 0.00  0.0    0  5.9 15 190   M    M   3        20 190
19  65  53  59   3   6   0 0.00  0.0    0  5.4 12 260   M    M   6        15 260
================================================================================
SM 1216  861       195   2  3.11     0.0  96.9          M      112
================================================================================
AV 64.0 45.3                               5.1 FASTST   M    M   6    MAX(MPH)
                                 MISC ---->  # 17 190               # 29  140
================================================================================
NOTES:
# LAST OF SEVERAL OCCURRENCES

COLUMN 17 PEAK WIND IN M.P.H.

PRELIMINARY LOCAL CLIMATOLOGICAL DATA (WS FORM: F-6) , PAGE 2

                                          STATION:  QUILLAYUTE WA AIRPORT
                                          MONTH:    JUNE
                                          YEAR:     2018
                                          LATITUDE:   47 57 N
                                          LONGITUDE: 124 33 W

[TEMPERATURE DATA]      [PRECIPITATION DATA]       SYMBOLS USED IN COLUMN 16

AVERAGE MONTHLY: 54.7   TOTAL FOR MONTH:   3.11    1 = FOG OR MIST
DPTR FM NORMAL:   0.0   DPTR FM NORMAL:    0.66    2 = FOG REDUCING VISIBILITY
HIGHEST:    86 ON 17    GRTST 24HR  1.52 ON  8- 8      TO 1/4 MILE OR LESS
LOWEST:     36 ON 11                               3 = THUNDER
                        SNOW, ICE PELLETS, HAIL    4 = ICE PELLETS
                        TOTAL MONTH:   0.0 INCH    5 = HAIL
                        GRTST 24HR     0.0         6 = FREEZING RAIN OR DRIZZLE
                        GRTST DEPTH:   0           7 = DUSTSTORM OR SANDSTORM:
                                                       VSBY 1/2 MILE OR LESS
                                                   8 = SMOKE OR HAZE
[NO. OF DAYS WITH]      [WEATHER - DAYS WITH]      9 = BLOWING SNOW
                                                   X = TORNADO
MAX 32 OR BELOW:   0    0.01 INCH OR MORE:  12
MAX 90 OR ABOVE:   0    0.10 INCH OR MORE:   6
MIN 32 OR BELOW:   0    0.50 INCH OR MORE:   1
MIN  0 OR BELOW:   0    1.00 INCH OR MORE:   1

[HDD (BASE 65) ]
TOTAL THIS MO.   195    CLEAR  (SCALE 0-3)   3
DPTR FM NORMAL    -4    PTCLDY (SCALE 4-7)  11
TOTAL FM JUL 1  5404    CLOUDY (SCALE 8-10)  5
DPTR FM NORMAL  -263

[CDD (BASE 65) ]
TOTAL THIS MO.     2
DPTR FM NORMAL     2    [PRESSURE DATA]
TOTAL FM JAN 1     2    HIGHEST SLP M ON M
DPTR FM NORMAL     1    LOWEST  SLP 29.85 ON 13

[REMARKS]
