000
CXUS55 KSEW 180930
CF6UIL
PRELIMINARY LOCAL CLIMATOLOGICAL DATA (WS FORM: F-6)

                                          STATION:   QUILLAYUTE WA AIRPORT
                                          MONTH:     OCTOBER
                                          YEAR:      2019
                                          LATITUDE:   47 57 N
                                          LONGITUDE: 124 33 W

  TEMPERATURE IN F:       :PCPN:    SNOW:  WIND      :SUNSHINE: SKY     :PK WND
================================================================================
1   2   3   4   5  6A  6B    7    8   9   10  11  12  13   14  15   16   17  18
                                     12Z  AVG MX 2MIN
DY MAX MIN AVG DEP HDD CDD  WTR  SNW DPTH SPD SPD DIR MIN PSBL S-S WX    SPD DR
================================================================================

 1  62  33  48  -5  17   0 0.00  0.0    0  3.4 14 250   M    M   1        17 270
 2  59  38  49  -4  16   0    T  0.0    0  3.3  9  90   M    M   5        12  80
 3  55  47  51  -2  14   0 0.97  0.0    0  7.2 15 150   M    M   9 13     20 280
 4  56  48  52  -1  13   0 0.29  0.0    0  5.7 16 250   M    M   8 1      24 210
 5  62  43  53   1  12   0    T  0.0    0  2.8 12 250   M    M   7 12     13 280
 6  64  38  51  -1  14   0    T  0.0    0  2.3 10 290   M    M   4 1      13 290
 7  61  44  53   1  12   0 0.87  0.0    0  7.7 18 260   M    M   8 1      27 260
 8  53  34  44  -8  21   0 0.13  0.0    0  5.6 16 320   M    M   4 1      22 290
 9  55  29  42 -10  23   0 0.00  0.0    0  5.3 16  60   M    M   0        20  60
10  56  28  42  -9  23   0 0.00  0.0    0  2.4 10 250   M    M   0        14 260
11  66  32  49  -2  16   0 0.00  0.0    0  2.3  8  80   M    M   0        11 250
12  60  43  52   1  13   0 0.02  0.0    0  2.7  9  90   M    M   8 1      12  80
13  58  36  47  -3  18   0 0.00  0.0    0  2.3 13 260   M    M   6 1      16 220
14  60  38  49  -1  16   0 0.00  0.0    0  2.9  9 260   M    M   3 1      12 270
15  54  46  50   0  15   0 1.17    M    0  8.7 17 150   M    M   8 1      29 150
16  55  50  53   3  12   0 1.85  0.0    0  9.2 20 240   M    M  10 1      36 150
17  58  48  53   3  12   0 1.10  0.0    0  9.3 21 230   M    M   9 1      28 190
================================================================================
SM  994  675       267   0  6.40     0.0  83.1          M       90
================================================================================
AV 58.5 39.7                               4.9 FASTST   M    M   5    MAX(MPH)
                                 MISC ---->  # 21 230               # 36  150
================================================================================
NOTES:
# LAST OF SEVERAL OCCURRENCES

COLUMN 17 PEAK WIND IN M.P.H.

PRELIMINARY LOCAL CLIMATOLOGICAL DATA (WS FORM: F-6) , PAGE 2

                                          STATION:  QUILLAYUTE WA AIRPORT
                                          MONTH:    OCTOBER
                                          YEAR:     2019
                                          LATITUDE:   47 57 N
                                          LONGITUDE: 124 33 W

[TEMPERATURE DATA]      [PRECIPITATION DATA]       SYMBOLS USED IN COLUMN 16

AVERAGE MONTHLY: 49.1   TOTAL FOR MONTH:   6.40    1 = FOG OR MIST
DPTR FM NORMAL:  -2.4   DPTR FM NORMAL:    1.58    2 = FOG REDUCING VISIBILITY
HIGHEST:    66 ON 11    GRTST 24HR  1.85 ON 16-16      TO 1/4 MILE OR LESS
LOWEST:     28 ON 10                               3 = THUNDER
                        SNOW, ICE PELLETS, HAIL    4 = ICE PELLETS
                        TOTAL MONTH:   0.0 INCH    5 = HAIL
                        GRTST 24HR     0.0         6 = FREEZING RAIN OR DRIZZLE
                        GRTST DEPTH:   0           7 = DUSTSTORM OR SANDSTORM:
                                                       VSBY 1/2 MILE OR LESS
                                                   8 = SMOKE OR HAZE
[NO. OF DAYS WITH]      [WEATHER - DAYS WITH]      9 = BLOWING SNOW
                                                   X = TORNADO
MAX 32 OR BELOW:   0    0.01 INCH OR MORE:   8
MAX 90 OR ABOVE:   0    0.10 INCH OR MORE:   7
MIN 32 OR BELOW:   3    0.50 INCH OR MORE:   5
MIN  0 OR BELOW:   0    1.00 INCH OR MORE:   3

[HDD (BASE 65) ]
TOTAL THIS MO.   267    CLEAR  (SCALE 0-3)   5
DPTR FM NORMAL    37    PTCLDY (SCALE 4-7)   8
TOTAL FM JUL 1   694    CLOUDY (SCALE 8-10)  4
DPTR FM NORMAL  -161

[CDD (BASE 65) ]
TOTAL THIS MO.     0
DPTR FM NORMAL     0    [PRESSURE DATA]
TOTAL FM JAN 1    21    HIGHEST SLP M ON M
DPTR FM NORMAL     2    LOWEST  SLP 29.56 ON 17

[REMARKS]
