000
CXUS56 KSTO 211425
CF6VCB
PRELIMINARY LOCAL CLIMATOLOGICAL DATA (WS FORM: F-6)

                                          STATION:   VACAVILLE AIRPORT CA
                                          MONTH:     FEBRUARY
                                          YEAR:      2018
                                          LATITUDE:   38 22 N
                                          LONGITUDE: 121 58 W

  TEMPERATURE IN F:       :PCPN:    SNOW:  WIND      :SUNSHINE: SKY     :PK WND
================================================================================
1   2   3   4   5  6A  6B    7    8   9   10  11  12  13   14  15   16   17  18
                                     12Z  AVG MX 2MIN
DY MAX MIN AVG DEP HDD CDD  WTR  SNW DPTH SPD SPD DIR MIN PSBL S-S WX    SPD DR
================================================================================

 1  76  40  58  10   7   0 0.00  0.0    0  3.2 12  10   M    M   0        14 360
 2  74  42  58  10   7   0 0.00  0.0    0  5.3 21  20   M    M   0        27  30
 3  77  42  60  11   5   0 0.00  0.0    0  5.8 17  20   M    M   0        21  30
 4  76  45  61  12   4   0 0.00  0.0    0  3.1 14  30   M    M   0        17  10
 5  77  42  60  11   5   0 0.00  0.0    0  3.2 18 360   M    M   0        26 340
 6  78  56  67  18   0   2 0.00  0.0    0 13.9 28 350   M    M   0        35 350
 7  75  46  61  12   4   0 0.00  0.0    0  6.6 13 360   M    M   0 8      15 360
 8  77  40  59   9   6   0 0.00  0.0    0  2.3 10  30   M    M   0        13  30
 9  79  41  60  10   5   0 0.00  0.0    0  1.9  9 360   M    M   0        12 360
10  73  42  58   8   7   0 0.00  0.0    0 14.2 32 360   M    M   0        41 350
11  62  32  47  -3  18   0 0.00  0.0    0  8.9 23 210   M    M   0        29 210
12  63  33  48  -2  17   0 0.00  0.0    0 10.5 23 340   M    M   1        30 360
13  67  36  52   2  13   0 0.00  0.0    0 10.1 23 350   M    M   0        31 360
14  67  32  50  -1  15   0 0.00  0.0    0  5.1 17 230   M    M   1        24 240
15  67  40  54   3  11   0 0.00  0.0    0 12.9 25 360   M    M   0        32 360
16  68  34  51   0  14   0 0.00  0.0    0  4.1 13  20   M    M   0        18  30
17  71  35  53   2  12   0 0.00  0.0    0  2.9 12 200   M    M   0        16 200
18  60  43  52   1  13   0 0.00  0.0    0 13.4 28 270   M    M   0        34 260
19  55  35  45  -7  20   0 0.00  0.0    0  6.6 21 290   M    M   2        29 290
20  54  28  41 -11  24   0 0.00  0.0    0  4.3 12 220   M    M   1        16 190
================================================================================
SM 1396  784       207   2  0.00     0.0 138.3          M        5
================================================================================
AV 69.8 39.2                               6.9 FASTST   M    M   0    MAX(MPH)
                                 MISC ---->  # 32 360               # 41  350
================================================================================
NOTES:
# LAST OF SEVERAL OCCURRENCES

COLUMN 17 PEAK WIND IN M.P.H.

PRELIMINARY LOCAL CLIMATOLOGICAL DATA (WS FORM: F-6) , PAGE 2

                                          STATION:  VACAVILLE AIRPORT CA
                                          MONTH:    FEBRUARY
                                          YEAR:     2018
                                          LATITUDE:   38 22 N
                                          LONGITUDE: 121 58 W

[TEMPERATURE DATA]      [PRECIPITATION DATA]       SYMBOLS USED IN COLUMN 16

AVERAGE MONTHLY: 54.5   TOTAL FOR MONTH:   0.00    1 = FOG OR MIST
DPTR FM NORMAL:   4.5   DPTR FM NORMAL:   -3.24    2 = FOG REDUCING VISIBILITY
HIGHEST:    79 ON  9    GRTST 24HR  0.00 ON 20-20      TO 1/4 MILE OR LESS
LOWEST:     28 ON 20                               3 = THUNDER
                        SNOW, ICE PELLETS, HAIL    4 = ICE PELLETS
                        TOTAL MONTH:   0.0 INCH    5 = HAIL
                        GRTST 24HR     0.0         6 = FREEZING RAIN OR DRIZZLE
                        GRTST DEPTH:   0           7 = DUSTSTORM OR SANDSTORM:
                                                       VSBY 1/2 MILE OR LESS
                                                   8 = SMOKE OR HAZE
[NO. OF DAYS WITH]      [WEATHER - DAYS WITH]      9 = BLOWING SNOW
                                                   X = TORNADO
MAX 32 OR BELOW:   0    0.01 INCH OR MORE:   0
MAX 90 OR ABOVE:   0    0.10 INCH OR MORE:   0
MIN 32 OR BELOW:   3    0.50 INCH OR MORE:   0
MIN  0 OR BELOW:   0    1.00 INCH OR MORE:   0

[HDD (BASE 65) ]
TOTAL THIS MO.   207    CLEAR  (SCALE 0-3)  20
DPTR FM NORMAL   -93    PTCLDY (SCALE 4-7)   0
TOTAL FM JUL 1  1501    CLOUDY (SCALE 8-10)  0
DPTR FM NORMAL  -378

[CDD (BASE 65) ]
TOTAL THIS MO.     2
DPTR FM NORMAL     2    [PRESSURE DATA]
TOTAL FM JAN 1     2    HIGHEST SLP M ON M
DPTR FM NORMAL     2    LOWEST  SLP 29.75 ON 11

[REMARKS]
