000
CXUS56 KSTO 271425
CF6VCB
PRELIMINARY LOCAL CLIMATOLOGICAL DATA (WS FORM: F-6)

                                          STATION:   VACAVILLE AIRPORT CA
                                          MONTH:     MAY
                                          YEAR:      2020
                                          LATITUDE:   38 22 N
                                          LONGITUDE: 121 58 W

  TEMPERATURE IN F:       :PCPN:    SNOW:  WIND      :SUNSHINE: SKY     :PK WND
================================================================================
1   2   3   4   5  6A  6B    7    8   9   10  11  12  13   14  15   16   17  18
                                     12Z  AVG MX 2MIN
DY MAX MIN AVG DEP HDD CDD  WTR  SNW DPTH SPD SPD DIR MIN PSBL S-S WX    SPD DR
================================================================================

 1  83  47  65   3   0   0 0.00  0.0    0  5.5 18 220   M    M   0        25 220
 2  75  54  65   3   0   0 0.00  0.0    0 10.0 18 260   M    M   2        26 260
 3  79  43  61  -2   4   0 0.00  0.0    0  5.1 16 240   M    M   0        20 230
 4  84  39  62  -1   3   0 0.00  0.0    0  3.9 13 180   M    M   0        18 180
 5  86  44  65   2   0   0 0.00  0.0    0  6.3 20 240   M    M   0        27 230
 6  88  44  66   2   0   1 0.00  0.0    0  7.8 21  10   M    M   0        28 360
 7  94  45  70   6   0   5 0.00  0.0    0  5.8 20  20   M    M   0        27  20
 8  95  46  71   7   0   6 0.00  0.0    0  3.0 13 220   M    M   0        16 100
 9  89  53  71   7   0   6 0.00  0.0    0  7.7 16 230   M    M   0        22 230
10  81  55  68   4   0   3 0.00  0.0    0 10.9 20 220   M    M   0        26 210
11  74  55  65   0   0   0    T  0.0    0  9.7 18 230   M    M   4 1      24 230
12  70  54  62  -3   3   0    T  0.0    0 10.2 23 230   M    M   6 1      29 230
13  68  51  60  -5   5   0    T  0.0    0  8.1 17 230   M    M   5        24 220
14  71  51  61  -4   4   0 0.00  0.0    0  7.5 16 220   M    M   6        20 220
15  81  47  64  -2   1   0 0.00  0.0    0  4.8 17 220   M    M   1        20 220
16  80  59  70   4   0   5    T  0.0    0 10.4 23 230   M    M   1        30 220
17  76  60  68   2   0   3    T  0.0    0 14.2 28 230   M    M   5 1      36 230
18  69  47  58  -8   7   0    T    M    0  9.0 21 230   M    M   4 1      30 220
19  75  48  62  -4   3   0 0.00  0.0    0  6.9 20 220   M    M   5        26 220
20  78  52  65  -2   0   0 0.00  0.0    0  5.2 14 220   M    M   1        19 220
21  86  48  67   0   0   2 0.00  0.0    0  5.3 17 250   M    M   0        22 260
22  81  53  67   0   0   2 0.00  0.0    0  8.0 18  30   M    M   0        24  40
23  88  58  73   6   0   8 0.00  0.0    0  8.2 17 350   M    M   0        24 360
24  95  49  72   4   0   7 0.00  0.0    0  4.8 17 360   M    M   0        22  30
25  98  56  77   9   0  12 0.00  0.0    0  4.6 16 250   M    M   0        21 250
26 102  60  81  13   0  16 0.00  0.0    0  4.5 14  30   M    M   0        18  30
================================================================================
SM 2146 1318        30  76    T      0.0 187.4          M       40
================================================================================
AV 82.5 50.7                               7.2 FASTST   M    M   2    MAX(MPH)
                                 MISC ---->  # 28 230               # 36  230
================================================================================
NOTES:
# LAST OF SEVERAL OCCURRENCES

COLUMN 17 PEAK WIND IN M.P.H.

PRELIMINARY LOCAL CLIMATOLOGICAL DATA (WS FORM: F-6) , PAGE 2

                                          STATION:  VACAVILLE AIRPORT CA
                                          MONTH:    MAY
                                          YEAR:     2020
                                          LATITUDE:   38 22 N
                                          LONGITUDE: 121 58 W

[TEMPERATURE DATA]      [PRECIPITATION DATA]       SYMBOLS USED IN COLUMN 16

AVERAGE MONTHLY: 66.6   TOTAL FOR MONTH:      T    1 = FOG OR MIST
DPTR FM NORMAL:   1.4   DPTR FM NORMAL:   -0.64    2 = FOG REDUCING VISIBILITY
HIGHEST:   102 ON 26    GRTST 24HR    T  ON 18-18      TO 1/4 MILE OR LESS
LOWEST:     39 ON  4                               3 = THUNDER
                        SNOW, ICE PELLETS, HAIL    4 = ICE PELLETS
                        TOTAL MONTH:   0.0 INCH    5 = HAIL
                        GRTST 24HR     0.0         6 = FREEZING RAIN OR DRIZZLE
                        GRTST DEPTH:   0           7 = DUSTSTORM OR SANDSTORM:
                                                       VSBY 1/2 MILE OR LESS
                                                   8 = SMOKE OR HAZE
[NO. OF DAYS WITH]      [WEATHER - DAYS WITH]      9 = BLOWING SNOW
                                                   X = TORNADO
MAX 32 OR BELOW:   0    0.01 INCH OR MORE:   0
MAX 90 OR ABOVE:   5    0.10 INCH OR MORE:   0
MIN 32 OR BELOW:   0    0.50 INCH OR MORE:   0
MIN  0 OR BELOW:   0    1.00 INCH OR MORE:   0

[HDD (BASE 65) ]
TOTAL THIS MO.    30    CLEAR  (SCALE 0-3)  19
DPTR FM NORMAL   -42    PTCLDY (SCALE 4-7)   7
TOTAL FM JUL 1  2215    CLOUDY (SCALE 8-10)  0
DPTR FM NORMAL  -361

[CDD (BASE 65) ]
TOTAL THIS MO.    76
DPTR FM NORMAL     2    [PRESSURE DATA]
TOTAL FM JAN 1   115    HIGHEST SLP M ON M
DPTR FM NORMAL    21    LOWEST  SLP 29.76 ON 17

[REMARKS]
