000
CXUS51 KAKQ 160833
CF6WAL
PRELIMINARY LOCAL CLIMATOLOGICAL DATA (WS FORM: F-6)

                                          STATION:   WALLOPS ISLAND VA
                                          MONTH:     OCTOBER
                                          YEAR:      2019
                                          LATITUDE:   37 55 N
                                          LONGITUDE:  75 28 W

  TEMPERATURE IN F:       :PCPN:    SNOW:  WIND      :SUNSHINE: SKY     :PK WND
================================================================================
1   2   3   4   5  6A  6B    7    8   9   10  11  12  13   14  15   16   17  18
                                     12Z  AVG MX 2MIN
DY MAX MIN AVG DEP HDD CDD  WTR  SNW DPTH SPD SPD DIR MIN PSBL S-S WX    SPD DR
================================================================================

 1  77  64  71   7   0   6 0.00  0.0    0  7.4 21 100   M    M   4        33  90
 2  93  70  82  18   0  17 0.00  0.0    0  7.2 14 260   M    M   1        19 260
 3  81  72  77  13   0  12    T  0.0    0 11.0 23  50   M    M   9 1      28  40
 4  80  55  68   5   0   3 0.00  0.0    0 11.9 20  20   M    M   4 1      29 360
 5  67  51  59  -4   6   0 0.00  0.0    0 11.5 21  50   M    M   6        26  60
 6  78  64  71   9   0   6 0.00  0.0    0 11.1 20 180   M    M  10        25 180
 7  81  65  73  11   0   8 0.00  0.0    0  8.2 16 160   M    M   3        21 150
 8  71  61  66   4   0   1    T  0.0    0 15.4 26  40   M    M  10 1      35  20
 9  63  56  60  -1   5   0 0.03  0.0    0 12.1 20 360   M    M  10 1      28 360
10  75  54  65   4   0   0    T  0.0    0 10.3 21  10   M    M   5 1      26  20
11  70  51  61   0   4   0    T  0.0    0  7.8 17  60   M    M   3        26  30
12  75  48  62   2   3   0 0.00  0.0    0  3.8 10 200   M    M   2        14 220
13  71  56  64   4   1   0 0.30  0.0    0  6.8 15  70   M    M   6 1      28  90
14  75  55  65   5   0   0 0.75  0.0    0  5.1 13 320   M    M   4 1      18 340
15  70  53  62   3   3   0 0.00  0.0    0  7.7 16  60   M    M   1 1      20 170
================================================================================
SM 1127  875        22  53  1.08     0.0 137.3          M       78
================================================================================
AV 75.1 58.3                               9.2 FASTST   M    M   5    MAX(MPH)
                                 MISC ---->  # 26  40               # 35   20
================================================================================
NOTES:
# LAST OF SEVERAL OCCURRENCES

COLUMN 17 PEAK WIND IN M.P.H.

PRELIMINARY LOCAL CLIMATOLOGICAL DATA (WS FORM: F-6) , PAGE 2

                                          STATION:  WALLOPS ISLAND VA
                                          MONTH:    OCTOBER
                                          YEAR:     2019
                                          LATITUDE:   37 55 N
                                          LONGITUDE:  75 28 W

[TEMPERATURE DATA]      [PRECIPITATION DATA]       SYMBOLS USED IN COLUMN 16

AVERAGE MONTHLY: 66.7   TOTAL FOR MONTH:   1.08    1 = FOG OR MIST
DPTR FM NORMAL:   5.0   DPTR FM NORMAL:   -0.45    2 = FOG REDUCING VISIBILITY
HIGHEST:    93 ON  2    GRTST 24HR  0.75 ON 14-14      TO 1/4 MILE OR LESS
LOWEST:     48 ON 12                               3 = THUNDER
                        SNOW, ICE PELLETS, HAIL    4 = ICE PELLETS
                        TOTAL MONTH:   0.0 INCH    5 = HAIL
                        GRTST 24HR     0.0         6 = FREEZING RAIN OR DRIZZLE
                        GRTST DEPTH:   0           7 = DUSTSTORM OR SANDSTORM:
                                                       VSBY 1/2 MILE OR LESS
                                                   8 = SMOKE OR HAZE
[NO. OF DAYS WITH]      [WEATHER - DAYS WITH]      9 = BLOWING SNOW
                                                   X = TORNADO
MAX 32 OR BELOW:   0    0.01 INCH OR MORE:   3
MAX 90 OR ABOVE:   1    0.10 INCH OR MORE:   2
MIN 32 OR BELOW:   0    0.50 INCH OR MORE:   1
MIN  0 OR BELOW:   0    1.00 INCH OR MORE:   0

[HDD (BASE 65) ]
TOTAL THIS MO.    22    CLEAR  (SCALE 0-3)   5
DPTR FM NORMAL   -50    PTCLDY (SCALE 4-7)   6
TOTAL FM JUL 1    31    CLOUDY (SCALE 8-10)  4
DPTR FM NORMAL   -72

[CDD (BASE 65) ]
TOTAL THIS MO.    53
DPTR FM NORMAL    30    [PRESSURE DATA]
TOTAL FM JAN 1  1800    HIGHEST SLP M ON M
DPTR FM NORMAL   613    LOWEST  SLP 29.85 ON  2

[REMARKS]
