000
CXUS55 KBOU 010900
CF6AKO
PRELIMINARY LOCAL CLIMATOLOGICAL DATA (WS FORM: F-6)
STATION: AKRON CO
MONTH: AUGUST
YEAR: 2023
LATITUDE: 40 10 N
LONGITUDE: 103 13 W
TEMPERATURE IN F: :PCPN: SNOW: WIND :SUNSHINE: SKY :PK WND
================================================================================
1 2 3 4 5 6A 6B 7 8 9 10 11 12 13 14 15 16 17 18
12Z AVG MX 2MIN
DY MAX MIN AVG DEP HDD CDD WTR SNW DPTH SPD SPD DIR MIN PSBL S-S WX SPD DR
================================================================================
1 87 63 75 0 0 10 0.72 M M 7.1 32 230 M M 3 13 49 230
2 87 61 74 -1 0 9 0.00 M M 9.2 28 360 M M 1 37 360
3 85 62 74 0 0 9 T M M 6.8 21 200 M M 2 3 30 190
4 88 60 74 0 0 9 0.00 M M 7.2 22 360 M M 1 34 360
5 84 56 70 -4 0 5 0.08 M M 9.7 35 10 M M 1 138 51 10
6 76 53 65 -9 0 0 0.00 M M 8.8 18 320 M M 1 24 320
7 84 56 70 -4 0 5 T M M 8.4 30 320 M M 0 3 43 340
8 84 56 70 -4 0 5 0.00 M M 10.2 25 80 M M 1 3 34 50
9 81 55 68 -6 0 3 0.04 M M 10.4 22 310 M M 2 123 30 310
10 90 60 75 1 0 10 T M M 13.4 36 300 M M 0 3 49 310
11 91 62 77 4 0 12 0.00 M M 12.2 25 310 M M 0 35 320
12 85 63 74 1 0 9 0.00 M M 8.7 23 220 M M 1 3 31 220
13 74 49 62 -11 3 0 0.00 M M 16.3 36 360 M M 3 45 350
14 79 44 62 -11 3 0 0.00 M M 8.3 16 320 M M 0 26 330
15 89 54 72 -1 0 7 0.00 M M 8.4 14 150 M M 0 20 190
16 99 60 80 7 0 15 0.00 M M 11.7 20 260 M M 0 27 350
17 88 58 73 1 0 8 0.00 M M 10.7 20 150 M M 0 29 190
18 98 66 82 10 0 17 0.00 M M 8.7 20 190 M M 0 29 190
19 96 65 81 9 0 16 0.00 M M 11.4 20 90 M M 0 27 70
20 94 66 80 8 0 15 0.00 M M 13.5 24 170 M M 3 34 150
21 98 73 86 14 0 21 0.00 M M 15.8 25 210 M M 0 36 190
22 98 76 87 15 0 22 0.00 M M 16.9 23 200 M M 0 36 180
23 96 65 81 10 0 16 0.00 M M 8.6 16 180 M M 0 24 180
24 95 65 80 9 0 15 0.00 M M 7.6 15 150 M M 1 21 160
25 77 56 67 -4 0 2 0.64 M M 14.5 38 30 M M 6 138 51 20
26 78 57 68 -3 0 3 0.05 M M 6.1 13 160 M M 4 1 18 150
27 87 57 72 1 0 7 0.06 M M 9.4 31 350 M M 2 3 40 360
28 81 56 69 -1 0 4 T M M 7.8 26 300 M M 2 12 36 300
29 83 54 69 -1 0 4 0.00 M M 7.0 14 280 M M 0 18 290
30 92 60 76 6 0 11 0.00 M M 12.5 21 190 M M 0 29 190
31 94 58 76 6 0 11 0.00 M M 10.2 18 330 M M 0 25 320
================================================================================
SM 2718 1846 6 280 1.59 M 317.5 M 34
================================================================================
AV 87.7 59.5 10.2 FASTST M M 1 MAX(MPH)
MISC ----> 38 30 # 51 20
================================================================================
NOTES:
# LAST OF SEVERAL OCCURRENCES
COLUMN 17 PEAK WIND IN M.P.H.
PRELIMINARY LOCAL CLIMATOLOGICAL DATA (WS FORM: F-6) , PAGE 2
STATION: AKRON CO
MONTH: AUGUST
YEAR: 2023
LATITUDE: 40 10 N
LONGITUDE: 103 13 W
[TEMPERATURE DATA] [PRECIPITATION DATA] SYMBOLS USED IN COLUMN 16
AVERAGE MONTHLY: 73.6 TOTAL FOR MONTH: 1.59 1 = FOG OR MIST
DPTR FM NORMAL: 1.1 DPTR FM NORMAL: -0.77 2 = FOG REDUCING VISIBILITY
HIGHEST: 99 ON 16 GRTST 24HR 0.74 ON 31- 1 TO 1/4 MILE OR LESS
LOWEST: 44 ON 14 3 = THUNDER
SNOW, ICE PELLETS, HAIL 4 = ICE PELLETS
TOTAL MONTH: M 5 = HAIL
GRTST 24HR M ON M 6 = FREEZING RAIN OR DRIZZLE
GRTST DEPTH: M ON M 7 = DUSTSTORM OR SANDSTORM:
VSBY 1/2 MILE OR LESS
8 = SMOKE OR HAZE
[NO. OF DAYS WITH] [WEATHER - DAYS WITH] 9 = BLOWING SNOW
X = TORNADO
MAX 32 OR BELOW: 0 0.01 INCH OR MORE: 6
MAX 90 OR ABOVE: 12 0.10 INCH OR MORE: 2
MIN 32 OR BELOW: 0 0.50 INCH OR MORE: 2
MIN 0 OR BELOW: 0 1.00 INCH OR MORE: 0
[HDD (BASE 65) ]
TOTAL THIS MO. 6 CLEAR (SCALE 0-3) 29
DPTR FM NORMAL -6 PTCLDY (SCALE 4-7) 2
TOTAL FM JUL 1 15 CLOUDY (SCALE 8-10) 0
DPTR FM NORMAL 1
[CDD (BASE 65) ]
TOTAL THIS MO. 280
DPTR FM NORMAL 35 [PRESSURE DATA]
TOTAL FM JAN 1 610 HIGHEST SLP M ON M
DPTR FM NORMAL -110 LOWEST SLP 29.69 ON 18
[REMARKS]
#FINAL-08-23#