000
CXUS51 KOKX 011438
CLSEWR

CLIMATE REPORT
NATIONAL WEATHER SERVICE NEW YORK NY
1036 AM EDT SUN SEP 1 2019

...................................

...THE NEWARK NJ CLIMATE SUMMARY FOR THE SEASON, FROM
6/1/2019 TO 8/31/2019...

CLIMATE NORMAL PERIOD 1981 TO 2010
CLIMATE RECORD PERIOD 1929 TO 2019

WEATHER         OBSERVED          NORMAL  DEPART  LAST YEAR`S
                 VALUE   DATE(S)  VALUE   FROM    VALUE
                                          NORMAL
.............................................................
TEMPERATURE (F)
RECORD
 HIGH             108   07/22/2011
 LOW               41   06/01/1938
HIGHEST            99   07/21        MM      MM
LOWEST             52   06/04        MM      MM
AVG. MAXIMUM     85.0              83.9     1.1
AVG. MINIMUM     68.1              66.5     1.6
MEAN             76.5              75.2     1.3
DAYS MAX >= 90     22              18.3     3.7
DAYS MAX <= 32      0               0.0     0.0
DAYS MIN <= 32      0               0.0     0.0
DAYS MIN <= 0       0               0.0     0.0

PRECIPITATION (INCHES)
RECORD
 MAXIMUM        23.57   2011
 MINIMUM         4.46   1966
TOTALS          18.76             12.48    6.28    14.04
DAILY AVG.       0.20              0.14    0.06
DAYS >= .01        30              30.8    -0.8
DAYS >= .10        24              19.5     4.5
DAYS >= .50        16               8.3     7.7
DAYS >= 1.00        7               3.7     3.3
GREATEST
 24 HR. TOTAL    1.78   MM
 STORM TOTAL       MM
 (MM/DD(HH))            MM

SNOWFALL (INCHES)
RECORDS
 TOTAL              T   2011
                        2009
                        2008
 24 HR TOTAL       MM
TOTALS            0.0               0.0     0.0
 LIQUID EQUIV    0.00              0.00    0.00
SINCE 7/1         0.0               0.0     0.0
 LIQUID 7/1      0.00
DAYS >= TRACE       0               0.0     0.0
DAYS >= 1.0         0               0.0     0.0
GREATEST
 SNOW DEPTH         0   MM
 24 HR TOTAL      0.0   MM
 STORM TOTAL       MM
 (MM/DD(HH))            MM

DEGREE_DAYS
HEATING TOTAL       4                18     -14
 SINCE 7/1          0                 1      -1
COOLING TOTAL    1090               957     133
 SINCE 1/1       1175              1034     141
..............................................................

WIND (MPH)
AVERAGE WIND SPEED              8.2
HIGHEST WIND SPEED/DIRECTION   213/330    DATE  08/08
HIGHEST GUST SPEED/DIRECTION    54/240    DATE  06/29

SKY COVER
POSSIBLE SUNSHINE (PERCENT)   MM
AVERAGE SKY COVER           0.60
NUMBER OF DAYS FAIR           12
NUMBER OF DAYS PC             52
NUMBER OF DAYS CLOUDY         28

AVERAGE RH (PERCENT)     64

WEATHER CONDITIONS. NUMBER OF DAYS WITH
  0
 17
  0
  0
  0
  0
  2
HAZE                      4

-  INDICATES NEGATIVE NUMBERS.
R  INDICATES RECORD WAS SET OR TIED.
MM INDICATES DATA IS MISSING.
T  INDICATES TRACE AMOUNT.

$$
