000
CXUS51 KPBZ 010730
CF6HLG
PRELIMINARY LOCAL CLIMATOLOGICAL DATA (WS FORM: F-6)
STATION: WHEELING WV
MONTH: MAY
YEAR: 2023
LATITUDE: 40 10 N
LONGITUDE: 80 39 W
TEMPERATURE IN F: :PCPN: SNOW: WIND :SUNSHINE: SKY :PK WND
================================================================================
1 2 3 4 5 6A 6B 7 8 9 10 11 12 13 14 15 16 17 18
12Z AVG MX 2MIN
DY MAX MIN AVG DEP HDD CDD WTR SNW DPTH SPD SPD DIR MIN PSBL S-S WX SPD DR
================================================================================
1 50 38 44 -13 21 0 0.30 M M 12.9 26 260 M M 9 1 38 240
2 45 37 41 -17 24 0 0.14 M M 12.7 24 260 M M 10 1 37 250
3 52 37 45 -13 20 0 0.11 M M 10.9 25 310 M M 10 1 37 310
4 60 45 53 -5 12 0 T M M 6.0 16 290 M M 8 22 300
5 68 39 54 -4 11 0 0.00 M M 4.2 12 30 M M 1 14 10
6 75 44 60 1 5 0 0.00 M M 5.6 12 70 M M 0 16 100
7 66 57 62 3 3 0 0.28 M M 6.7 14 230 M M 8 1 20 240
8 74 61 68 9 0 3 T M M 6.7 13 360 M M 5 1 18 350
9 72 51 62 2 3 0 0.13 M M 8.2 17 310 M M 4 1 21 320
10 71 44 58 -2 7 0 0.00 M M 5.1 12 30 M M 0 15 50
11 79 46 63 3 2 0 0.00 M M 1.6 9 310 M M 0 8 11 290
12 81 49 65 5 0 0 T M M 2.2 8 290 M M 3 8 10 260
13 69 56 63 3 2 0 0.17 M M 3.8 14 200 M M 7 1 16 200
14 76 56 66 5 0 1 T M M 7.9 17 360 M M 2 1 22 350
15 76 53 65 4 0 0 0.00 M M 4.8 12 320 M M 0 14 320
16 71 49 60 -1 5 0 T M M 5.4 18 230 M M 2 24 240
17 65 44 55 -7 10 0 0.00 M M 8.8 17 340 M M 0 1 21 350
18 75 37 56 -6 9 0 0.00 M M 4.7 12 120 M M 1 16 130
19 73 59 66 4 0 1 0.11 M M 9.6 17 180 M M 7 23 180
20 67 52 60 -2 5 0 0.63 M M 7.5 17 310 M M 7 18 21 320
21 72 46 59 -3 6 0 0.00 M M 4.1 13 340 M M 0 1 16 280
22 76 46 61 -2 4 0 0.00 M M 3.0 12 50 M M 1 15 70
23 78 58 68 5 0 3 0.00 M M 6.7 14 150 M M 4 18 130
24 79 52 66 3 0 1 0.00 M M 7.2 22 350 M M 2 27 340
25 68 44 56 -8 9 0 0.00 M M 11.8 20 50 M M 0 26 60
26 73 47 60 -4 5 0 0.00 M M 9.2 16 40 M M 0 20 40
27 77 44 61 -3 4 0 0.00 M M 7.0 18 100 M M 0 24 110
28 76 52 64 0 1 0 0.00 M M 5.9 17 80 M M 2 22 60
29 83 59 71 6 0 6 0.00 M M 6.5 16 60 M M 3 23 40
30 82 61 72 7 0 7 0.00 M M 8.6 16 110 M M 0 21 150
31 82 57 70 5 0 5 0.00 M M 4.6 13 120 M M 0 15 100
================================================================================
SM 2211 1520 168 27 1.87 M 209.9 M 96
================================================================================
AV 71.3 49.0 6.8 FASTST M M 3 MAX(MPH)
MISC ----> 26 260 38 240
================================================================================
NOTES:
# LAST OF SEVERAL OCCURRENCES
COLUMN 17 PEAK WIND IN M.P.H.
PRELIMINARY LOCAL CLIMATOLOGICAL DATA (WS FORM: F-6) , PAGE 2
STATION: WHEELING WV
MONTH: MAY
YEAR: 2023
LATITUDE: 40 10 N
LONGITUDE: 80 39 W
[TEMPERATURE DATA] [PRECIPITATION DATA] SYMBOLS USED IN COLUMN 16
AVERAGE MONTHLY: 60.2 TOTAL FOR MONTH: 1.87 1 = FOG OR MIST
DPTR FM NORMAL: -1.0 DPTR FM NORMAL: -2.13 2 = FOG REDUCING VISIBILITY
HIGHEST: 83 ON 29 GRTST 24HR 0.63 ON 20-20 TO 1/4 MILE OR LESS
LOWEST: 37 ON 18, 3 3 = THUNDER
SNOW, ICE PELLETS, HAIL 4 = ICE PELLETS
TOTAL MONTH: M 5 = HAIL
GRTST 24HR M ON M 6 = FREEZING RAIN OR DRIZZLE
GRTST DEPTH: M ON M 7 = DUSTSTORM OR SANDSTORM:
VSBY 1/2 MILE OR LESS
8 = SMOKE OR HAZE
[NO. OF DAYS WITH] [WEATHER - DAYS WITH] 9 = BLOWING SNOW
X = TORNADO
MAX 32 OR BELOW: 0 0.01 INCH OR MORE: 8
MAX 90 OR ABOVE: 0 0.10 INCH OR MORE: 8
MIN 32 OR BELOW: 0 0.50 INCH OR MORE: 1
MIN 0 OR BELOW: 0 1.00 INCH OR MORE: 0
[HDD (BASE 65) ]
TOTAL THIS MO. 168 CLEAR (SCALE 0-3) 18
DPTR FM NORMAL -1 PTCLDY (SCALE 4-7) 10
TOTAL FM JUL 1 4605 CLOUDY (SCALE 8-10) 3
DPTR FM NORMAL -783
[CDD (BASE 65) ]
TOTAL THIS MO. 27
DPTR FM NORMAL -26 [PRESSURE DATA]
TOTAL FM JAN 1 50 HIGHEST SLP 30.32 ON 27
DPTR FM NORMAL -15 LOWEST SLP 29.33 ON 1
[REMARKS]
#FINAL-05-23#