000
CXUS55 KRIW 010945
CF6BYG
PRELIMINARY LOCAL CLIMATOLOGICAL DATA (WS FORM: F-6)

                                          STATION:   BUFFALO WY
                                          MONTH:     MARCH
                                          YEAR:      2020
                                          LATITUDE:   44 22 N
                                          LONGITUDE: 106 43 W

  TEMPERATURE IN F:       :PCPN:    SNOW:  WIND      :SUNSHINE: SKY     :PK WND
================================================================================
1   2   3   4   5  6A  6B    7    8   9   10  11  12  13   14  15   16   17  18
                                     12Z  AVG MX 2MIN
DY MAX MIN AVG DEP HDD CDD  WTR  SNW DPTH SPD SPD DIR MIN PSBL S-S WX    SPD DR
================================================================================

 1  33  18  26  -4  39   0 0.00    M    M 16.3 32 340   M    M   9        40 350
 2  41  15  28  -3  37   0    T    M    M  5.8 29 340   M    M   3 1      42 340
 3  45  20  33   2  32   0    T    M    M  8.6 41 320   M    M   4        59 320
 4  53  27  40   9  25   0 0.02    M    M 15.2 40 270   M    M   3 128    52 350
 5  49  18  34   2  31   0 0.00    M    M  9.2 24 330   M    M   1        34 330
 6  63  40  52  20  13   0 0.00    M    M  9.0 23 270   M    M   0        31 280
 7  64  42  53  21  12   0 0.00    M    M 11.1 25 230   M    M   0        36 240
 8  50  29  40   8  25   0    T    M    M 12.3 28 330   M    M   7 1      35 350
 9  51  26  39   7  26   0 0.07    M    M  8.2 17 320   M    M   6 1      24 310
10  48  31  40   7  25   0 0.09    M    M  4.1 13 100   M    M   5 12     18 130
11  58  31  45  12  20   0 0.03    M    M 12.1 32 330   M    M   4 1      46 340
12  31  20  26  -7  39   0 0.03    M    M 12.5 33 330   M    M   6 12     48 330
13  29  20  25  -9  40   0 0.09    M    M  9.0 17 150   M    M   8 1      24 150
14  38  26  32  -2  33   0 0.00    M    M 11.5 24 170   M    M  10 1      30 150
15  31  16  24 -10  41   0    T    M    M  9.1 16 330   M    M  10 1268   20 350
16  29  16  23 -11  42   0 0.00    M    M  4.7 14 340   M    M   7 128    17 340
17  55  24  40   5  25   0 0.00    M    M 13.5 23 180   M    M   1        31 180
18  43  26  35   0  30   0 0.00    M    M  9.3 17 330   M    M   6        25 150
19  28  18  23 -12  42   0 0.01    M    M 15.5 30 350   M    M  10 18     38 350
20  38  17  28  -7  37   0    T    M    M  9.8 23 170   M    M   6 18     29 160
21  53  27  40   4  25   0 0.00    M    M  4.9 14 360   M    M   2        18  10
22  42  28  35  -1  30   0    T    M    M  7.3 21 340   M    M   5        26 350
23  58  26  42   6  23   0 0.00  0.0    M  5.4 14  10   M    M   1        20 130
24  49  33  41   5  24   0 0.00  0.0    M  8.6 21 350   M    M   6        27 330
25  44  31  38   1  27   0 0.00  0.0    M  6.3 20 330   M    M  10 18     28 330
26  43  25  34  -3  31   0    T    M    M  7.5 17 360   M    M   6 128    25 350
27  45  24  35  -2  30   0 0.00    M    M  7.8 16 230   M    M   5        19 220
28  48  25  37  -1  28   0 0.00    M    M  9.2 20 320   M    M   5        27 320
29  56  29  43   5  22   0 0.00    M    M  8.7 17 110   M    M   1        26 100
30  59  32  46   8  19   0 0.00    M    M  7.0 16 290   M    M   1        22 130
31  57  37  47   9  18   0 0.03    M    M 11.4 29 350   M    M   5        38 350
================================================================================
SM 1431  797       891   0  0.37     0.0 290.9          M      153
================================================================================
AV 46.2 25.7                               9.4 FASTST   M    M   5    MAX(MPH)
                                 MISC ---->  # 41 320               # 59  320
================================================================================
NOTES:
# LAST OF SEVERAL OCCURRENCES

COLUMN 17 PEAK WIND IN M.P.H.

PRELIMINARY LOCAL CLIMATOLOGICAL DATA (WS FORM: F-6) , PAGE 2

                                          STATION:  BUFFALO WY
                                          MONTH:    MARCH
                                          YEAR:     2020
                                          LATITUDE:   44 22 N
                                          LONGITUDE: 106 43 W

[TEMPERATURE DATA]      [PRECIPITATION DATA]       SYMBOLS USED IN COLUMN 16

AVERAGE MONTHLY: 35.9   TOTAL FOR MONTH:   0.37    1 = FOG OR MIST
DPTR FM NORMAL:   1.6   DPTR FM NORMAL:   -0.55    2 = FOG REDUCING VISIBILITY
HIGHEST:    64 ON  7    GRTST 24HR  0.09 ON 13-13      TO 1/4 MILE OR LESS
LOWEST:     15 ON  2                               3 = THUNDER
                        SNOW, ICE PELLETS, HAIL    4 = ICE PELLETS
                        TOTAL MONTH:   0.0 INCH    5 = HAIL
                        GRTST 24HR     0.0         6 = FREEZING RAIN OR DRIZZLE
                        GRTST DEPTH:  M  ON   M    7 = DUSTSTORM OR SANDSTORM:
                                                       VSBY 1/2 MILE OR LESS
                                                   8 = SMOKE OR HAZE
[NO. OF DAYS WITH]      [WEATHER - DAYS WITH]      9 = BLOWING SNOW
                                                   X = TORNADO
MAX 32 OR BELOW:   5    0.01 INCH OR MORE:   8
MAX 90 OR ABOVE:   0    0.10 INCH OR MORE:   0
MIN 32 OR BELOW:  27    0.50 INCH OR MORE:   0
MIN  0 OR BELOW:   0    1.00 INCH OR MORE:   0

[HDD (BASE 65) ]
TOTAL THIS MO.   891    CLEAR  (SCALE 0-3)   9
DPTR FM NORMAL   -59    PTCLDY (SCALE 4-7)  16
TOTAL FM JUL 1  6219    CLOUDY (SCALE 8-10)  6
DPTR FM NORMAL    29

[CDD (BASE 65) ]
TOTAL THIS MO.     0
DPTR FM NORMAL     0    [PRESSURE DATA]
TOTAL FM JAN 1     0    HIGHEST SLP 30.46 ON 20
DPTR FM NORMAL     0    LOWEST  SLP 29.54 ON  8

[REMARKS]
#FINAL-03-20#
