000
CXUS55 KRIW 160945
CF6CPR
PRELIMINARY LOCAL CLIMATOLOGICAL DATA (WS FORM: F-6)

                                          STATION:   CASPER WY
                                          MONTH:     FEBRUARY
                                          YEAR:      2020
                                          LATITUDE:   42 55 N
                                          LONGITUDE: 106 28 W

  TEMPERATURE IN F:       :PCPN:    SNOW:  WIND      :SUNSHINE: SKY     :PK WND
================================================================================
1   2   3   4   5  6A  6B    7    8   9   10  11  12  13   14  15   16   17  18
                                     12Z  AVG MX 2MIN
DY MAX MIN AVG DEP HDD CDD  WTR  SNW DPTH SPD SPD DIR MIN PSBL S-S WX    SPD DR
================================================================================

 1  42  31  37  12  28   0 0.00  0.0    2 27.5 38 220   M    M   0        49 210
 2  42  22  32   7  33   0 0.03    T    1 21.3 37 220   M    M   2 1      49 220
 3  22  11  17  -8  48   0 0.24 15.2   12 22.6 36  70   M    M  10 12     45  60
 4  12  -4   4 -21  61   0 0.04  0.5   11 10.2 26 200   M    M   5 18     35 210
 5  19   4  12 -13  53   0 0.00  0.0    8 22.4 29 210   M    M   4 89     36 210
 6  30  16  23  -2  42   0 0.11  2.8    6 11.5 31 200   M    M   8 18     38 200
 7  29  18  24  -1  41   0    T    T    8  9.2 16 230   M    M   9        21 230
 8  40  15  28   3  37   0 0.01  0.2    5 15.9 40 210   M    M   1 18     55 210
 9  26  18  22  -3  43   0 0.01  0.1    5 14.9 31  10   M    M   7 1      37  20
10  27   7  17  -9  48   0    T    T    4  9.2 24 220   M    M   8 18     30 210
11  25   5  15 -11  50   0    T  0.0    4 24.0 41 220   M    M   3 8      52 210
12  26   2  14 -12  51   0 0.16  3.9    7  9.5 25 210   M    M   9 128    33 200
13  27  -6  11 -15  54   0    T    T    7 12.0 32 210   M    M   4 1      40 210
14  39  19  29   3  36   0 0.00  0.0    5 23.4 45 230   M    M   2 9      57 230
15  30  14  22  -4  43   0 0.00  0.0    5 15.9 35 220   M    M   2        42 220
================================================================================
SM  436  172       668   0  0.60    22.7 249.5          M       74
================================================================================
AV 29.1 11.5                              16.6 FASTST   M    M   5    MAX(MPH)
                                 MISC ---->  # 45 230               # 57  230
================================================================================
NOTES:
# LAST OF SEVERAL OCCURRENCES

COLUMN 17 PEAK WIND IN M.P.H.

PRELIMINARY LOCAL CLIMATOLOGICAL DATA (WS FORM: F-6) , PAGE 2

                                          STATION:  CASPER WY
                                          MONTH:    FEBRUARY
                                          YEAR:     2020
                                          LATITUDE:   42 55 N
                                          LONGITUDE: 106 28 W

[TEMPERATURE DATA]      [PRECIPITATION DATA]       SYMBOLS USED IN COLUMN 16

AVERAGE MONTHLY: 20.3   TOTAL FOR MONTH:   0.60    1 = FOG OR MIST
DPTR FM NORMAL:  -5.1   DPTR FM NORMAL:    0.31    2 = FOG REDUCING VISIBILITY
HIGHEST:    42 ON  2, 1 GRTST 24HR  0.24 ON  3- 3      TO 1/4 MILE OR LESS
LOWEST:     -6 ON 13                               3 = THUNDER
                        SNOW, ICE PELLETS, HAIL    4 = ICE PELLETS
                        TOTAL MONTH:  22.7 INCHES  5 = HAIL
                        GRTST 24HR  15.2 ON  3- 3  6 = FREEZING RAIN OR DRIZZLE
                        GRTST DEPTH:  12 ON  3     7 = DUSTSTORM OR SANDSTORM:
                                                       VSBY 1/2 MILE OR LESS
                                                   8 = SMOKE OR HAZE
[NO. OF DAYS WITH]      [WEATHER - DAYS WITH]      9 = BLOWING SNOW
                                                   X = TORNADO
MAX 32 OR BELOW:  11    0.01 INCH OR MORE:   7
MAX 90 OR ABOVE:   0    0.10 INCH OR MORE:   3
MIN 32 OR BELOW:  15    0.50 INCH OR MORE:   0
MIN  0 OR BELOW:   2    1.00 INCH OR MORE:   0

[HDD (BASE 65) ]
TOTAL THIS MO.   668    CLEAR  (SCALE 0-3)   6
DPTR FM NORMAL    74    PTCLDY (SCALE 4-7)   5
TOTAL FM JUL 1  5048    CLOUDY (SCALE 8-10)  4
DPTR FM NORMAL    77

[CDD (BASE 65) ]
TOTAL THIS MO.     0
DPTR FM NORMAL     0    [PRESSURE DATA]
TOTAL FM JAN 1     0    HIGHEST SLP M ON M
DPTR FM NORMAL     0    LOWEST  SLP 29.37 ON  3

[REMARKS]
