925
CXUS56 KPQR 011200
CF6VUO
PRELIMINARY LOCAL CLIMATOLOGICAL DATA (WS FORM: F-6)
STATION: VANCOUVER WA
MONTH: JULY
YEAR: 2020
LATITUDE: 45 37 N
LONGITUDE: 122 39 W
TEMPERATURE IN F: :PCPN: SNOW: WIND :SUNSHINE: SKY :PK WND
================================================================================
1 2 3 4 5 6A 6B 7 8 9 10 11 12 13 14 15 16 17 18
12Z AVG MX 2MIN
DY MAX MIN AVG DEP HDD CDD WTR SNW DPTH SPD SPD DIR MIN PSBL S-S WX SPD DR
================================================================================
1 68 56 62 -4 3 0 0.04 M M 4.3 14 270 M M 10 8 17 280
2 72 57 65 -1 0 0 0.00 M M 3.5 9 320 M M 6 14 290
3 71 54 63 -3 2 0 0.00 M M 3.9 12 310 M M 5 15 320
4 73 58 66 -1 0 1 0.00 M M 4.7 12 310 M M 6 17 290
5 75 58 67 0 0 2 0.00 M M 4.8 13 320 M M 4 18 320
6 69 56 63 -4 2 0 0.00 M M 4.6 10 320 M M 9 15 270
7 69 57 63 -4 2 0 0.04 M M 3.3 13 310 M M 10 8 18 320
8 75 57 66 -1 0 1 0.00 M M 4.3 13 270 M M 6 20 290
9 78 56 67 -1 0 2 0.00 M M 4.0 13 310 M M 8 19 320
10 80 58 69 1 0 4 0.00 M M 5.4 12 260 M M 4 15 270
11 77 54 66 -2 0 1 0.00 M M 4.2 15 330 M M 3 22 320
12 77 59 68 0 0 3 0.00 M M 5.4 13 320 M M 6 20 290
13 80 51 66 -2 0 1 0.00 M M 5.9 15 310 M M 0 22 310
14 85 56 71 3 0 6 0.00 M M 6.2 16 300 M M 0 22 300
15 87 61 74 5 0 9 0.00 M M 6.9 17 320 M M 0 23 310
16 83 61 72 3 0 7 0.00 M M 4.8 16 320 M M 2 23 310
17 73 61 67 -2 0 2 0.00 M M 7.8 16 300 M M 5 23 290
18 85 56 71 2 0 6 0.00 M M 7.6 18 310 M M 0 26 320
19 90 57 74 5 0 9 0.00 M M 5.9 17 290 M M 0 23 310
20 94 60 77 8 0 12 0.00 M M 5.7 13 300 M M 0 19 300
21 88 62 75 6 0 10 0.00 M M 6.0 14 320 M M 0 19 320
22 81 62 72 2 0 7 0.00 M M 4.7 12 310 M M 6 8 17 340
23 76 60 68 -2 0 3 0.00 M M 5.5 13 300 M M 5 19 290
24 71 58 65 -5 0 0 0.00 M M 6.6 13 300 M M 7 17 290
25 82 51 67 -3 0 2 0.00 M M 7.2 17 310 M M 1 25 300
26 100 57 79 9 0 14 0.00 M M 4.5 15 90 M M 0 19 80
27 99 62 81 11 0 16 0.00 M M 4.1 13 320 M M 0 17 310
28 89 61 75 5 0 10 0.00 M M 4.8 13 300 M M 0 17 330
29 93 60 77 7 0 12 0.00 M M 4.6 12 290 M M 0 17 280
30 96 62 79 9 0 14 0.00 M M 4.8 14 270 M M 0 18 290
31 89 63 76 6 0 11 0.00 M M 3.9 14 320 M M 0 20 320
================================================================================
SM 2525 1801 9 165 0.08 M 159.9 M 103
================================================================================
AV 81.5 58.1 5.2 FASTST M M 3 MAX(MPH)
MISC ----> # 18 310 # 26 320
================================================================================
NOTES:
# LAST OF SEVERAL OCCURRENCES
COLUMN 17 PEAK WIND IN M.P.H.
PRELIMINARY LOCAL CLIMATOLOGICAL DATA (WS FORM: F-6) , PAGE 2
STATION: VANCOUVER WA
MONTH: JULY
YEAR: 2020
LATITUDE: 45 37 N
LONGITUDE: 122 39 W
[TEMPERATURE DATA] [PRECIPITATION DATA] SYMBOLS USED IN COLUMN 16
AVERAGE MONTHLY: 69.8 TOTAL FOR MONTH: 0.08 1 = FOG OR MIST
DPTR FM NORMAL: 1.4 DPTR FM NORMAL: -0.61 2 = FOG REDUCING VISIBILITY
HIGHEST: 100 ON 26 GRTST 24HR 0.04 ON 7- 7 TO 1/4 MILE OR LESS
LOWEST: 51 ON 25,13 3 = THUNDER
SNOW, ICE PELLETS, HAIL 4 = ICE PELLETS
TOTAL MONTH: M 5 = HAIL
GRTST 24HR M ON M 6 = FREEZING RAIN OR DRIZZLE
GRTST DEPTH: M ON M 7 = DUSTSTORM OR SANDSTORM:
VSBY 1/2 MILE OR LESS
8 = SMOKE OR HAZE
[NO. OF DAYS WITH] [WEATHER - DAYS WITH] 9 = BLOWING SNOW
X = TORNADO
MAX 32 OR BELOW: 0 0.01 INCH OR MORE: 2
MAX 90 OR ABOVE: 6 0.10 INCH OR MORE: 0
MIN 32 OR BELOW: 0 0.50 INCH OR MORE: 0
MIN 0 OR BELOW: 0 1.00 INCH OR MORE: 0
[HDD (BASE 65) ]
TOTAL THIS MO. 9 CLEAR (SCALE 0-3) 16
DPTR FM NORMAL -11 PTCLDY (SCALE 4-7) 12
TOTAL FM JUL 1 9 CLOUDY (SCALE 8-10) 3
DPTR FM NORMAL -11
[CDD (BASE 65) ]
TOTAL THIS MO. 165
DPTR FM NORMAL 38 [PRESSURE DATA]
TOTAL FM JAN 1 249 HIGHEST SLP 30.21 ON 4
DPTR FM NORMAL 67 LOWEST SLP 29.77 ON 27
[REMARKS]
#FINAL-07-20#