000
CXUS53 KBIS 010930
CF6HEI
PRELIMINARY LOCAL CLIMATOLOGICAL DATA (WS FORM: F-6)
STATION: HETTINGER ND
MONTH: FEBRUARY
YEAR: 2021
LATITUDE: 46 0 N
LONGITUDE: 102 39 W
TEMPERATURE IN F: :PCPN: SNOW: WIND :SUNSHINE: SKY :PK WND
================================================================================
1 2 3 4 5 6A 6B 7 8 9 10 11 12 13 14 15 16 17 18
12Z AVG MX 2MIN
DY MAX MIN AVG DEP HDD CDD WTR SNW DPTH SPD SPD DIR MIN PSBL S-S WX SPD DR
================================================================================
1 50 7 29 11 36 0 0.00 M M 4.8 13 180 M M 0 17 190
2 54 17 36 18 29 0 0.00 M M 4.8 12 170 M M 0 14 160
3 38 8 23 5 42 0 T M M 14.5 33 330 M M 4 12 45 340
4 23 4 14 -4 51 0 0.00 M M 17.0 32 300 M M 1 42 300
5 18 -5 7 -12 58 0 T M M 12.8 23 300 M M 5 29 290
6 2 -15 -6 -25 71 0 T M M 9.2 23 330 M M 3 8 30 320
7 1 -23 -11 -30 76 0 T M M 6.2 15 90 M M 7 18 19 80
8 2 -25 -11 -30 76 0 T M M 6.8 16 290 M M 5 8 21 310
9 2 -17 -7 -26 72 0 0.00 M M 13.2 24 290 M M 6 8 30 280
10 2 -23 -10 -30 75 0 T M M 7.3 15 280 M M 4 8 19 280
11 -7 -28 -17 -37 82 0 M M M 10.1 21 300 M M 6 8 28 290
12 -5 -28 -16 -36 81 0 0.00 M M 10.4 22 280 M M 2 28 290
13 -4 -32 -18 -38 83 0 0.00 M M 6.2 16 340 M M 2 8 24 320
14 0 -37 -18 -38 83 0 M M M 2.8 8 140 M M 0 10 160
15 8 -16 -4 -25 69 0 0.00 M M 13.8 24 130 M M 3 36 130
16 7 -10 -1 -22 66 0 T M M 8.7 18 120 M M 10 8 25 130
17 19 3 11 -10 54 0 T M M 7.2 17 330 M M 10 18 22 330
18 19 -4 8 -13 57 0 T M M 11.3 24 290 M M 5 1 32 300
19 33 -14 10 -12 55 0 0.00 M M 5.4 17 200 M M 2 21 180
20 48 11 30 8 35 0 0.00 M M 5.4 14 310 M M 5 21 300
21 44 12 28 6 37 0 0.00 M M 14.1 30 280 M M 0 39 270
22 54 28 41 19 24 0 0.00 M M 21.4 51 300 M M 1 69 310
23 45 17 31 8 34 0 0.01 M M 14.6 37 280 M M 6 1 52 330
24 37 12 25 2 40 0 T M M 9.8 25 300 M M 5 1 32 290
25 47 12 30 7 35 0 0.00 M M 10.8 25 210 M M 0 35 200
26 46 20 33 10 32 0 T M M 10.9 24 270 M M 3 32 310
27 27 8 18 -6 47 0 0.00 M M 8.1 17 20 M M 6 12 23 30
28 40 6 23 -1 42 0 0.00 M M 10.9 28 270 M M 3 36 280
================================================================================
SM 650 -112 1542 0 0.01 M 278.5 M 104
================================================================================
AV 23.2 -4.0 9.9 FASTST M M 4 MAX(MPH)
MISC ----> 51 300 69 310
================================================================================
NOTES:
# LAST OF SEVERAL OCCURRENCES
COLUMN 17 PEAK WIND IN M.P.H.
PRELIMINARY LOCAL CLIMATOLOGICAL DATA (WS FORM: F-6) , PAGE 2
STATION: HETTINGER ND
MONTH: FEBRUARY
YEAR: 2021
LATITUDE: 46 0 N
LONGITUDE: 102 39 W
[TEMPERATURE DATA] [PRECIPITATION DATA] SYMBOLS USED IN COLUMN 16
AVERAGE MONTHLY: 9.6 TOTAL FOR MONTH: 0.01 1 = FOG OR MIST
DPTR FM NORMAL: -11.1 DPTR FM NORMAL: -0.41 2 = FOG REDUCING VISIBILITY
HIGHEST: 54 ON 22, 2 GRTST 24HR 0.01 ON 23-23 TO 1/4 MILE OR LESS
LOWEST: -37 ON 14 3 = THUNDER
SNOW, ICE PELLETS, HAIL 4 = ICE PELLETS
TOTAL MONTH: M 5 = HAIL
GRTST 24HR M ON M 6 = FREEZING RAIN OR DRIZZLE
GRTST DEPTH: M ON M 7 = DUSTSTORM OR SANDSTORM:
VSBY 1/2 MILE OR LESS
8 = SMOKE OR HAZE
[NO. OF DAYS WITH] [WEATHER - DAYS WITH] 9 = BLOWING SNOW
X = TORNADO
MAX 32 OR BELOW: 16 0.01 INCH OR MORE: 1
MAX 90 OR ABOVE: 0 0.10 INCH OR MORE: 0
MIN 32 OR BELOW: 28 0.50 INCH OR MORE: 0
MIN 0 OR BELOW: 14 1.00 INCH OR MORE: 0
[HDD (BASE 65) ]
TOTAL THIS MO. 1542 CLEAR (SCALE 0-3) 13
DPTR FM NORMAL 302 PTCLDY (SCALE 4-7) 13
TOTAL FM JUL 1 6008 CLOUDY (SCALE 8-10) 2
DPTR FM NORMAL -308
[CDD (BASE 65) ]
TOTAL THIS MO. 0
DPTR FM NORMAL 0 [PRESSURE DATA]
TOTAL FM JAN 1 0 HIGHEST SLP 30.84 ON 14
DPTR FM NORMAL 0 LOWEST SLP 29.57 ON 26
[REMARKS]
#FINAL-02-21#