000
CXUS55 KBOU 010900
CF6AKO
PRELIMINARY LOCAL CLIMATOLOGICAL DATA (WS FORM: F-6)
STATION: AKRON CO
MONTH: JULY
YEAR: 2021
LATITUDE: 40 10 N
LONGITUDE: 103 13 W
TEMPERATURE IN F: :PCPN: SNOW: WIND :SUNSHINE: SKY :PK WND
================================================================================
1 2 3 4 5 6A 6B 7 8 9 10 11 12 13 14 15 16 17 18
12Z AVG MX 2MIN
DY MAX MIN AVG DEP HDD CDD WTR SNW DPTH SPD SPD DIR MIN PSBL S-S WX SPD DR
================================================================================
1 77 57 67 -6 0 2 0.08 M M 10.5 21 150 M M 5 12 26 160
2 83 58 71 -2 0 6 0.00 M M 12.5 20 160 M M 3 1 29 150
3 93 61 77 4 0 12 0.00 M M 11.3 28 90 M M 1 13 38 60
4 92 59 76 3 0 11 0.00 M M 7.5 17 240 M M 0 22 230
5 90 61 76 2 0 11 0.00 M M 8.0 17 120 M M 0 22 160
6 86 61 74 0 0 9 T M M 10.7 22 340 M M 2 29 350
7 89 58 74 0 0 9 0.00 M M 10.1 20 130 M M 1 12 26 200
8 101 67 84 10 0 19 0.14 M M 13.0 43 350 M M 0 38 62 360
9 98 65 82 8 0 17 0.13 M M 12.3 25 110 M M 1 38 34 120
10 83 56 70 -4 0 5 0.00 M M 12.0 25 360 M M 1 38 360
11 85 55 70 -4 0 5 0.00 M M 6.8 14 140 M M 1 20 150
12 90 57 74 -1 0 9 0.00 M M 9.1 15 160 M M 0 22 160
13 93 65 79 4 0 14 0.00 M M 11.0 24 110 M M 0 35 220
14 82 59 71 -4 0 6 0.00 M M 10.0 24 310 M M 1 3 36 280
15 85 58 72 -3 0 7 0.00 M M 7.3 15 120 M M 4 1 20 140
16 94 59 77 2 0 12 T M M 10.5 26 170 M M 1 3 33 170
17 92 58 75 0 0 10 0.02 M M 11.5 29 290 M M 1 3 38 290
18 90 58 74 -1 0 9 0.00 M M 7.6 15 150 M M 0 23 130
19 93 62 78 3 0 13 0.00 M M 8.3 16 110 M M 0 25 160
20 91 61 76 1 0 11 0.00 M M 13.1 23 150 M M 0 33 140
21 95 63 79 4 0 14 0.00 M M 10.7 21 120 M M 1 3 31 180
22 97 61 79 4 0 14 0.00 M M 8.6 17 140 M M 0 25 140
23 99 63 81 6 0 16 T M M 9.5 23 10 M M 2 3 32 360
24 90 65 78 3 0 13 0.00 M M 10.5 20 70 M M 1 27 80
25 89 59 74 -1 0 9 0.00 M M 7.4 23 160 M M 0 8 32 140
26 93 58 76 1 0 11 0.00 M M 9.8 18 140 M M 0 27 120
27 94 64 79 4 0 14 0.00 M M 10.2 17 130 M M 0 27 140
28 100 67 84 9 0 19 0.00 M M 10.1 20 140 M M 1 34 150
29 98 64 81 6 0 16 0.00 M M 10.7 20 110 M M 0 30 140
30 97 65 81 6 0 16 0.00 M M 8.3 28 340 M M 1 35 340
31 72 58 65 -10 0 0 0.05 M M 8.2 28 340 M M 7 18 38 340
================================================================================
SM 2811 1882 0 339 0.42 M 307.1 M 35
================================================================================
AV 90.7 60.7 9.9 FASTST M M 1 MAX(MPH)
MISC ----> 43 350 62 360
================================================================================
NOTES:
# LAST OF SEVERAL OCCURRENCES
COLUMN 17 PEAK WIND IN M.P.H.
PRELIMINARY LOCAL CLIMATOLOGICAL DATA (WS FORM: F-6) , PAGE 2
STATION: AKRON CO
MONTH: JULY
YEAR: 2021
LATITUDE: 40 10 N
LONGITUDE: 103 13 W
[TEMPERATURE DATA] [PRECIPITATION DATA] SYMBOLS USED IN COLUMN 16
AVERAGE MONTHLY: 75.7 TOTAL FOR MONTH: 0.42 1 = FOG OR MIST
DPTR FM NORMAL: 1.2 DPTR FM NORMAL: -2.36 2 = FOG REDUCING VISIBILITY
HIGHEST: 101 ON 8 GRTST 24HR 0.14 ON 8- 8 TO 1/4 MILE OR LESS
LOWEST: 55 ON 11 3 = THUNDER
SNOW, ICE PELLETS, HAIL 4 = ICE PELLETS
TOTAL MONTH: M 5 = HAIL
GRTST 24HR M ON M 6 = FREEZING RAIN OR DRIZZLE
GRTST DEPTH: M ON M 7 = DUSTSTORM OR SANDSTORM:
VSBY 1/2 MILE OR LESS
8 = SMOKE OR HAZE
[NO. OF DAYS WITH] [WEATHER - DAYS WITH] 9 = BLOWING SNOW
X = TORNADO
MAX 32 OR BELOW: 0 0.01 INCH OR MORE: 5
MAX 90 OR ABOVE: 21 0.10 INCH OR MORE: 2
MIN 32 OR BELOW: 0 0.50 INCH OR MORE: 0
MIN 0 OR BELOW: 0 1.00 INCH OR MORE: 0
[HDD (BASE 65) ]
TOTAL THIS MO. 0 CLEAR (SCALE 0-3) 28
DPTR FM NORMAL -6 PTCLDY (SCALE 4-7) 3
TOTAL FM JUL 1 0 CLOUDY (SCALE 8-10) 0
DPTR FM NORMAL 0
[CDD (BASE 65) ]
TOTAL THIS MO. 339
DPTR FM NORMAL 39 [PRESSURE DATA]
TOTAL FM JAN 1 550 HIGHEST SLP M ON M
DPTR FM NORMAL 75 LOWEST SLP 29.69 ON 8
[REMARKS]
#FINAL-07-21#