000
CXUS55 KGJT 012034
CF6ASE
PRELIMINARY LOCAL CLIMATOLOGICAL DATA (WS FORM: F-6)
STATION: ASPEN CO
MONTH: JULY
YEAR: 2023
LATITUDE: 39 13 N
LONGITUDE: 106 52 W
TEMPERATURE IN F: :PCPN: SNOW: WIND :SUNSHINE: SKY :PK WND
================================================================================
1 2 3 4 5 6A 6B 7 8 9 10 11 12 13 14 15 16 17 18
12Z AVG MX 2MIN
DY MAX MIN AVG DEP HDD CDD WTR SNW DPTH SPD SPD DIR MIN PSBL S-S WX SPD DR
================================================================================
1 76 38 57 -7 8 0 0.00 M M 6.1 14 340 M M 0 22 260
2 78 43 61 -3 4 0 T M M 7.3 20 140 M M 2 3 35 340
3 82 45 64 0 1 0 T M M 6.2 26 330 M M 1 38 330
4 80 52 66 2 0 1 0.03 M M 7.3 24 340 M M 2 8 45 270
5 80 44 62 -2 3 0 0.02 M M 6.7 17 280 M M 1 26 240
6 81 42 62 -3 3 0 0.00 M M 6.5 17 260 M M 0 30 260
7 82 43 63 -2 2 0 0.00 M M 5.4 20 220 M M 1 33 220
8 82 43 63 -2 2 0 0.00 M M 7.3 20 240 M M 0 31 260
9 84 40 62 -3 3 0 0.00 M M 7.8 18 360 M M 0 31 360
10 82 50 66 1 0 1 T M M 6.8 16 140 M M 2 3 26 320
11 83 47 65 0 0 0 0.00 M M 8.1 18 340 M M 1 29 330
12 86 50 68 3 0 3 T M M 6.5 23 190 M M 3 32 190
13 84 47 66 0 0 1 0.00 M M 6.6 18 330 M M 1 29 330
14 83 47 65 -1 0 0 0.00 M M 7.6 21 10 M M 0 36 20
15 82 44 63 -3 2 0 0.00 M M 9.0 20 320 M M 0 32 320
16 85 45 65 -1 0 0 0.00 M M 7.1 17 360 M M 0 27 350
17 90 51 71 5 0 6 0.00 M M 6.8 18 340 M M 0 32 340
18 86 50 68 2 0 3 T M M 6.9 21 180 M M 2 3 29 180
19 84 53 69 3 0 4 T M M 7.1 20 200 M M 2 3 25 190
20 80 50 65 -1 0 0 0.05 M M 5.8 26 350 M M 3 3 48 340
21 83 48 66 0 0 1 0.00 M M 5.8 14 290 M M 0 22 260
22 85 45 65 -1 0 0 0.00 M M 7.1 16 310 M M 0 24 340
23 89 49 69 3 0 4 0.00 M M 7.8 18 330 M M 0 26 330
24 91 48 70 4 0 5 0.00 M M 7.2 21 300 M M 0 30 300
25 86 53 70 4 0 5 T M M 6.4 25 230 M M 3 3 42 330
26 86 51 69 3 0 4 T M M 6.5 26 340 M M 2 38 43 330
27 85 49 67 1 0 2 T M M 8.8 20 120 M M 1 3 29 10
28 86 55 71 5 0 6 0.00 M M 8.8 23 360 M M 1 37 340
29 87 49 68 2 0 3 T M M 7.9 28 180 M M 1 3 36 170
30 83 52 68 3 0 3 0.01 M M 7.4 25 180 M M 3 3 38 180
31 84 51 68 3 0 3 1.02 M M 5.8 24 180 M M 3 3 34 170
================================================================================
SM 2595 1474 28 55 1.13 M 218.4 M 35
================================================================================
AV 83.7 47.5 7.0 FASTST M M 1 MAX(MPH)
MISC ----> 28 180 48 340
================================================================================
NOTES:
# LAST OF SEVERAL OCCURRENCES
COLUMN 17 PEAK WIND IN M.P.H.
PRELIMINARY LOCAL CLIMATOLOGICAL DATA (WS FORM: F-6) , PAGE 2
STATION: ASPEN CO
MONTH: JULY
YEAR: 2023
LATITUDE: 39 13 N
LONGITUDE: 106 52 W
[TEMPERATURE DATA] [PRECIPITATION DATA] SYMBOLS USED IN COLUMN 16
AVERAGE MONTHLY: 65.6 TOTAL FOR MONTH: 1.13 1 = FOG OR MIST
DPTR FM NORMAL: 0.4 DPTR FM NORMAL: -0.51 2 = FOG REDUCING VISIBILITY
HIGHEST: 91 ON 24 GRTST 24HR 1.02 ON 31-31 TO 1/4 MILE OR LESS
LOWEST: 38 ON 1 3 = THUNDER
SNOW, ICE PELLETS, HAIL 4 = ICE PELLETS
TOTAL MONTH: M 5 = HAIL
GRTST 24HR M ON M 6 = FREEZING RAIN OR DRIZZLE
GRTST DEPTH: M ON M 7 = DUSTSTORM OR SANDSTORM:
VSBY 1/2 MILE OR LESS
8 = SMOKE OR HAZE
[NO. OF DAYS WITH] [WEATHER - DAYS WITH] 9 = BLOWING SNOW
X = TORNADO
MAX 32 OR BELOW: 0 0.01 INCH OR MORE: 5
MAX 90 OR ABOVE: 2 0.10 INCH OR MORE: 1
MIN 32 OR BELOW: 0 0.50 INCH OR MORE: 1
MIN 0 OR BELOW: 0 1.00 INCH OR MORE: 1
[HDD (BASE 65) ]
TOTAL THIS MO. 28 CLEAR (SCALE 0-3) 30
DPTR FM NORMAL -12 PTCLDY (SCALE 4-7) 1
TOTAL FM JUL 1 28 CLOUDY (SCALE 8-10) 0
DPTR FM NORMAL -11
[CDD (BASE 65) ]
TOTAL THIS MO. 55
DPTR FM NORMAL 8 [PRESSURE DATA]
TOTAL FM JAN 1 55 HIGHEST SLP 30.15 ON 31
DPTR FM NORMAL -5 LOWEST SLP 29.71 ON 7
[REMARKS]
#FINAL-07-23#