000
CXUS53 KPAH 010730
CF6MDH
PRELIMINARY LOCAL CLIMATOLOGICAL DATA (WS FORM: F-6)
STATION: CARBONDALE IL
MONTH: APRIL
YEAR: 2023
LATITUDE: 37 46 N
LONGITUDE: 89 15 W
TEMPERATURE IN F: :PCPN: SNOW: WIND :SUNSHINE: SKY :PK WND
================================================================================
1 2 3 4 5 6A 6B 7 8 9 10 11 12 13 14 15 16 17 18
12Z AVG MX 2MIN
DY MAX MIN AVG DEP HDD CDD WTR SNW DPTH SPD SPD DIR MIN PSBL S-S WX SPD DR
================================================================================
1 64 39 52 0 13 0 0.00 M M 12.4 37 250 M M 4 53 250
2 66 34 50 -2 15 0 0.00 M M 8.9 23 180 M M 0 3 31 180
3 77 55 66 14 0 1 0.00 M M 12.3 25 190 M M 6 3 35 170
4 83 63 73 20 0 8 0.00 M M 18.1 32 190 M M 5 47 190
5 78 47 63 10 2 0 1.08 M M 14.7 43 220 M M 6 13 67 200
6 54 42 48 -6 17 0 0.00 M M 6.9 14 20 M M 2 17 330
7 60 41 51 -3 14 0 0.00 M M 7.6 17 60 M M 0 24 60
8 66 42 54 0 11 0 0.00 M M 9.4 20 80 M M 0 26 90
9 70 35 53 -2 12 0 0.00 M M 5.9 15 80 M M 0 22 70
10 74 40 57 2 8 0 0.00 M M 2.4 13 210 M M 1 18 220
11 76 42 59 4 6 0 0.00 M M 4.9 14 170 M M 0 22 200
12 77 42 60 4 5 0 0.00 M M 5.6 17 200 M M 0 23 240
13 81 42 62 6 3 0 0.00 M M 3.0 14 90 M M 0 19 100
14 79 51 65 9 0 0 0.00 M M 6.6 16 190 M M 1 20 180
15 78 53 66 9 0 1 1.32 M M 9.1 30 310 M M 3 13 44 320
16 60 45 53 -4 12 0 0.10 M M 11.2 23 250 M M 10 1 35 270
17 68 41 55 -2 10 0 0.00 M M 9.4 23 290 M M 1 33 280
18 78 41 60 2 5 0 0.00 M M 6.3 20 180 M M 0 25 190
19 81 56 69 11 0 4 0.00 M M 14.0 32 190 M M 0 47 190
20 82 56 69 11 0 4 1.14 M M 18.3 36 200 M M 4 13 50 200
21 63 49 56 -2 9 0 0.32 M M 6.2 18 330 M M 3 1 26 320
22 54 40 47 -12 18 0 0.00 M M 9.7 24 310 M M 2 34 340
23 57 41 49 -10 16 0 0.00 M M 5.3 14 320 M M 6 22 340
24 60 34 47 -12 18 0 0.00 M M 3.8 12 310 M M 0 17 310
25 69 42 56 -4 9 0 0.00 M M 2.4 9 360 M M 1 13 80
26 68 45 57 -3 8 0 0.00 M M 6.3 14 20 M M 0 18 20 40
27 63 48 56 -4 9 0 0.28 M M 5.7 15 40 M M 7 1 21 30
28 71 53 62 1 3 0 0.00 M M 5.7 15 350 M M 6 18 19 350
29 69 49 59 -2 6 0 0.00 M M 6.9 25 360 M M 7 36 330
30 60 42 51 -10 14 0 T M M 10.4 25 290 M M 7 39 300
================================================================================
SM 2086 1350 243 18 4.24 M 249.4 M 82
================================================================================
AV 69.5 45.0 8.3 FASTST M M 3 MAX(MPH)
MISC ----> 43 220 67 200
================================================================================
NOTES:
# LAST OF SEVERAL OCCURRENCES
COLUMN 17 PEAK WIND IN M.P.H.
PRELIMINARY LOCAL CLIMATOLOGICAL DATA (WS FORM: F-6) , PAGE 2
STATION: CARBONDALE IL
MONTH: APRIL
YEAR: 2023
LATITUDE: 37 46 N
LONGITUDE: 89 15 W
[TEMPERATURE DATA] [PRECIPITATION DATA] SYMBOLS USED IN COLUMN 16
AVERAGE MONTHLY: 57.3 TOTAL FOR MONTH: 4.24 1 = FOG OR MIST
DPTR FM NORMAL: 0.6 DPTR FM NORMAL: -1.10 2 = FOG REDUCING VISIBILITY
HIGHEST: 83 ON 4 GRTST 24HR 1.46 ON 20-21 TO 1/4 MILE OR LESS
LOWEST: 34 ON 24, 2 3 = THUNDER
SNOW, ICE PELLETS, HAIL 4 = ICE PELLETS
TOTAL MONTH: M 5 = HAIL
GRTST 24HR M ON M 6 = FREEZING RAIN OR DRIZZLE
GRTST DEPTH: M ON M 7 = DUSTSTORM OR SANDSTORM:
VSBY 1/2 MILE OR LESS
8 = SMOKE OR HAZE
[NO. OF DAYS WITH] [WEATHER - DAYS WITH] 9 = BLOWING SNOW
X = TORNADO
MAX 32 OR BELOW: 0 0.01 INCH OR MORE: 6
MAX 90 OR ABOVE: 0 0.10 INCH OR MORE: 6
MIN 32 OR BELOW: 0 0.50 INCH OR MORE: 3
MIN 0 OR BELOW: 0 1.00 INCH OR MORE: 3
[HDD (BASE 65) ]
TOTAL THIS MO. 243 CLEAR (SCALE 0-3) 17
DPTR FM NORMAL -32 PTCLDY (SCALE 4-7) 12
TOTAL FM JUL 1 4005 CLOUDY (SCALE 8-10) 1
DPTR FM NORMAL -372
[CDD (BASE 65) ]
TOTAL THIS MO. 18
DPTR FM NORMAL -6 [PRESSURE DATA]
TOTAL FM JAN 1 18 HIGHEST SLP M ON M
DPTR FM NORMAL -10 LOWEST SLP 29.56 ON 1
[REMARKS]
#FINAL-04-23#