000
CXUS53 KPAH 010700
CF6MDH
PRELIMINARY LOCAL CLIMATOLOGICAL DATA (WS FORM: F-6)
STATION: CARBONDALE IL
MONTH: AUGUST
YEAR: 2021
LATITUDE: 37 46 N
LONGITUDE: 89 15 W
TEMPERATURE IN F: :PCPN: SNOW: WIND :SUNSHINE: SKY :PK WND
================================================================================
1 2 3 4 5 6A 6B 7 8 9 10 11 12 13 14 15 16 17 18
12Z AVG MX 2MIN
DY MAX MIN AVG DEP HDD CDD WTR SNW DPTH SPD SPD DIR MIN PSBL S-S WX SPD DR
================================================================================
1 85 63 74 -4 0 9 0.00 M M 5.3 10 340 M M 3 18 16 340
2 81 57 69 -9 0 4 0.00 M M 3.3 9 30 M M 1 128 15 30
3 83 56 70 -8 0 5 0.00 M M 3.5 12 30 M M 1 12 14 30
4 83 54 69 -9 0 4 0.00 M M 2.4 9 40 M M 1 12 16 30
5 84 54 69 -9 0 4 0.00 M M 2.2 9 250 M M 1 12 14 240
6 86 60 73 -4 0 8 0.00 M M 4.0 13 200 M M 1 1 18 200
7 88 63 76 -1 0 11 0.00 M M 5.3 13 210 M M 0 1 18 160
8 89 65 77 0 0 12 0.57 M M 8.4 22 280 M M 3 13 37 300
9 91 70 81 4 0 16 0.00 M M 9.8 18 180 M M 2 26 190
10 92 77 85 8 0 20 0.00 M M 9.5 16 200 M M 3 24 360
11 92 76 84 7 0 19 0.00 M M 10.4 18 200 M M 0 28 210
12 92 71 82 5 0 17 0.46 M M 9.5 32 340 M M 1 13 48 330
13 85 70 78 1 0 13 0.02 M M 3.7 14 240 M M 2 21 230
14 86 65 76 -1 0 11 T M M 5.7 13 30 M M 3 21 360
15 83 63 73 -3 0 8 0.00 M M 4.3 12 30 M M 6 17 10
16 86 66 76 0 0 11 0.00 M M 1.6 8 20 M M 5 1 12 360
17 89 63 76 0 0 11 0.00 M M 1.3 7 270 M M 3 128 11 330
18 81 65 73 -3 0 8 T M M 1.2 8 210 M M 3 1 12 230
19 88 68 78 2 0 13 0.00 M M 1.5 7 70 M M 7 12 10 90
20 87 67 77 1 0 12 T M M 4.1 13 220 M M 6 12 17 180
21 88 72 80 4 0 15 0.66 M M 3.0 16 50 M M 8 13 26 70
22 89 70 80 5 0 15 0.00 M M 2.4 9 330 M M 3 12 13 340
23 92 67 80 5 0 15 0.00 M M 2.6 21 300 M M 3 12 32 280
24 93 69 81 6 0 16 0.00 M M 3.3 13 210 M M 1 1 17 200
25 94 70 82 7 0 17 0.00 M M 2.8 9 210 M M 1 1 13 210
26 94 70 82 8 0 17 0.00 M M 2.2 9 160 M M 0 128 13 180
27 93 71 82 8 0 17 0.00 M M 4.5 14 200 M M 1 13 19 180
28 92 68 80 6 0 15 0.28 M M 3.6 17 170 M M 2 1 26 170
29 92 71 82 8 0 17 0.00 M M 3.1 12 320 M M 2 13 15 340
30 89 72 81 7 0 16 0.05 M M 4.5 17 150 M M 3 13 26 170
31 86 69 78 5 0 13 0.00 M M 4.3 14 360 M M 6 1 19 360
================================================================================
SM 2733 2062 0 389 2.04 M 133.3 M 82
================================================================================
AV 88.2 66.5 4.3 FASTST M M 3 MAX(MPH)
MISC ----> 32 340 48 330
================================================================================
NOTES:
# LAST OF SEVERAL OCCURRENCES
COLUMN 17 PEAK WIND IN M.P.H.
PRELIMINARY LOCAL CLIMATOLOGICAL DATA (WS FORM: F-6) , PAGE 2
STATION: CARBONDALE IL
MONTH: AUGUST
YEAR: 2021
LATITUDE: 37 46 N
LONGITUDE: 89 15 W
[TEMPERATURE DATA] [PRECIPITATION DATA] SYMBOLS USED IN COLUMN 16
AVERAGE MONTHLY: 77.3 TOTAL FOR MONTH: 2.04 1 = FOG OR MIST
DPTR FM NORMAL: 1.3 DPTR FM NORMAL: -1.01 2 = FOG REDUCING VISIBILITY
HIGHEST: 94 ON 26,25 GRTST 24HR 0.66 ON 21-21 TO 1/4 MILE OR LESS
LOWEST: 54 ON 5, 4 3 = THUNDER
SNOW, ICE PELLETS, HAIL 4 = ICE PELLETS
TOTAL MONTH: M 5 = HAIL
GRTST 24HR M ON M 6 = FREEZING RAIN OR DRIZZLE
GRTST DEPTH: M ON M 7 = DUSTSTORM OR SANDSTORM:
VSBY 1/2 MILE OR LESS
8 = SMOKE OR HAZE
[NO. OF DAYS WITH] [WEATHER - DAYS WITH] 9 = BLOWING SNOW
X = TORNADO
MAX 32 OR BELOW: 0 0.01 INCH OR MORE: 6
MAX 90 OR ABOVE: 11 0.10 INCH OR MORE: 4
MIN 32 OR BELOW: 0 0.50 INCH OR MORE: 2
MIN 0 OR BELOW: 0 1.00 INCH OR MORE: 0
[HDD (BASE 65) ]
TOTAL THIS MO. 0 CLEAR (SCALE 0-3) 22
DPTR FM NORMAL -1 PTCLDY (SCALE 4-7) 9
TOTAL FM JUL 1 0 CLOUDY (SCALE 8-10) 0
DPTR FM NORMAL 0
[CDD (BASE 65) ]
TOTAL THIS MO. 389
DPTR FM NORMAL 47 [PRESSURE DATA]
TOTAL FM JAN 1 1210 HIGHEST SLP M ON M
DPTR FM NORMAL 19 LOWEST SLP 29.66 ON 31
[REMARKS]
#FINAL-08-21#