000
CXUS54 KEWX 011110
CF6BAZ
PRELIMINARY LOCAL CLIMATOLOGICAL DATA (WS FORM: F-6)
STATION: NEW BRAUNFELS
MONTH: JANUARY
YEAR: 2023
LATITUDE: 29 43 N
LONGITUDE: 98 3 W
TEMPERATURE IN F: :PCPN: SNOW: WIND :SUNSHINE: SKY :PK WND
================================================================================
1 2 3 4 5 6A 6B 7 8 9 10 11 12 13 14 15 16 17 18
12Z AVG MX 2MIN
DY MAX MIN AVG DEP HDD CDD WTR SNW DPTH SPD SPD DIR MIN PSBL S-S WX SPD DR
================================================================================
1 80 48 64 12 1 0 0.00 M M 6.7 17 170 M M 4 128 26 170
2 84 66 75 23 0 10 0.00 M M 11.5 26 180 M M 7 18 37 170
3 79 55 67 15 0 2 T M M 7.1 17 320 M M 4 18 22 320
4 77 42 60 8 5 0 0.00 M M 7.2 18 310 M M 0 25 310
5 73 39 56 4 9 0 0.00 M M 6.7 15 30 M M 0 20 40
6 81 43 62 10 3 0 0.00 M M 9.2 24 200 M M 4 18 31 220
7 75 60 68 16 0 3 T M M 5.8 18 20 M M 9 138 26 20
8 71 47 59 7 6 0 0.00 M M 11.2 20 10 M M 3 27 10
9 74 45 60 8 5 0 0.00 M M 6.6 14 190 M M 0 18 190
10 81 55 68 16 0 3 0.00 M M 10.1 21 230 M M 3 12 26 210
11 79 51 65 13 0 0 0.00 M M 8.1 17 210 M M 4 128 23 210
12 68 47 58 6 7 0 0.00 0.0 0 14.7 30 360 M M 0 41 360
13 65 33 49 -3 16 0 0.00 0.0 0 6.7 15 10 M M 0 19 10
14 68 31 50 -2 15 0 0.00 M M 8.5 18 170 M M 0 24 160
15 77 41 59 7 6 0 0.00 M M 13.1 29 170 M M 0 1 37 170
16 77 54 66 14 0 1 0.00 M M 5.9 16 180 M M 5 21 180
17 79 47 63 11 2 0 0.00 0.0 0 6.8 17 130 M M 1 22 130
18 80 56 68 16 0 3 0.01 0.0 0 9.7 23 330 M M 4 18 31 360
19 71 40 56 4 9 0 0.00 M M 5.8 17 360 M M 0 26 360
20 60 50 55 3 10 0 T M M 9.2 16 90 M M 9 22 80
21 65 44 55 3 10 0 T M M 5.3 10 10 M M 6 18 14 90
22 65 41 53 0 12 0 0.00 M M 9.8 20 350 M M 0 1 28 340
23 61 34 48 -5 17 0 0.00 M M 9.7 18 110 M M 5 23 110
24 59 46 53 0 12 0 0.65 M M 12.6 29 330 M M 7 1 39 330
25 60 35 48 -5 17 0 0.00 M M 10.2 21 320 M M 0 28 350
26 58 31 45 -8 20 0 0.00 M M 5.2 13 20 M M 0 18 40
27 57 33 45 -8 20 0 T M M 4.9 13 180 M M 6 1 16 180
28 60 49 55 2 10 0 0.11 M M 1.0 7 240 M M 10 1 9 250
29 78 45 62 9 3 0 0.07 M M 9.4 28 40 M M 8 128 37 40
30 45 32 39 -15 26 0 0.02 M M 17.0 25 30 M M 10 1 32 30
31 36 32 34 -20 31 0 T M M 15.4 23 10 M M 10 16 31 10
================================================================================
SM 2143 1372 272 22 0.86 0.0 271.1 M 119
================================================================================
AV 69.1 44.3 8.7 FASTST M M 4 MAX(MPH)
MISC ----> 30 360 41 360
================================================================================
NOTES:
# LAST OF SEVERAL OCCURRENCES
COLUMN 17 PEAK WIND IN M.P.H.
PRELIMINARY LOCAL CLIMATOLOGICAL DATA (WS FORM: F-6) , PAGE 2
STATION: NEW BRAUNFELS
MONTH: JANUARY
YEAR: 2023
LATITUDE: 29 43 N
LONGITUDE: 98 3 W
[TEMPERATURE DATA] [PRECIPITATION DATA] SYMBOLS USED IN COLUMN 16
AVERAGE MONTHLY: 56.7 TOTAL FOR MONTH: 0.86 1 = FOG OR MIST
DPTR FM NORMAL: 4.5 DPTR FM NORMAL: -1.28 2 = FOG REDUCING VISIBILITY
HIGHEST: 84 ON 2 GRTST 24HR 0.71 ON 24-24 TO 1/4 MILE OR LESS
LOWEST: 31 ON 26,14 3 = THUNDER
SNOW, ICE PELLETS, HAIL 4 = ICE PELLETS
TOTAL MONTH: 0.0 INCH 5 = HAIL
GRTST 24HR 0.0 6 = FREEZING RAIN OR DRIZZLE
GRTST DEPTH: 0 7 = DUSTSTORM OR SANDSTORM:
VSBY 1/2 MILE OR LESS
8 = SMOKE OR HAZE
[NO. OF DAYS WITH] [WEATHER - DAYS WITH] 9 = BLOWING SNOW
X = TORNADO
MAX 32 OR BELOW: 0 0.01 INCH OR MORE: 5
MAX 90 OR ABOVE: 0 0.10 INCH OR MORE: 2
MIN 32 OR BELOW: 4 0.50 INCH OR MORE: 1
MIN 0 OR BELOW: 0 1.00 INCH OR MORE: 0
[HDD (BASE 65) ]
TOTAL THIS MO. 272 CLEAR (SCALE 0-3) 14
DPTR FM NORMAL -133 PTCLDY (SCALE 4-7) 11
TOTAL FM JUL 1 843 CLOUDY (SCALE 8-10) 6
DPTR FM NORMAL -149
[CDD (BASE 65) ]
TOTAL THIS MO. 22
DPTR FM NORMAL 12 [PRESSURE DATA]
TOTAL FM JAN 1 22 HIGHEST SLP 30.47 ON 26
DPTR FM NORMAL 12 LOWEST SLP 29.63 ON 2
[REMARKS]
#FINAL-01-23#