000
CXAK56 PAFG 310949
CF6OME
PRELIMINARY LOCAL CLIMATOLOGICAL DATA (WS FORM: F-6)
STATION: NOME AK
MONTH: JANUARY
YEAR: 2021
LATITUDE: 64 30 N
LONGITUDE: 165 26 W
TEMPERATURE IN F: :PCPN: SNOW: WIND :SUNSHINE: SKY :PK WND
================================================================================
1 2 3 4 5 6A 6B 7 8 9 10 11 12 13 14 15 16 17 18
12Z AVG MX 2MIN
DY MAX MIN AVG DEP HDD CDD WTR SNW DPTH SPD SPD DIR MIN PSBL S-S WX SPD DR
================================================================================
1 24 10 17 10 48 0 0.00 M M 14.8 24 70 M M 1 30 70
2 20 3 12 6 53 0 0.00 M M 3.8 25 40 M M 0 18 30 40
3 6 -4 1 -5 64 0 0.00 M M 14.3 29 40 M M 0 34 40
4 4 -7 -1 -7 66 0 0.00 M M 15.2 24 40 M M 2 31 40
5 8 -2 3 -3 62 0 0.04 M M 5.7 20 20 M M 9 1 30 30
6 9 6 8 2 57 0 T M M 5.0 12 350 M M 10 14 350
7 7 4 6 0 59 0 0.00 M M 7.2 12 350 M M 10 12 360
8 5 -3 1 -4 64 0 T M M 8.7 16 350 M M 10 8 19 350
9 2 -12 -5 -10 70 0 0.00 M M 7.8 16 20 M M 5 18 30
10 18 1 10 5 55 0 0.00 M M 14.3 35 360 M M 3 89 42 360
11 19 11 15 10 50 0 0.00 M M 16.3 33 10 M M 8 89 39 360
12 16 8 12 7 53 0 T M M 8.4 15 360 M M 5 18 16 350
13 19 10 15 10 50 0 0.01 M M 5.8 13 130 M M 6 16 16 130
14 26 12 19 14 46 0 T M M 6.5 16 30 M M 5 1 25 20
15 28 13 21 16 44 0 0.00 M M 11.5 25 10 M M 3 32 340
16 16 5 11 6 54 0 T M M 4.0 14 90 M M 4 17 90
17 12 1 7 2 58 0 0.00 M M 6.8 14 350 M M 2 16 360
18 11 3 7 2 58 0 0.04 M M 9.1 23 290 M M 5 19 26 290
19 5 -13 -4 -9 69 0 T M M 13.2 29 300 M M 1 89 37 300
20 26 0 13 8 52 0 0.01 M M 15.3 30 80 M M 5 1 37 70
21 33 24 29 24 36 0 0.13 M M 18.1 36 90 M M 5 1 43 90
22 33 23 28 23 37 0 0.22 M M 11.2 20 160 M M 10 1 26 150
23 34 22 28 23 37 0 0.20 M M 4.5 17 80 M M 10 1 22 80
24 24 12 18 13 47 0 T M M 7.0 15 110 M M 10 168 17 110
25 12 -9 2 -3 63 0 T M M 4.5 16 100 M M 5 128 20 110
26 15 6 11 6 54 0 0.00 M M 2.4 13 100 M M 9 14 100
27 19 -5 7 2 58 0 0.00 M M 8.1 16 50 M M 4 20 50
28 16 9 13 8 52 0 T M M 5.6 13 30 M M 10 16 40
29 10 -7 2 -3 63 0 M M M 11.5 37 360 M M 4 89 42 10
30 -4 -19 -11 -16 76 0 0.00 M M 5.0 25 360 M M 0 8 28 350
================================================================================
SM 473 102 1655 0 0.65 M 271.6 M 161
================================================================================
AV 15.8 3.4 9.1 FASTST M M 5 MAX(MPH)
MISC ----> 37 360 43 90
================================================================================
NOTES:
# LAST OF SEVERAL OCCURRENCES
COLUMN 17 PEAK WIND IN M.P.H.
PRELIMINARY LOCAL CLIMATOLOGICAL DATA (WS FORM: F-6) , PAGE 2
STATION: NOME AK
MONTH: JANUARY
YEAR: 2021
LATITUDE: 64 30 N
LONGITUDE: 165 26 W
[TEMPERATURE DATA] [PRECIPITATION DATA] SYMBOLS USED IN COLUMN 16
AVERAGE MONTHLY: 9.6 TOTAL FOR MONTH: 0.65 1 = FOG OR MIST
DPTR FM NORMAL: 4.3 DPTR FM NORMAL: -0.26 2 = FOG REDUCING VISIBILITY
HIGHEST: 34 ON 23 GRTST 24HR 0.22 ON 22-22 TO 1/4 MILE OR LESS
LOWEST: -19 ON 30 3 = THUNDER
SNOW, ICE PELLETS, HAIL 4 = ICE PELLETS
TOTAL MONTH: M 5 = HAIL
GRTST 24HR M ON M 6 = FREEZING RAIN OR DRIZZLE
GRTST DEPTH: M ON M 7 = DUSTSTORM OR SANDSTORM:
VSBY 1/2 MILE OR LESS
8 = SMOKE OR HAZE
[NO. OF DAYS WITH] [WEATHER - DAYS WITH] 9 = BLOWING SNOW
X = TORNADO
MAX 32 OR BELOW: 27 0.01 INCH OR MORE: 7
MAX 90 OR ABOVE: 0 0.10 INCH OR MORE: 3
MIN 32 OR BELOW: 30 0.50 INCH OR MORE: 0
MIN 0 OR BELOW: 11 1.00 INCH OR MORE: 0
[HDD (BASE 65) ]
TOTAL THIS MO. 1655 CLEAR (SCALE 0-3) 8
DPTR FM NORMAL -138 PTCLDY (SCALE 4-7) 12
TOTAL FM JUL 1 6805 CLOUDY (SCALE 8-10) 10
DPTR FM NORMAL -801
[CDD (BASE 65) ]
TOTAL THIS MO. 0
DPTR FM NORMAL 0 [PRESSURE DATA]
TOTAL FM JAN 1 0 HIGHEST SLP M ON M
DPTR FM NORMAL 0 LOWEST SLP 28.97 ON 11
[REMARKS]