000
CXUS54 KOUN 010810
CF6SPS
PRELIMINARY LOCAL CLIMATOLOGICAL DATA (WS FORM: F-6)
STATION: WICHITA FALLS
MONTH: AUGUST
YEAR: 2021
LATITUDE: 33 58 N
LONGITUDE: 98 29 W
TEMPERATURE IN F: :PCPN: SNOW: WIND :SUNSHINE: SKY :PK WND
================================================================================
1 2 3 4 5 6A 6B 7 8 9 10 11 12 13 14 15 16 17 18
12Z AVG MX 2MIN
DY MAX MIN AVG DEP HDD CDD WTR SNW DPTH SPD SPD DIR MIN PSBL S-S WX SPD DR
================================================================================
1 85 72 79 -7 0 14 1.15 0.0 0 9.0 18 130 M M 6 13 23 30
2 88 67 78 -8 0 13 T 0.0 0 9.5 18 30 M M 4 18 27 30
3 89 64 77 -9 0 12 0.00 0.0 0 6.4 14 30 M M 2 18 18 10
4 91 67 79 -7 0 14 0.00 0.0 0 5.1 15 120 M M 2 18 18 130
5 90 67 79 -7 0 14 T 0.0 0 8.4 21 120 M M 4 138 24 110
6 96 70 83 -3 0 18 0.00 0.0 0 12.6 20 160 M M 1 1 27 170
7 97 74 86 0 0 21 0.00 0.0 0 14.8 22 140 M M 1 28 170
8 98 76 87 2 0 22 0.00 0.0 0 15.4 29 200 M M 1 3 35 200
9 100 79 90 5 0 25 0.00 0.0 0 17.3 24 200 M M 0 32 180
10 99 78 89 4 0 24 0.00 0.0 0 16.6 24 180 M M 0 30 180
11 99 77 88 3 0 23 0.00 0.0 0 15.8 24 200 M M 2 30 190
12 101 76 89 4 0 24 0.00 0.0 0 14.5 23 200 M M 3 29 160
13 99 74 87 2 0 22 0.00 0.0 0 11.3 29 360 M M 5 3 34 350
14 85 70 78 -7 0 13 1.83 0.0 0 5.9 22 70 M M 5 13 27 320
15 91 69 80 -5 0 15 0.00 0.0 0 5.5 12 80 M M 3 16 90
16 92 69 81 -3 0 16 0.00 0.0 0 6.6 17 130 M M 2 20 130
17 81 72 77 -7 0 12 0.11 0.0 0 8.1 18 180 M M 5 138 21 190
18 86 71 79 -5 0 14 0.58 0.0 0 11.2 20 150 M M 7 1 33 140
19 93 71 82 -2 0 17 1.13 0.0 M 10.6 37 340 M M 9 13 50 330
20 95 75 85 1 0 20 0.00 0.0 0 13.0 24 220 M M 2 29 220
21 96 74 85 1 0 20 0.00 0.0 0 10.1 20 210 M M 0 23 210
22 96 74 85 2 0 20 0.00 0.0 0 10.3 18 170 M M 1 26 180
23 96 69 83 0 0 18 0.00 0.0 0 11.5 21 160 M M 0 25 150
24 96 69 83 0 0 18 0.00 0.0 0 11.9 21 170 M M 0 26 160
25 97 71 84 1 0 19 0.00 0.0 0 8.9 16 120 M M 1 22 190
26 95 71 83 1 0 18 0.00 0.0 0 6.5 14 110 M M 1 19 130
27 94 71 83 1 0 18 0.00 0.0 0 7.8 18 140 M M 2 23 120
28 93 70 82 0 0 17 0.00 0.0 0 9.0 18 130 M M 1 23 150
29 93 71 82 0 0 17 0.00 0.0 0 7.4 18 80 M M 2 22 110
30 95 72 84 3 0 19 0.00 0.0 M 5.8 12 90 M M 3 15 140
31 97 72 85 4 0 20 0.00 0.0 M 6.7 15 150 M M 3 19 150
================================================================================
SM 2903 2222 0 557 4.80 0.0 313.5 M 78
================================================================================
AV 93.6 71.7 10.1 FASTST M M 3 MAX(MPH)
MISC ----> 37 340 50 330
================================================================================
NOTES:
# LAST OF SEVERAL OCCURRENCES
COLUMN 17 PEAK WIND IN M.P.H.
PRELIMINARY LOCAL CLIMATOLOGICAL DATA (WS FORM: F-6) , PAGE 2
STATION: WICHITA FALLS
MONTH: AUGUST
YEAR: 2021
LATITUDE: 33 58 N
LONGITUDE: 98 29 W
[TEMPERATURE DATA] [PRECIPITATION DATA] SYMBOLS USED IN COLUMN 16
AVERAGE MONTHLY: 82.7 TOTAL FOR MONTH: 4.80 1 = FOG OR MIST
DPTR FM NORMAL: -1.4 DPTR FM NORMAL: 2.27 2 = FOG REDUCING VISIBILITY
HIGHEST: 101 ON 12 GRTST 24HR 1.83 ON 14-14 TO 1/4 MILE OR LESS
LOWEST: 64 ON 3 3 = THUNDER
SNOW, ICE PELLETS, HAIL 4 = ICE PELLETS
TOTAL MONTH: 0.0 INCH 5 = HAIL
GRTST 24HR 0.0 6 = FREEZING RAIN OR DRIZZLE
GRTST DEPTH: 0 7 = DUSTSTORM OR SANDSTORM:
VSBY 1/2 MILE OR LESS
8 = SMOKE OR HAZE
[NO. OF DAYS WITH] [WEATHER - DAYS WITH] 9 = BLOWING SNOW
X = TORNADO
MAX 32 OR BELOW: 0 0.01 INCH OR MORE: 5
MAX 90 OR ABOVE: 25 0.10 INCH OR MORE: 5
MIN 32 OR BELOW: 0 0.50 INCH OR MORE: 4
MIN 0 OR BELOW: 0 1.00 INCH OR MORE: 3
[HDD (BASE 65) ]
TOTAL THIS MO. 0 CLEAR (SCALE 0-3) 22
DPTR FM NORMAL 0 PTCLDY (SCALE 4-7) 8
TOTAL FM JUL 1 0 CLOUDY (SCALE 8-10) 1
DPTR FM NORMAL 0
[CDD (BASE 65) ]
TOTAL THIS MO. 557
DPTR FM NORMAL -33 [PRESSURE DATA]
TOTAL FM JAN 1 1740 HIGHEST SLP M ON M
DPTR FM NORMAL -248 LOWEST SLP 29.66 ON 31
[REMARKS]
#FINAL-08-21#