000
CXUS54 KOUN 010810
CF6SPS
PRELIMINARY LOCAL CLIMATOLOGICAL DATA (WS FORM: F-6)
STATION: WICHITA FALLS
MONTH: APRIL
YEAR: 2021
LATITUDE: 33 58 N
LONGITUDE: 98 29 W
TEMPERATURE IN F: :PCPN: SNOW: WIND :SUNSHINE: SKY :PK WND
================================================================================
1 2 3 4 5 6A 6B 7 8 9 10 11 12 13 14 15 16 17 18
12Z AVG MX 2MIN
DY MAX MIN AVG DEP HDD CDD WTR SNW DPTH SPD SPD DIR MIN PSBL S-S WX SPD DR
================================================================================
1 68 35 52 -7 13 0 0.00 0.0 0 5.4 14 140 M M 0 16 170
2 70 36 53 -6 12 0 0.00 0.0 0 13.2 24 160 M M 3 29 150
3 76 44 60 1 5 0 0.00 0.0 0 12.6 21 180 M M 0 27 170
4 72 51 62 3 3 0 0.00 0.0 0 10.4 18 180 M M 8 23 160
5 81 54 68 8 0 3 0.00 0.0 0 15.8 28 180 M M 2 33 160
6 86 61 74 14 0 9 T 0.0 0 21.1 32 170 M M 2 41 170
7 75 50 63 3 2 0 0.00 0.0 0 17.7 33 310 M M 0 43 310
8 82 42 62 2 3 0 0.00 0.0 0 5.9 17 190 M M 0 22 160
9 88 53 71 10 0 6 0.00 0.0 0 14.8 39 360 M M 2 47 360
10 73 42 58 -3 7 0 0.00 0.0 0 10.4 22 10 M M 0 29 10
11 86 44 65 4 0 0 0.00 0.0 0 10.6 23 190 M M 0 28 190
12 71 51 61 -1 4 0 0.00 0.0 0 15.2 28 40 M M 5 33 30
13 72 52 62 0 3 0 0.00 0.0 0 15.7 25 30 M M 9 3 31 30
14 56 48 52 -10 13 0 0.98 0.0 0 13.1 23 30 M M 10 13 29 40
15 56 50 53 -9 12 0 0.36 0.0 0 11.8 24 70 M M 10 1 29 70
16 58 47 53 -10 12 0 0.14 0.0 0 13.8 25 340 M M 10 13 31 10
17 60 39 50 -13 15 0 0.00 0.0 0 12.5 21 350 M M 5 30 350
18 67 41 54 -9 11 0 0.00 0.0 0 9.8 21 340 M M 0 29 340
19 77 42 60 -4 5 0 0.00 0.0 0 11.9 22 230 M M 0 27 230
20 59 36 48 -16 17 0 0.00 0.0 0 17.3 32 10 M M 3 42 360
21 62 34 48 -16 17 0 0.00 0.0 0 4.9 13 80 M M 4 18 10
22 58 50 54 -10 11 0 T 0.0 0 9.5 22 150 M M 10 1 25 160
23 70 53 62 -3 3 0 0.24 T 0 10.3 29 350 M M 9 135 35 340
24 70 51 61 -4 4 0 0.00 0.0 0 10.1 17 360 M M 6 21 340
25 84 45 65 0 0 0 0.00 0.0 0 15.5 25 170 M M 0 1 34 170
26 84 64 74 8 0 9 0.00 0.0 0 19.3 31 180 M M 2 37 170
27 80 63 72 6 0 7 1.16 0.0 0 12.8 30 140 M M 5 13 34 150
28 79 65 72 6 0 7 1.59 0.0 0 9.1 25 170 M M 8 13 31 170
29 74 58 66 -1 0 1 0.01 0.0 0 13.2 24 30 M M 7 18 29 30
30 79 57 68 1 0 3 0.02 0.0 0 10.5 21 70 M M 7 25 70
================================================================================
SM 2173 1458 172 45 4.50 T 374.2 M 127
================================================================================
AV 72.4 48.6 12.5 FASTST M M 4 MAX(MPH)
MISC ----> 39 360 47 360
================================================================================
NOTES:
# LAST OF SEVERAL OCCURRENCES
COLUMN 17 PEAK WIND IN M.P.H.
PRELIMINARY LOCAL CLIMATOLOGICAL DATA (WS FORM: F-6) , PAGE 2
STATION: WICHITA FALLS
MONTH: APRIL
YEAR: 2021
LATITUDE: 33 58 N
LONGITUDE: 98 29 W
[TEMPERATURE DATA] [PRECIPITATION DATA] SYMBOLS USED IN COLUMN 16
AVERAGE MONTHLY: 60.5 TOTAL FOR MONTH: 4.50 1 = FOG OR MIST
DPTR FM NORMAL: -2.1 DPTR FM NORMAL: 1.89 2 = FOG REDUCING VISIBILITY
HIGHEST: 88 ON 9 GRTST 24HR 2.74 ON 27-28 TO 1/4 MILE OR LESS
LOWEST: 34 ON 21 3 = THUNDER
SNOW, ICE PELLETS, HAIL 4 = ICE PELLETS
TOTAL MONTH: T 5 = HAIL
GRTST 24HR T ON 23-23 6 = FREEZING RAIN OR DRIZZLE
GRTST DEPTH: 0 7 = DUSTSTORM OR SANDSTORM:
VSBY 1/2 MILE OR LESS
8 = SMOKE OR HAZE
[NO. OF DAYS WITH] [WEATHER - DAYS WITH] 9 = BLOWING SNOW
X = TORNADO
MAX 32 OR BELOW: 0 0.01 INCH OR MORE: 8
MAX 90 OR ABOVE: 0 0.10 INCH OR MORE: 6
MIN 32 OR BELOW: 0 0.50 INCH OR MORE: 3
MIN 0 OR BELOW: 0 1.00 INCH OR MORE: 2
[HDD (BASE 65) ]
TOTAL THIS MO. 172 CLEAR (SCALE 0-3) 15
DPTR FM NORMAL 30 PTCLDY (SCALE 4-7) 7
TOTAL FM JUL 1 2976 CLOUDY (SCALE 8-10) 8
DPTR FM NORMAL 30
[CDD (BASE 65) ]
TOTAL THIS MO. 45
DPTR FM NORMAL -25 [PRESSURE DATA]
TOTAL FM JAN 1 60 HIGHEST SLP M ON M
DPTR FM NORMAL -32 LOWEST SLP 29.50 ON 9
[REMARKS]
#FINAL-04-21#