000
CXUS51 KCAR 010700
CF6CAR
PRELIMINARY LOCAL CLIMATOLOGICAL DATA (WS FORM: F-6)
STATION: CARIBOU ME
MONTH: NOVEMBER
YEAR: 2022
LATITUDE: 46 52 N
LONGITUDE: 68 1 W
TEMPERATURE IN F: :PCPN: SNOW: WIND :SUNSHINE: SKY :PK WND
================================================================================
1 2 3 4 5 6A 6B 7 8 9 10 11 12 13 14 15 16 17 18
12Z AVG MX 2MIN
DY MAX MIN AVG DEP HDD CDD WTR SNW DPTH SPD SPD DIR MIN PSBL S-S WX SPD DR
================================================================================
1 61 41 51 12 14 0 0.00 0.0 0 3.6 9 210 M M 5 12 13 200
2 53 32 43 5 22 0 0.00 0.0 0 9.0 20 340 M M 0 31 310
3 58 29 44 6 21 0 0.00 0.0 0 6.2 14 200 M M 1 22 240
4 67 38 53 15 12 0 0.00 0.0 0 7.1 17 240 M M 0 26 240
5 73 45 59 22 6 0 0.00 0.0 0 7.6 16 240 M M 0 25 190
6 71 59 65 28 0 0 0.20 0.0 0 9.7 18 200 M M 4 1 28 230
7 64 42 53 17 12 0 0.05 0.0 0 11.1 31 250 M M 4 48 250
8 43 32 38 2 27 0 T T 0 15.6 29 330 M M 4 47 300
9 41 28 35 0 30 0 T 0.0 0 6.5 16 330 M M 2 25 320
10 51 36 44 9 21 0 0.13 0.0 0 5.7 18 240 M M 10 28 240
11 58 45 52 17 13 0 0.03 0.0 0 4.4 9 70 M M 6 14 110
12 46 37 42 8 23 0 1.71 0.0 0 9.2 25 10 M M 10 1 35 20
13 39 33 36 2 29 0 0.65 2.6 0 7.0 14 170 M M 10 12 19 170
14 33 28 31 -2 34 0 0.16 0.9 3 10.2 22 300 M M 10 1 35 300
15 31 20 26 -7 39 0 T T 3 4.8 10 360 M M 7 18 350
16 30 25 28 -4 37 0 0.78 5.8 3 8.2 16 360 M M 10 12 26 30
17 30 20 25 -7 40 0 0.01 0.1 8 8.5 15 250 M M 8 1 27 230
18 27 16 22 -10 43 0 T 0.1 7 7.8 20 230 M M 5 1 29 250
19 26 12 19 -12 46 0 T T 6 4.0 9 170 M M 6 12 180
20 29 19 24 -7 41 0 0.09 1.3 7 6.5 16 260 M M 9 18 28 300
21 25 9 17 -13 48 0 T T 7 8.7 15 250 M M 6 25 260
22 29 23 26 -4 39 0 T T 7 7.3 20 310 M M 2 1 29 300
23 30 11 21 -8 44 0 T T 6 6.9 20 300 M M 4 30 290
24 28 8 18 -11 47 0 0.00 0.0 6 3.6 12 300 M M 2 17 300
25 33 17 25 -3 40 0 0.37 2.9 6 5.2 14 320 M M 8 1 24 330
26 36 25 31 3 34 0 T 0.1 8 9.4 22 330 M M 5 1 37 330
27 42 23 33 5 32 0 0.03 0.0 8 3.5 10 240 M M 2 15 230
28 35 23 29 2 36 0 0.21 0.5 7 12.0 23 320 M M 10 1 38 310
29 27 9 18 -9 47 0 T T 6 4.7 14 310 M M 0 20 310
30 44 9 27 1 38 0 0.54 T 6 12.6 30 160 M M 6 14 48 150
================================================================================
SM 1260 794 915 0 4.96 14.3 226.6 M 156
================================================================================
AV 42.0 26.5 7.6 FASTST M M 5 MAX(MPH)
MISC ----> 31 250 # 48 250
================================================================================
NOTES:
# LAST OF SEVERAL OCCURRENCES
COLUMN 17 PEAK WIND IN M.P.H.
PRELIMINARY LOCAL CLIMATOLOGICAL DATA (WS FORM: F-6) , PAGE 2
STATION: CARIBOU ME
MONTH: NOVEMBER
YEAR: 2022
LATITUDE: 46 52 N
LONGITUDE: 68 1 W
[TEMPERATURE DATA] [PRECIPITATION DATA] SYMBOLS USED IN COLUMN 16
AVERAGE MONTHLY: 34.2 TOTAL FOR MONTH: 4.96 1 = FOG OR MIST
DPTR FM NORMAL: 1.6 DPTR FM NORMAL: 1.61 2 = FOG REDUCING VISIBILITY
HIGHEST: 73 ON 5 GRTST 24HR 1.74 ON 11-12 TO 1/4 MILE OR LESS
LOWEST: 8 ON 24 3 = THUNDER
SNOW, ICE PELLETS, HAIL 4 = ICE PELLETS
TOTAL MONTH: 14.3 INCHES 5 = HAIL
GRTST 24HR 5.8 ON 16-16 6 = FREEZING RAIN OR DRIZZLE
GRTST DEPTH: 8 ON 27,26 7 = DUSTSTORM OR SANDSTORM:
VSBY 1/2 MILE OR LESS
8 = SMOKE OR HAZE
[NO. OF DAYS WITH] [WEATHER - DAYS WITH] 9 = BLOWING SNOW
X = TORNADO
MAX 32 OR BELOW: 11 0.01 INCH OR MORE: 14
MAX 90 OR ABOVE: 0 0.10 INCH OR MORE: 9
MIN 32 OR BELOW: 21 0.50 INCH OR MORE: 4
MIN 0 OR BELOW: 0 1.00 INCH OR MORE: 1
[HDD (BASE 65) ]
TOTAL THIS MO. 915 CLEAR (SCALE 0-3) 9
DPTR FM NORMAL -59 PTCLDY (SCALE 4-7) 14
TOTAL FM JUL 1 1698 CLOUDY (SCALE 8-10) 7
DPTR FM NORMAL -293
[CDD (BASE 65) ]
TOTAL THIS MO. 0
DPTR FM NORMAL 0 [PRESSURE DATA]
TOTAL FM JAN 1 243 HIGHEST SLP 30.62 ON 9
DPTR FM NORMAL 19 LOWEST SLP 29.27 ON 28
[REMARKS]
#FINAL-11-22#