000
CXUS54 KSHV 011400
CF6GGG
PRELIMINARY LOCAL CLIMATOLOGICAL DATA (WS FORM: F-6)
STATION: LONGVIEW
MONTH: DECEMBER
YEAR: 2023
LATITUDE: 32 22 N
LONGITUDE: 94 43 W
TEMPERATURE IN F: :PCPN: SNOW: WIND :SUNSHINE: SKY :PK WND
================================================================================
1 2 3 4 5 6A 6B 7 8 9 10 11 12 13 14 15 16 17 18
12Z AVG MX 2MIN
DY MAX MIN AVG DEP HDD CDD WTR SNW DPTH SPD SPD DIR MIN PSBL S-S WX SPD DR
================================================================================
1 68 46 57 5 8 0 0.00 0.0 0 5.6 16 320 M M 3 1 20 310
2 68 40 54 2 11 0 0.00 0.0 0 3.2 14 320 M M 0 16 310
3 71 40 56 5 9 0 0.00 0.0 0 6.0 14 210 M M 0 17 210
4 65 37 51 0 14 0 0.00 0.0 0 4.6 15 340 M M 0 25 250
5 72 34 53 2 12 0 0.00 0.0 0 3.7 13 300 M M 0 18 330
6 62 37 50 -1 15 0 0.00 0.0 0 2.9 14 100 M M 0 21 110
7 70 38 54 4 11 0 0.00 0.0 0 9.3 21 200 M M 1 29 180
8 73 57 65 15 0 0 0.00 0.0 0 13.3 24 180 M M 7 34 190
9 78 50 64 14 1 0 T 0.0 0 15.3 24 200 M M 4 32 200
10 57 32 45 -5 20 0 0.00 0.0 0 7.0 17 340 M M 0 25 340
11 63 28 46 -4 19 0 0.00 0.0 0 3.7 10 130 M M 0 13 130
12 65 33 49 -1 16 0 0.00 0.0 0 3.2 12 150 M M 0 16 110
13 62 33 48 -1 17 0 0.00 0.0 0 4.0 14 60 M M 0 22 60
14 69 39 54 5 11 0 0.00 0.0 0 5.6 13 130 M M 0 19 130
15 65 42 54 5 11 0 0.56 0.0 0 6.1 14 140 M M 8 1 20 120
16 60 39 50 1 15 0 T 0.0 0 6.9 16 290 M M 5 24 310
17 66 32 49 0 16 0 0.00 0.0 0 2.0 8 210 M M 0 18 11 210
18 66 37 52 4 13 0 0.00 0.0 0 5.3 16 330 M M 0 21 340
19 54 33 44 -4 21 0 0.00 0.0 0 5.5 15 120 M M 0 20 130
20 67 37 52 4 13 0 0.00 0.0 0 6.3 12 170 M M 0 16 140
21 59 50 55 7 10 0 0.00 0.0 0 3.7 9 130 M M 8 12 120
22 67 54 61 13 4 0 T 0.0 0 4.8 10 200 M M 10 1 13 170
23 70 54 62 14 3 0 0.04 0.0 0 6.5 23 150 M M 9 12 32 130
24 64 54 59 11 6 0 0.54 0.0 0 9.9 18 300 M M 7 1 24 140
25 56 36 46 -2 19 0 0.00 0.0 0 9.8 22 310 M M 6 34 320
26 59 27 43 -5 22 0 0.00 0.0 0 5.9 13 160 M M 2 1 18 150
27 55 33 44 -4 21 0 0.00 0.0 0 8.8 21 310 M M 1 26 270
28 49 30 40 -8 25 0 0.00 0.0 0 7.8 21 320 M M 3 29 290
29 55 31 43 -4 22 0 0.00 0.0 0 7.9 20 270 M M 0 28 270
30 62 26 44 -3 21 0 0.00 0.0 0 4.0 13 300 M M 0 18 310
31 69 32 51 4 14 0 0.00 0.0 0 5.9 13 220 M M 0 18 230
================================================================================
SM 1986 1191 420 0 1.14 0.0 194.5 M 74
================================================================================
AV 64.1 38.4 6.3 FASTST M M 2 MAX(MPH)
MISC ----> # 24 180 # 34 190
================================================================================
NOTES:
# LAST OF SEVERAL OCCURRENCES
COLUMN 17 PEAK WIND IN M.P.H.
PRELIMINARY LOCAL CLIMATOLOGICAL DATA (WS FORM: F-6) , PAGE 2
STATION: LONGVIEW
MONTH: DECEMBER
YEAR: 2023
LATITUDE: 32 22 N
LONGITUDE: 94 43 W
[TEMPERATURE DATA] [PRECIPITATION DATA] SYMBOLS USED IN COLUMN 16
AVERAGE MONTHLY: 51.2 TOTAL FOR MONTH: 1.14 1 = FOG OR MIST
DPTR FM NORMAL: 2.1 DPTR FM NORMAL: -3.38 2 = FOG REDUCING VISIBILITY
HIGHEST: 78 ON 9 GRTST 24HR 0.57 ON 23-24 TO 1/4 MILE OR LESS
LOWEST: 26 ON 30 3 = THUNDER
SNOW, ICE PELLETS, HAIL 4 = ICE PELLETS
TOTAL MONTH: 0.0 INCH 5 = HAIL
GRTST 24HR 0.0 6 = FREEZING RAIN OR DRIZZLE
GRTST DEPTH: 0 7 = DUSTSTORM OR SANDSTORM:
VSBY 1/2 MILE OR LESS
8 = SMOKE OR HAZE
[NO. OF DAYS WITH] [WEATHER - DAYS WITH] 9 = BLOWING SNOW
X = TORNADO
MAX 32 OR BELOW: 0 0.01 INCH OR MORE: 3
MAX 90 OR ABOVE: 0 0.10 INCH OR MORE: 2
MIN 32 OR BELOW: 8 0.50 INCH OR MORE: 2
MIN 0 OR BELOW: 0 1.00 INCH OR MORE: 0
[HDD (BASE 65) ]
TOTAL THIS MO. 420 CLEAR (SCALE 0-3) 22
DPTR FM NORMAL -80 PTCLDY (SCALE 4-7) 7
TOTAL FM JUL 1 733 CLOUDY (SCALE 8-10) 2
DPTR FM NORMAL -132
[CDD (BASE 65) ]
TOTAL THIS MO. 0
DPTR FM NORMAL -8 [PRESSURE DATA]
TOTAL FM JAN 1 3081 HIGHEST SLP 30.55 ON 13
DPTR FM NORMAL 469 LOWEST SLP 29.67 ON 24
[REMARKS]
#FINAL-12-23#