000
CXUS55 KPUB 011819
CF6LHX
PRELIMINARY LOCAL CLIMATOLOGICAL DATA (WS FORM: F-6)
STATION: LA JUNTA CO
MONTH: OCTOBER
YEAR: 2023
LATITUDE: 38 2 N
LONGITUDE: 103 31 W
TEMPERATURE IN F: :PCPN: SNOW: WIND :SUNSHINE: SKY :PK WND
================================================================================
1 2 3 4 5 6A 6B 7 8 9 10 11 12 13 14 15 16 17 18
12Z AVG MX 2MIN
DY MAX MIN AVG DEP HDD CDD WTR SNW DPTH SPD SPD DIR MIN PSBL S-S WX SPD DR
================================================================================
1 84 57 71 9 0 6 0.00 M M 19.7 36 180 M M 0 49 200
2 85 59 72 11 0 7 T M M 18.1 33 180 M M 0 46 180
3 76 53 65 4 0 0 T M M 10.2 25 250 M M 2 35 250
4 71 45 58 -2 7 0 0.00 M M 5.6 17 50 M M 0 23 40
5 74 40 57 -3 8 0 0.00 M M 6.4 13 110 M M 0 20 50
6 64 40 52 -7 13 0 0.00 M M 9.9 30 40 M M 2 40 40
7 71 33 52 -7 13 0 0.00 M M 3.5 10 260 M M 0 13 130
8 81 40 61 3 4 0 0.00 M M 6.5 13 270 M M 0 17 280
9 80 41 61 3 4 0 0.00 M M 8.3 17 100 M M 0 22 110
10 83 39 61 4 4 0 0.00 M M 7.7 16 230 M M 0 18 240
11 87 42 65 8 0 0 T M M 9.5 22 250 M M 0 28 180
12 72 44 58 2 7 0 T M M 12.3 31 350 M M 2 44 340
13 61 35 48 -8 17 0 0.00 M M 15.1 32 360 M M 0 45 350
14 57 26 42 -13 23 0 0.00 M M 4.4 10 270 M M 0 13 280
15 72 28 50 -5 15 0 0.00 M M 7.2 16 20 M M 0 29 360
16 75 33 54 0 11 0 0.00 M M 4.9 13 270 M M 0 15 220
17 87 42 65 11 0 0 0.00 M M 6.6 15 250 M M 0 18 250
18 74 46 60 6 5 0 0.00 M M 7.2 25 10 M M 0 36 20
19 85 40 63 10 2 0 0.00 M M 7.6 15 260 M M 0 20 270
20 86 44 65 12 0 0 0.00 M M 7.0 15 260 M M 0 19 260
21 84 41 63 11 2 0 0.00 M M 9.1 22 130 M M 0 28 140
22 81 38 60 8 5 0 0.00 M M 7.5 17 120 M M 0 22 120
23 84 41 63 12 2 0 0.00 M M 9.3 24 230 M M 0 35 230
24 74 45 60 9 5 0 T M M 8.8 24 230 M M 0 8 33 230
25 64 43 54 3 11 0 0.00 M M 6.0 13 230 M M 4 1 15 130
26 82 36 59 9 6 0 0.00 M M 9.6 40 30 M M 0 55 20
27 52 29 41 -9 24 0 0.00 M M 14.5 24 100 M M 0 33 90
28 41 24 33 -16 32 0 0.00 M M 12.0 21 110 M M 3 26 120
29 32 19 26 -23 39 0 T M M 11.8 23 10 M M 9 30 10
30 52 11 32 -17 33 0 0.00 M M 6.6 14 270 M M 0 17 270
31 55 17 36 -12 29 0 0.00 M M 8.2 15 140 M M 0 22 150
================================================================================
SM 2226 1171 321 13 T M 281.1 M 22
================================================================================
AV 71.8 37.8 9.1 FASTST M M 1 MAX(MPH)
MISC ----> 40 30 55 20
================================================================================
NOTES:
# LAST OF SEVERAL OCCURRENCES
COLUMN 7; FALSE TIPS REMOVED ON THE 13TH AND 18TH.
COLUMN 17 PEAK WIND IN M.P.H.
PRELIMINARY LOCAL CLIMATOLOGICAL DATA (WS FORM: F-6) , PAGE 2
STATION: LA JUNTA CO
MONTH: OCTOBER
YEAR: 2023
LATITUDE: 38 2 N
LONGITUDE: 103 31 W
[TEMPERATURE DATA] [PRECIPITATION DATA] SYMBOLS USED IN COLUMN 16
AVERAGE MONTHLY: 54.8 TOTAL FOR MONTH: T 1 = FOG OR MIST
DPTR FM NORMAL: 0.2 DPTR FM NORMAL: -0.94 2 = FOG REDUCING VISIBILITY
HIGHEST: 87 ON 17,11 GRTST 24HR T ON 11# TO 1/4 MILE OR LESS
LOWEST: 11 ON 30 3 = THUNDER
SNOW, ICE PELLETS, HAIL 4 = ICE PELLETS
TOTAL MONTH: M 5 = HAIL
GRTST 24HR M ON M 6 = FREEZING RAIN OR DRIZZLE
GRTST DEPTH: M ON M 7 = DUSTSTORM OR SANDSTORM:
VSBY 1/2 MILE OR LESS
8 = SMOKE OR HAZE
[NO. OF DAYS WITH] [WEATHER - DAYS WITH] 9 = BLOWING SNOW
X = TORNADO
MAX 32 OR BELOW: 1 0.01 INCH OR MORE: 0
MAX 90 OR ABOVE: 0 0.10 INCH OR MORE: 0
MIN 32 OR BELOW: 7 0.50 INCH OR MORE: 0
MIN 0 OR BELOW: 0 1.00 INCH OR MORE: 0
[HDD (BASE 65) ]
TOTAL THIS MO. 321 CLEAR (SCALE 0-3) 28
DPTR FM NORMAL -15 PTCLDY (SCALE 4-7) 2
TOTAL FM JUL 1 341 CLOUDY (SCALE 8-10) 1
DPTR FM NORMAL -51
[CDD (BASE 65) ]
TOTAL THIS MO. 13
DPTR FM NORMAL -2 [PRESSURE DATA]
TOTAL FM JAN 1 1126 HIGHEST SLP 30.59 ON 29
DPTR FM NORMAL -230 LOWEST SLP 29.18 ON 11
[REMARKS]
#FINAL-10-23#