000
CXUS54 KMAF 011722
CF66R6
PRELIMINARY LOCAL CLIMATOLOGICAL DATA (WS FORM: F-6)
STATION: TERRELL COUNTY AIRPORT
MONTH: JANUARY
YEAR: 2022
LATITUDE: 30 2 N
LONGITUDE: 102 13 W
TEMPERATURE IN F: :PCPN: SNOW: WIND :SUNSHINE: SKY :PK WND
================================================================================
1 2 3 4 5 6A 6B 7 8 9 10 11 12 13 14 15 16 17 18
12Z AVG MX 2MIN
DY MAX MIN AVG DEP HDD CDD WTR SNW DPTH SPD SPD DIR MIN PSBL S-S WX SPD DR
================================================================================
1 81 45 63 15 2 0 0.00 M M 12.5 32 230 M M 0 40 240
2 54 26 40 -8 25 0 0.00 M M 10.8 33 330 M M 0 42 320
3 55 24 40 -8 25 0 0.00 M M 4.1 12 130 M M 0 16 120
4 74 27 51 3 14 0 0.00 M M 7.7 23 210 M M 0 30 230
5 75 38 57 9 8 0 0.00 M M 7.3 16 340 M M 0 20 340
6 65 33 49 1 16 0 0.00 M M 12.0 22 20 M M 0 27 20
7 54 23 39 -9 26 0 0.00 M M 5.9 12 110 M M 0 15 140
8 66 29 48 0 17 0 0.00 M M 4.4 12 150 M M 0 14 150
9 61 40 51 2 14 0 0.00 M M 12.5 29 350 M M 0 36 340
10 53 41 47 -2 18 0 0.00 M M 9.1 16 360 M M 0 22 350
11 52 36 44 -5 21 0 0.01 M M 6.1 13 90 M M 0 15 110
12 70 32 51 2 14 0 0.00 M M 5.4 16 250 M M 0 19 240
13 73 35 54 5 11 0 0.00 M M 6.3 15 240 M M 0 17 240
14 81 37 59 10 6 0 0.00 M M 14.7 33 10 M M 0 40 10
15 61 36 49 0 16 0 0.00 M M 17.0 33 350 M M 0 42 330
16 67 36 52 3 13 0 0.00 M M 14.3 26 240 M M 0 32 230
17 69 34 52 3 13 0 0.00 M M 7.2 14 140 M M 0 18 240
18 79 35 57 8 8 0 0.00 M M 7.4 23 240 M M 0 29 230
19 76 41 59 9 6 0 0.00 M M 11.5 26 350 M M 0 34 350
20 41 29 35 -15 30 0 0.01 M M 11.5 22 340 M M 0 27 350
21 50 24 37 -13 28 0 0.00 M M 5.2 13 140 M M 0 15 140
22 47 28 38 -12 27 0 0.00 M M 10.2 17 80 M M 0 24 100
23 44 38 41 -9 24 0 0.00 M M 6.1 12 100 M M 0 14 70
24 68 34 51 1 14 0 0.01 M M 10.3 25 240 M M 0 32 240
25 71 37 54 4 11 0 0.00 M M 6.7 20 100 M M 0 26 110
26 51 37 44 -6 21 0 0.04 M M 11.9 21 90 M M 0 26 100
27 52 37 45 -6 20 0 0.00 M M 4.7 14 10 M M 0 19 360
28 54 36 45 -6 20 0 0.00 M M 10.6 28 10 M M 0 35 10
29 62 29 46 -5 19 0 0.00 M M 6.8 13 200 M M 0 17 220
30 66 36 51 0 14 0 0.01 M M 7.6 16 130 M M 0 21 160
31 71 40 56 5 9 0 0.05 M M 5.2 16 320 M M 0 20 340
================================================================================
SM 1943 1053 510 0 0.13 M 273.0 M 0
================================================================================
AV 62.7 34.0 8.8 FASTST M M 0 MAX(MPH)
MISC ----> # 33 330 # 42 320
================================================================================
NOTES:
# LAST OF SEVERAL OCCURRENCES
COLUMN 17 PEAK WIND IN M.P.H.
PRELIMINARY LOCAL CLIMATOLOGICAL DATA (WS FORM: F-6) , PAGE 2
STATION: TERRELL COUNTY AIRPORT
MONTH: JANUARY
YEAR: 2022
LATITUDE: 30 2 N
LONGITUDE: 102 13 W
[TEMPERATURE DATA] [PRECIPITATION DATA] SYMBOLS USED IN COLUMN 16
AVERAGE MONTHLY: 48.3 TOTAL FOR MONTH: 0.13 1 = FOG OR MIST
DPTR FM NORMAL: -1.1 DPTR FM NORMAL: -0.53 2 = FOG REDUCING VISIBILITY
HIGHEST: 81 ON 14, 1 GRTST 24HR 0.05 ON 31-31 TO 1/4 MILE OR LESS
LOWEST: 23 ON 7 3 = THUNDER
SNOW, ICE PELLETS, HAIL 4 = ICE PELLETS
TOTAL MONTH: M 5 = HAIL
GRTST 24HR M ON M 6 = FREEZING RAIN OR DRIZZLE
GRTST DEPTH: M ON M 7 = DUSTSTORM OR SANDSTORM:
VSBY 1/2 MILE OR LESS
8 = SMOKE OR HAZE
[NO. OF DAYS WITH] [WEATHER - DAYS WITH] 9 = BLOWING SNOW
X = TORNADO
MAX 32 OR BELOW: 0 0.01 INCH OR MORE: 6
MAX 90 OR ABOVE: 0 0.10 INCH OR MORE: 0
MIN 32 OR BELOW: 10 0.50 INCH OR MORE: 0
MIN 0 OR BELOW: 0 1.00 INCH OR MORE: 0
[HDD (BASE 65) ]
TOTAL THIS MO. 510 CLEAR (SCALE 0-3) 31
DPTR FM NORMAL 26 PTCLDY (SCALE 4-7) 0
TOTAL FM JUL 1 827 CLOUDY (SCALE 8-10) 0
DPTR FM NORMAL -405
[CDD (BASE 65) ]
TOTAL THIS MO. 0
DPTR FM NORMAL -1 [PRESSURE DATA]
TOTAL FM JAN 1 0 HIGHEST SLP 30.70 ON 10
DPTR FM NORMAL -1 LOWEST SLP 29.61 ON 1
[REMARKS]
#FINAL-01-22#