000
CXUS51 KCAR 010700
CF6MLT
PRELIMINARY LOCAL CLIMATOLOGICAL DATA (WS FORM: F-6)
STATION: MILLINOCKET ME
MONTH: AUGUST
YEAR: 2022
LATITUDE: 45 39 N
LONGITUDE: 68 41 W
TEMPERATURE IN F: :PCPN: SNOW: WIND :SUNSHINE: SKY :PK WND
================================================================================
1 2 3 4 5 6A 6B 7 8 9 10 11 12 13 14 15 16 17 18
12Z AVG MX 2MIN
DY MAX MIN AVG DEP HDD CDD WTR SNW DPTH SPD SPD DIR MIN PSBL S-S WX SPD DR
================================================================================
1 85 63 74 6 0 9 0.00 M M 2.3 9 170 M M 0 14 170
2 85 65 75 7 0 10 0.37 M M 4.3 20 330 M M 6 13 25 300
3 81 59 70 2 0 5 0.00 M M 2.0 9 310 M M 1 11 260
4 85 63 74 6 0 9 0.01 M M 2.2 10 170 M M 1 14 180
5 87 65 76 8 0 11 T M M 2.8 12 30 M M 3 1 15 30
6 88 58 73 5 0 8 0.00 M M 2.6 8 220 M M 2 14 130
7 92 71 82 14 0 17 0.02 M M 5.2 18 310 M M 2 1 27 300
8 73 55 64 -4 1 0 1.54 M M 5.8 17 30 M M 10 1 25 10
9 63 56 60 -8 5 0 1.61 M M 6.0 12 30 M M 10 1 15 50
10 71 60 66 -1 0 1 0.03 M M 1.5 6 120 M M 10 1 9 110
11 77 61 69 2 0 4 0.21 M M 1.9 10 330 M M 8 1 14 330
12 75 58 67 0 0 2 0.00 M M 4.7 14 310 M M 5 1 20 290
13 76 55 66 -1 0 1 0.00 M M 3.4 10 60 M M 1 15 60
14 76 58 67 0 0 2 0.36 M M 3.0 13 20 M M 6 18 16 170
15 83 53 68 1 0 3 0.00 M M 0.5 7 90 M M 2 12 9 90
16 83 56 70 3 0 5 0.00 M M 4.4 16 80 M M 1 20 80
17 69 61 65 -2 0 0 0.65 M M 8.9 16 20 M M 5 1 30 10
18 66 60 63 -3 2 0 0.28 M M 4.7 13 90 M M 10 1 17 90
19 76 60 68 2 0 3 0.00 M M 5.7 14 300 M M 4 1 21 250
20 87 59 73 7 0 8 0.00 M M 2.9 9 320 M M 0 12 280
21 86 59 73 7 0 8 0.05 M M 2.2 13 170 M M 1 1 24 180
22 78 60 69 3 0 4 T M M 2.4 9 190 M M 2 14 190
23 70 59 65 -1 0 0 0.18 M M 4.4 12 50 M M 8 1 16 30
24 77 58 68 2 0 3 0.00 M M 0.7 7 180 M M 8 11 160
25 78 58 68 3 0 3 0.00 M M 2.7 13 300 M M 4 17 300
26 64 54 59 -6 6 0 0.14 M M 2.0 8 320 M M 9 1 11 320
27 72 51 62 -3 3 0 0.03 M M 3.6 12 60 M M 6 1 16 40
28 78 46 62 -3 3 0 0.00 M M 2.1 8 220 M M 4 12 14 190
29 82 56 69 5 0 4 0.00 M M 2.8 9 170 M M 2 1 13 160
30 87 67 77 13 0 12 0.00 M M 4.5 12 170 M M 4 1 19 160
31 77 54 66 2 0 1 0.37 M M 2.8 18 310 M M 7 18 25 300
================================================================================
SM 2427 1818 20 133 5.85 M 105.0 M 142
================================================================================
AV 78.3 58.6 3.4 FASTST M M 5 MAX(MPH)
MISC ----> 20 330 30 10
================================================================================
NOTES:
# LAST OF SEVERAL OCCURRENCES
COLUMN 17 PEAK WIND IN M.P.H.
PRELIMINARY LOCAL CLIMATOLOGICAL DATA (WS FORM: F-6) , PAGE 2
STATION: MILLINOCKET ME
MONTH: AUGUST
YEAR: 2022
LATITUDE: 45 39 N
LONGITUDE: 68 41 W
[TEMPERATURE DATA] [PRECIPITATION DATA] SYMBOLS USED IN COLUMN 16
AVERAGE MONTHLY: 68.5 TOTAL FOR MONTH: 5.85 1 = FOG OR MIST
DPTR FM NORMAL: 2.0 DPTR FM NORMAL: 2.05 2 = FOG REDUCING VISIBILITY
HIGHEST: 92 ON 7 GRTST 24HR 3.09 ON 8- 9 TO 1/4 MILE OR LESS
LOWEST: 46 ON 28 3 = THUNDER
SNOW, ICE PELLETS, HAIL 4 = ICE PELLETS
TOTAL MONTH: M 5 = HAIL
GRTST 24HR M ON M 6 = FREEZING RAIN OR DRIZZLE
GRTST DEPTH: M ON M 7 = DUSTSTORM OR SANDSTORM:
VSBY 1/2 MILE OR LESS
8 = SMOKE OR HAZE
[NO. OF DAYS WITH] [WEATHER - DAYS WITH] 9 = BLOWING SNOW
X = TORNADO
MAX 32 OR BELOW: 0 0.01 INCH OR MORE: 15
MAX 90 OR ABOVE: 1 0.10 INCH OR MORE: 10
MIN 32 OR BELOW: 0 0.50 INCH OR MORE: 3
MIN 0 OR BELOW: 0 1.00 INCH OR MORE: 2
[HDD (BASE 65) ]
TOTAL THIS MO. 20 CLEAR (SCALE 0-3) 13
DPTR FM NORMAL -24 PTCLDY (SCALE 4-7) 11
TOTAL FM JUL 1 30 CLOUDY (SCALE 8-10) 7
DPTR FM NORMAL -42
[CDD (BASE 65) ]
TOTAL THIS MO. 133
DPTR FM NORMAL 43 [PRESSURE DATA]
TOTAL FM JAN 1 346 HIGHEST SLP 30.27 ON 6
DPTR FM NORMAL 78 LOWEST SLP 29.62 ON 31
[REMARKS]
#FINAL-08-22#