000
CXUS54 KEPZ 011130
CF6SRR
PRELIMINARY LOCAL CLIMATOLOGICAL DATA (WS FORM: F-6)
STATION: RUIDOSO AWOS
MONTH: DECEMBER
YEAR: 2021
LATITUDE: 33 28 N
LONGITUDE: 105 32 W
TEMPERATURE IN F: :PCPN: SNOW: WIND :SUNSHINE: SKY :PK WND
================================================================================
1 2 3 4 5 6A 6B 7 8 9 10 11 12 13 14 15 16 17 18
12Z AVG MX 2MIN
DY MAX MIN AVG DEP HDD CDD WTR SNW DPTH SPD SPD DIR MIN PSBL S-S WX SPD DR
================================================================================
1 64 39 52 M 13 0 0.00 M M 7.2 13 260 M M 0 17 290
2 64 39 52 M 13 0 0.00 M M 9.1 17 230 M M 0 25 320
3 59 39 49 M 16 0 0.00 M M 10.8 22 310 M M 0 30 310
4 59 36 48 M 17 0 0.00 M M 4.5 13 240 M M 0 M M
5 59 39 49 M 16 0 0.00 M M 10.8 24 300 M M 0 35 280
6 48 19 34 M 31 0 0.00 M M 7.2 15 150 M M 1 8 22 160
7 55 36 46 M 19 0 0.00 M M 9.6 18 290 M M 0 28 300
8 57 37 47 M 18 0 0.00 M M 10.5 22 240 M M 0 36 240
9 59 39 49 M 16 0 0.00 M M 18.2 30 230 M M 1 39 230
10 48 30 39 M 26 0 0.05 M M 21.5 36 240 M M 4 51 250
11 46 25 36 M 29 0 0.00 M M 9.3 22 320 M M 0 38 320
12 55 27 41 M 24 0 0.00 M M 6.3 13 270 M M 0 M M
13 57 32 45 M 20 0 0.00 M M 8.2 15 240 M M 0 20 340
14 63 41 52 M 13 0 0.00 M M 15.2 24 220 M M 0 33 230
15 57 39 48 M 17 0 0.00 M M 28.5 51 220 M M 0 63 220
16 57 30 44 M 21 0 0.00 M M 8.9 17 140 M M 0 20 210
17 55 32 44 M 21 0 0.00 M M 6.7 16 240 M M 0 27 170
18 34 23 29 M 36 0 0.00 M M 8.1 14 300 M M 7 17 290
19 45 18 32 M 33 0 0.00 M M 7.2 15 280 M M 0 23 280
20 52 32 42 M 23 0 0.00 M M 11.5 21 290 M M 0 33 300
21 55 37 46 M 19 0 0.00 M M 10.8 18 330 M M 0 30 330
22 57 37 47 M 18 0 0.00 M M 8.7 17 300 M M 0 27 300
23 64 39 52 M 13 0 0.00 M M 11.1 25 230 M M 0 33 230
24 55 46 51 M 14 0 0.12 M M 27.2 52 240 M M 3 64 230
25 55 41 48 M 17 0 0.00 M M 14.2 25 230 M M 1 39 240
26 55 46 51 M 14 0 0.00 M M 36.3 58 240 M M 0 82 250
27 54 37 46 M 19 0 0.02 M M 24.4 41 250 M M 5 59 250
28 45 32 39 M 26 0 0.00 M M 21.1 31 240 M M 0 43 240
29 46 30 38 M 27 0 0.00 M M 17.5 36 240 M M 0 48 240
30 48 32 40 M 25 0 0.00 M M 12.6 23 220 M M 2 35 230
31 46 37 42 M 23 0 0.08 M M 24.4 36 230 M M 5 1 47 230
================================================================================
SM 1673 1066 637 0 0.27 M 427.7 M 29
================================================================================
AV 54.0 34.4 13.8 FASTST M M 1 MAX(MPH)
MISC ----> 58 240 82 250
================================================================================
NOTES:
# LAST OF SEVERAL OCCURRENCES
COLUMN 17 PEAK WIND IN M.P.H.
PRELIMINARY LOCAL CLIMATOLOGICAL DATA (WS FORM: F-6) , PAGE 2
STATION: RUIDOSO AWOS
MONTH: DECEMBER
YEAR: 2021
LATITUDE: 33 28 N
LONGITUDE: 105 32 W
[TEMPERATURE DATA] [PRECIPITATION DATA] SYMBOLS USED IN COLUMN 16
AVERAGE MONTHLY: 44.2 TOTAL FOR MONTH: 0.27 1 = FOG OR MIST
DPTR FM NORMAL: 0.0 DPTR FM NORMAL: M 2 = FOG REDUCING VISIBILITY
HIGHEST: 64 ON 23, 2 GRTST 24HR 0.12 ON 24-24 TO 1/4 MILE OR LESS
LOWEST: 18 ON 19 3 = THUNDER
SNOW, ICE PELLETS, HAIL 4 = ICE PELLETS
TOTAL MONTH: M 5 = HAIL
GRTST 24HR M ON M 6 = FREEZING RAIN OR DRIZZLE
GRTST DEPTH: M ON M 7 = DUSTSTORM OR SANDSTORM:
VSBY 1/2 MILE OR LESS
8 = SMOKE OR HAZE
[NO. OF DAYS WITH] [WEATHER - DAYS WITH] 9 = BLOWING SNOW
X = TORNADO
MAX 32 OR BELOW: 0 0.01 INCH OR MORE: 4
MAX 90 OR ABOVE: 0 0.10 INCH OR MORE: 1
MIN 32 OR BELOW: 13 0.50 INCH OR MORE: 0
MIN 0 OR BELOW: 0 1.00 INCH OR MORE: 0
[HDD (BASE 65) ]
TOTAL THIS MO. 637 CLEAR (SCALE 0-3) 27
DPTR FM NORMAL M PTCLDY (SCALE 4-7) 4
TOTAL FM JUL 1 1492 CLOUDY (SCALE 8-10) 0
DPTR FM NORMAL M
[CDD (BASE 65) ]
TOTAL THIS MO. 0
DPTR FM NORMAL M [PRESSURE DATA]
TOTAL FM JAN 1 398 HIGHEST SLP M ON M
DPTR FM NORMAL M LOWEST SLP M ON M
[REMARKS]
#FINAL-12-21#