000
CXUS53 KGRR 011010
CF6JXN
PRELIMINARY LOCAL CLIMATOLOGICAL DATA (WS FORM: F-6)
STATION: JACKSON
MONTH: FEBRUARY
YEAR: 2024
LATITUDE: 42 16 N
LONGITUDE: 84 28 W
TEMPERATURE IN F: :PCPN: SNOW: WIND :SUNSHINE: SKY :PK WND
================================================================================
1 2 3 4 5 6A 6B 7 8 9 10 11 12 13 14 15 16 17 18
12Z AVG MX 2MIN
DY MAX MIN AVG DEP HDD CDD WTR SNW DPTH SPD SPD DIR MIN PSBL S-S WX SPD DR
================================================================================
1 45 34 40 16 25 0 0.00 M M 8.0 17 230 M M 8 1 28 220
2 39 25 32 8 33 0 0.00 M M 7.5 16 30 M M 6 22 20
3 40 25 33 9 32 0 0.00 0.0 M 2.9 9 70 M M 5 1 12 70
4 48 24 36 12 29 0 0.00 M M 2.9 9 30 M M 4 12 11 40
5 38 20 29 5 36 0 0.00 M 0 5.2 12 30 M M 4 1 14 30
6 45 30 38 14 27 0 0.00 M M 5.5 10 110 M M 5 15 160
7 52 24 38 13 27 0 0.00 M M 3.4 13 180 M M 0 15 200
8 60 35 48 23 17 0 T M M 10.2 25 170 M M 2 35 170
9 61 44 53 28 12 0 0.03 M M 12.8 29 210 M M 3 3 41 220
10 47 31 39 14 26 0 0.00 M M 8.0 15 250 M M 8 22 250
11 37 25 31 6 34 0 0.00 M M 3.5 10 280 M M 7 16 310
12 42 19 31 5 34 0 0.00 M M 3.4 10 230 M M 2 14 320
13 37 20 29 3 36 0 T M M 5.1 14 260 M M 6 22 310
14 40 21 31 5 34 0 0.00 M M 3.6 10 310 M M 5 15 310
15 38 28 33 7 32 0 0.01 M M 11.9 30 260 M M 7 12 45 260
16 30 20 25 -2 40 0 0.00 M M 4.9 15 290 M M 8 22 270
17 25 16 21 -6 44 0 T M M 12.7 25 210 M M 8 18 36 210
18 39 16 28 1 37 0 0.00 M M 12.9 24 220 M M 7 36 210
19 42 15 29 2 36 0 0.00 M M 4.1 12 170 M M 0 16 150
20 50 21 36 8 29 0 0.00 M M 5.6 15 150 M M 0 18 23 150
21 62 31 47 19 18 0 0.00 M M 9.4 24 190 M M 3 34 200
22 54 30 42 14 23 0 0.00 M M 2.8 9 40 M M 3 11 40
23 50 25 38 9 27 0 T M M 7.8 16 30 M M 4 18 23 300
24 32 16 24 -5 41 0 T M M 8.5 18 360 M M 3 8 28 360
25 51 24 38 9 27 0 0.00 M M 11.9 24 190 M M 3 34 220
26 58 31 45 15 20 0 0.00 M M 7.6 16 140 M M 1 1 23 150
27 73 46 60 30 5 0 0.08 M M 12.9 22 160 M M 6 13 32 160
28 62 18 40 10 25 0 T M M 15.2 30 240 M M 8 38 45 270
29 38 18 28 -2 37 0 0.00 M M 8.9 16 240 M M 3 28 230
================================================================================
SM 1335 732 843 0 0.12 0.0 219.1 M 129
================================================================================
AV 46.0 25.2 7.6 FASTST M M 4 MAX(MPH)
MISC ----> # 30 260 # 45 260
================================================================================
NOTES:
# LAST OF SEVERAL OCCURRENCES
COLUMN 17 PEAK WIND IN M.P.H.
PRELIMINARY LOCAL CLIMATOLOGICAL DATA (WS FORM: F-6) , PAGE 2
STATION: JACKSON
MONTH: FEBRUARY
YEAR: 2024
LATITUDE: 42 16 N
LONGITUDE: 84 28 W
[TEMPERATURE DATA] [PRECIPITATION DATA] SYMBOLS USED IN COLUMN 16
AVERAGE MONTHLY: 35.6 TOTAL FOR MONTH: 0.12 1 = FOG OR MIST
DPTR FM NORMAL: 9.0 DPTR FM NORMAL: -1.40 2 = FOG REDUCING VISIBILITY
HIGHEST: 73 ON 27 GRTST 24HR 0.08 ON 27-27 TO 1/4 MILE OR LESS
LOWEST: 15 ON 19 3 = THUNDER
SNOW, ICE PELLETS, HAIL 4 = ICE PELLETS
TOTAL MONTH: 0.0 INCH 5 = HAIL
GRTST 24HR 0.0 6 = FREEZING RAIN OR DRIZZLE
GRTST DEPTH: 0 7 = DUSTSTORM OR SANDSTORM:
VSBY 1/2 MILE OR LESS
8 = SMOKE OR HAZE
[NO. OF DAYS WITH] [WEATHER - DAYS WITH] 9 = BLOWING SNOW
X = TORNADO
MAX 32 OR BELOW: 3 0.01 INCH OR MORE: 3
MAX 90 OR ABOVE: 0 0.10 INCH OR MORE: 0
MIN 32 OR BELOW: 25 0.50 INCH OR MORE: 0
MIN 0 OR BELOW: 0 1.00 INCH OR MORE: 0
[HDD (BASE 65) ]
TOTAL THIS MO. 843 CLEAR (SCALE 0-3) 9
DPTR FM NORMAL -233 PTCLDY (SCALE 4-7) 19
TOTAL FM JUL 1 4160 CLOUDY (SCALE 8-10) 1
DPTR FM NORMAL -681
[CDD (BASE 65) ]
TOTAL THIS MO. 0
DPTR FM NORMAL 0 [PRESSURE DATA]
TOTAL FM JAN 1 0 HIGHEST SLP 30.48 ON 29
DPTR FM NORMAL 0 LOWEST SLP 29.20 ON 28
[REMARKS]
#FINAL-02-24#