000
CXUS53 KGRR 011017
CF6JXN
PRELIMINARY LOCAL CLIMATOLOGICAL DATA (WS FORM: F-6)
STATION: JACKSON
MONTH: FEBRUARY
YEAR: 2020
LATITUDE: 42 16 N
LONGITUDE: 84 28 W
TEMPERATURE IN F: :PCPN: SNOW: WIND :SUNSHINE: SKY :PK WND
================================================================================
1 2 3 4 5 6A 6B 7 8 9 10 11 12 13 14 15 16 17 18
12Z AVG MX 2MIN
DY MAX MIN AVG DEP HDD CDD WTR SNW DPTH SPD SPD DIR MIN PSBL S-S WX SPD DR
================================================================================
1 35 21 28 4 37 0 0.03 M M 7.4 17 210 M M 7 18 24 220
2 50 32 41 17 24 0 0.00 M M 12.9 26 240 M M 3 8 43 220
3 52 26 39 15 26 0 0.00 M M 3.8 12 110 M M 0 15 110
4 38 29 34 10 31 0 0.00 M M 8.2 16 360 M M 9 18 23 20
5 30 20 25 1 40 0 0.05 M M 8.7 14 70 M M 8 18 21 350
6 26 22 24 0 41 0 0.06 M M 8.7 14 340 M M 10 18 22 350
7 34 24 29 4 36 0 0.01 M M 8.9 17 330 M M 9 18 24 310
8 33 24 29 4 36 0 0.01 M M 4.0 10 220 M M 9 128 15 220
9 35 20 28 3 37 0 0.10 M M 9.6 23 160 M M 9 128 29 160
10 36 28 32 7 33 0 0.00 M M 4.8 14 290 M M 10 18 20 270
11 35 21 28 3 37 0 0.00 M M 9.7 22 240 M M 7 18 37 250
12 32 19 26 0 39 0 0.04 M M 5.4 15 210 M M 3 18 18 210
13 31 10 21 -5 44 0 0.05 M M 7.3 16 330 M M 9 18 26 330
14 19 1 10 -16 55 0 0.00 M M 5.9 13 230 M M 6 17 220
15 33 4 19 -7 46 0 T M M 13.1 25 180 M M 6 8 36 160
16 39 24 32 6 33 0 0.00 M M 6.6 18 240 M M 5 8 27 250
17 34 19 27 0 38 0 0.08 M M 8.4 17 90 M M 7 1 25 90
18 37 25 31 4 34 0 T M M 12.7 24 250 M M 7 1 37 250
19 30 17 24 -3 41 0 0.00 M M 8.8 17 290 M M 1 26 290
20 23 10 17 -10 48 0 0.00 M M 5.8 14 290 M M 1 22 320
21 33 9 21 -7 44 0 0.00 M M 11.9 21 220 M M 0 32 190
22 44 24 34 6 31 0 0.00 M M 14.3 22 230 M M 0 31 200
23 52 32 42 14 23 0 0.00 M M 12.0 20 210 M M 0 33 200
24 46 32 39 11 26 0 0.08 M M 5.5 14 30 M M 4 18 19 30
25 37 29 33 4 32 0 0.08 M M 10.2 17 10 M M 10 1 28 360
26 29 21 25 -4 40 0 0.15 M M 10.3 18 350 M M 10 128 33 340
27 24 19 22 -7 43 0 T M M 12.5 25 240 M M 9 8 43 250
28 27 19 23 -7 42 0 T M M 12.2 24 240 M M 9 8 38 240
29 33 16 25 -5 40 0 0.00 M M 8.9 17 240 M M 1 27 240
================================================================================
SM 1007 597 1077 0 0.74 M 258.5 M 169
================================================================================
AV 34.7 20.6 8.9 FASTST M M 6 MAX(MPH)
MISC ----> # 26 240 # 43 220
================================================================================
NOTES:
# LAST OF SEVERAL OCCURRENCES
COLUMN 17 PEAK WIND IN M.P.H.
PRELIMINARY LOCAL CLIMATOLOGICAL DATA (WS FORM: F-6) , PAGE 2
STATION: JACKSON
MONTH: FEBRUARY
YEAR: 2020
LATITUDE: 42 16 N
LONGITUDE: 84 28 W
[TEMPERATURE DATA] [PRECIPITATION DATA] SYMBOLS USED IN COLUMN 16
AVERAGE MONTHLY: 27.7 TOTAL FOR MONTH: 0.74 1 = FOG OR MIST
DPTR FM NORMAL: 1.4 DPTR FM NORMAL: -0.55 2 = FOG REDUCING VISIBILITY
HIGHEST: 52 ON 23, 3 GRTST 24HR 0.15 ON 26-26 TO 1/4 MILE OR LESS
LOWEST: 1 ON 14 3 = THUNDER
SNOW, ICE PELLETS, HAIL 4 = ICE PELLETS
TOTAL MONTH: M 5 = HAIL
GRTST 24HR M ON M 6 = FREEZING RAIN OR DRIZZLE
GRTST DEPTH: M ON M 7 = DUSTSTORM OR SANDSTORM:
VSBY 1/2 MILE OR LESS
8 = SMOKE OR HAZE
[NO. OF DAYS WITH] [WEATHER - DAYS WITH] 9 = BLOWING SNOW
X = TORNADO
MAX 32 OR BELOW: 10 0.01 INCH OR MORE: 12
MAX 90 OR ABOVE: 0 0.10 INCH OR MORE: 2
MIN 32 OR BELOW: 29 0.50 INCH OR MORE: 0
MIN 0 OR BELOW: 0 1.00 INCH OR MORE: 0
[HDD (BASE 65) ]
TOTAL THIS MO. 1077 CLEAR (SCALE 0-3) 9
DPTR FM NORMAL -6 PTCLDY (SCALE 4-7) 9
TOTAL FM JUL 1 4544 CLOUDY (SCALE 8-10) 11
DPTR FM NORMAL -405
[CDD (BASE 65) ]
TOTAL THIS MO. 0
DPTR FM NORMAL 0 [PRESSURE DATA]
TOTAL FM JAN 1 0 HIGHEST SLP 30.66 ON 20
DPTR FM NORMAL 0 LOWEST SLP 29.38 ON 2
[REMARKS]
#FINAL-02-20#