000
CXUS52 KMLB 011415
CF6DAB
PRELIMINARY LOCAL CLIMATOLOGICAL DATA (WS FORM: F-6)
STATION: DAYTONA BEACH
MONTH: NOVEMBER
YEAR: 2020
LATITUDE: 29 10 N
LONGITUDE: 81 3 W
TEMPERATURE IN F: :PCPN: SNOW: WIND :SUNSHINE: SKY :PK WND
================================================================================
1 2 3 4 5 6A 6B 7 8 9 10 11 12 13 14 15 16 17 18
12Z AVG MX 2MIN
DY MAX MIN AVG DEP HDD CDD WTR SNW DPTH SPD SPD DIR MIN PSBL S-S WX SPD DR
================================================================================
1 83 70 77 7 0 12 0.65 0.0 0 5.4 20 360 M M 7 13 25 360
2 70 57 64 -6 1 0 0.00 0.0 0 16.4 30 20 M M 4 39 10
3 76 54 65 -4 0 0 0.00 0.0 0 9.2 18 30 M M 4 24 40
4 81 56 69 0 0 4 T 0.0 0 9.5 21 80 M M 6 27 70
5 81 70 76 7 0 11 0.01 0.0 0 9.3 21 60 M M 6 1 25 70
6 83 68 76 7 0 11 0.04 0.0 0 7.2 18 70 M M 6 1 23 50
7 84 72 78 10 0 13 0.00 0.0 0 12.4 22 70 M M 6 30 90
8 82 73 78 10 0 13 0.39 0.0 0 17.1 25 60 M M 9 1 35 70
9 79 73 76 8 0 11 1.24 0.0 0 18.4 30 70 M M 10 1 38 70
10 82 73 78 10 0 13 0.28 0.0 0 8.6 16 100 M M 8 1 26 80
11 82 78 80 12 0 15 T 0.0 0 8.1 16 150 M M 9 25 140
12 82 73 78 11 0 13 0.57 0.0 0 12.7 23 240 M M 8 1 35 210
13 83 69 76 9 0 11 0.00 0.0 0 6.8 15 40 M M 5 1 17 20
14 79 67 73 6 0 8 T 0.0 0 4.7 15 30 M M 7 1 18 20
15 84 68 76 9 0 11 0.00 0.0 0 3.5 10 150 M M 5 1 15 130
16 77 65 71 4 0 6 0.00 0.0 0 8.0 16 40 M M 4 1 22 40
17 73 57 65 -1 0 0 0.00 0.0 0 9.3 22 20 M M 1 27 20
18 74 52 63 -3 2 0 0.00 0.0 0 17.3 29 30 M M 4 36 30
19 74 65 70 4 0 5 0.07 0.0 0 15.8 28 50 M M 8 1 36 50
20 78 64 71 5 0 6 0.26 0.0 0 11.4 22 70 M M 7 1 27 60
21 80 65 73 7 0 8 0.30 0.0 0 10.0 22 50 M M 6 1 27 50
22 71 68 70 5 0 5 2.62 0.0 0 5.6 14 70 M M 10 13 18 140
23 75 64 70 5 0 5 T 0.0 0 10.5 21 20 M M 4 1 26 10
24 77 59 68 3 0 3 0.00 0.0 0 7.5 18 60 M M 4 22 50
25 80 64 72 7 0 7 0.00 0.0 0 5.6 16 160 M M 4 22 170
26 82 62 72 8 0 7 0.00 0.0 0 2.8 13 230 M M 1 1 17 220
27 83 64 74 10 0 9 0.00 0.0 0 2.0 9 70 M M 4 1 11 300
28 83 64 74 10 0 9 T 0.0 0 5.1 14 260 M M 5 1 16 240
29 80 67 74 10 0 9 T 0.0 0 4.5 12 260 M M 8 1 15 260
30 74 54 64 0 1 0 0.20 0.0 0 12.2 23 270 M M 5 1 27 260
================================================================================
SM 2372 1955 4 225 6.63 0.0 276.9 M 175
================================================================================
AV 79.1 65.2 9.2 FASTST M M 6 MAX(MPH)
MISC ----> # 30 20 39 10
================================================================================
NOTES:
# LAST OF SEVERAL OCCURRENCES
COLUMN 17 PEAK WIND IN M.P.H.
PRELIMINARY LOCAL CLIMATOLOGICAL DATA (WS FORM: F-6) , PAGE 2
STATION: DAYTONA BEACH
MONTH: NOVEMBER
YEAR: 2020
LATITUDE: 29 10 N
LONGITUDE: 81 3 W
[TEMPERATURE DATA] [PRECIPITATION DATA] SYMBOLS USED IN COLUMN 16
AVERAGE MONTHLY: 72.1 TOTAL FOR MONTH: 6.63 1 = FOG OR MIST
DPTR FM NORMAL: 5.5 DPTR FM NORMAL: 3.94 2 = FOG REDUCING VISIBILITY
HIGHEST: 84 ON 15, 7 GRTST 24HR 2.65 ON 21-22 TO 1/4 MILE OR LESS
LOWEST: 52 ON 18 3 = THUNDER
SNOW, ICE PELLETS, HAIL 4 = ICE PELLETS
TOTAL MONTH: 0.0 INCH 5 = HAIL
GRTST 24HR 0.0 6 = FREEZING RAIN OR DRIZZLE
GRTST DEPTH: 0 7 = DUSTSTORM OR SANDSTORM:
VSBY 1/2 MILE OR LESS
8 = SMOKE OR HAZE
[NO. OF DAYS WITH] [WEATHER - DAYS WITH] 9 = BLOWING SNOW
X = TORNADO
MAX 32 OR BELOW: 0 0.01 INCH OR MORE: 12
MAX 90 OR ABOVE: 0 0.10 INCH OR MORE: 9
MIN 32 OR BELOW: 0 0.50 INCH OR MORE: 4
MIN 0 OR BELOW: 0 1.00 INCH OR MORE: 2
[HDD (BASE 65) ]
TOTAL THIS MO. 4 CLEAR (SCALE 0-3) 2
DPTR FM NORMAL -62 PTCLDY (SCALE 4-7) 24
TOTAL FM JUL 1 4 CLOUDY (SCALE 8-10) 4
DPTR FM NORMAL -70
[CDD (BASE 65) ]
TOTAL THIS MO. 225
DPTR FM NORMAL 109 [PRESSURE DATA]
TOTAL FM JAN 1 3586 HIGHEST SLP 30.43 ON 19
DPTR FM NORMAL 674 LOWEST SLP 29.78 ON 12
[REMARKS]
#FINAL-11-20#