000
CXUS56 KLKN 071138
CF6TPH
PRELIMINARY LOCAL CLIMATOLOGICAL DATA (WS FORM: F-6)
STATION: TONOPAH AIRPORT NV
MONTH: JUNE
YEAR: 2021
LATITUDE: 38 3 N
LONGITUDE: 117 5 W
TEMPERATURE IN F: :PCPN: SNOW: WIND :SUNSHINE: SKY :PK WND
================================================================================
1 2 3 4 5 6A 6B 7 8 9 10 11 12 13 14 15 16 17 18
12Z AVG MX 2MIN
DY MAX MIN AVG DEP HDD CDD WTR SNW DPTH SPD SPD DIR MIN PSBL S-S WX SPD DR
================================================================================
1 91 57 74 10 0 9 0.00 M M 10.7 20 330 M M 0 27 300
2 97 61 79 14 0 14 0.00 M M 10.3 23 10 M M 0 27 10
3 97 64 81 16 0 16 0.00 M M 9.6 25 270 M M 0 33 290
4 95 63 79 14 0 14 T M M 10.2 28 20 M M 1 39 150
5 95 59 77 11 0 12 0.00 M M 10.3 23 350 M M 0 27 340
6 92 60 76 10 0 11 0.00 M M 11.5 32 190 M M 0 39 220
7 84 52 68 2 0 3 0.00 M M 13.1 32 190 M M 0 38 190
8 81 46 64 -3 1 0 0.00 M M 13.8 32 200 M M 0 39 180
9 80 50 65 -2 0 0 0.00 M M 23.4 43 210 M M 0 55 210
10 68 45 57 -10 8 0 0.00 M M 13.4 31 320 M M 0 39 320
11 83 42 63 -5 2 0 0.00 M M 6.1 15 10 M M 0 18 110
12 91 49 70 2 0 5 0.00 M M 8.6 20 200 M M 0 25 200
13 93 53 73 5 0 8 0.00 M M 11.6 28 200 M M 0 37 200
14 95 54 75 6 0 10 0.00 M M 12.3 25 180 M M 0 40 220
15 99 50 75 6 0 10 0.00 M M 10.4 26 220 M M 0 37 230
16 100 63 82 13 0 17 T M M 9.1 46 290 M M 0 8 68 290
17 99 65 82 12 0 17 T M M 10.0 31 310 M M 0 38 310
18 94 68 81 11 0 16 T M M 8.1 31 280 M M 1 39 20
19 98 64 81 11 0 16 0.00 M M 9.1 25 230 M M 0 37 240
20 100 64 82 11 0 17 0.00 M M 7.8 17 260 M M 0 27 280
21 97 65 81 10 0 16 0.00 M M 9.7 25 190 M M 0 30 220
22 92 56 74 3 0 9 0.00 M M 8.7 26 210 M M 0 33 210
23 88 54 71 -1 0 6 0.00 M M 11.4 31 180 M M 0 38 180
24 86 54 70 -2 0 5 0.00 M M 8.2 25 90 M M 0 31 80
25 88 58 73 1 0 8 0.00 M M 7.1 16 10 M M 1 19 10
26 92 60 76 4 0 11 0.00 M M 12.4 23 20 M M 1 32 10
27 98 65 82 9 0 17 0.00 M M 7.8 16 320 M M 0 25 300
28 98 63 81 8 0 16 T M M 9.2 43 80 M M 1 54 70
29 96 62 79 6 0 14 0.06 M M 6.5 29 270 M M 1 3 38 250
30 90 56 73 -1 0 8 0.04 M M 9.2 26 10 M M 2 3 34 150
================================================================================
SM 2757 1722 11 305 0.10 M 309.6 M 8
================================================================================
AV 91.9 57.4 10.3 FASTST M M 0 MAX(MPH)
MISC ----> 46 290 68 290
================================================================================
NOTES:
# LAST OF SEVERAL OCCURRENCES
COLUMN 17 PEAK WIND IN M.P.H.
PRELIMINARY LOCAL CLIMATOLOGICAL DATA (WS FORM: F-6) , PAGE 2
STATION: TONOPAH AIRPORT NV
MONTH: JUNE
YEAR: 2021
LATITUDE: 38 3 N
LONGITUDE: 117 5 W
[TEMPERATURE DATA] [PRECIPITATION DATA] SYMBOLS USED IN COLUMN 16
AVERAGE MONTHLY: 74.7 TOTAL FOR MONTH: 0.10 1 = FOG OR MIST
DPTR FM NORMAL: 5.6 DPTR FM NORMAL: -0.13 2 = FOG REDUCING VISIBILITY
HIGHEST: 100 ON 20,16 GRTST 24HR 0.06 ON 28-29 TO 1/4 MILE OR LESS
LOWEST: 42 ON 11 3 = THUNDER
SNOW, ICE PELLETS, HAIL 4 = ICE PELLETS
TOTAL MONTH: M 5 = HAIL
GRTST 24HR M ON M 6 = FREEZING RAIN OR DRIZZLE
GRTST DEPTH: M ON M 7 = DUSTSTORM OR SANDSTORM:
VSBY 1/2 MILE OR LESS
8 = SMOKE OR HAZE
[NO. OF DAYS WITH] [WEATHER - DAYS WITH] 9 = BLOWING SNOW
X = TORNADO
MAX 32 OR BELOW: 0 0.01 INCH OR MORE: 2
MAX 90 OR ABOVE: 22 0.10 INCH OR MORE: 0
MIN 32 OR BELOW: 0 0.50 INCH OR MORE: 0
MIN 0 OR BELOW: 0 1.00 INCH OR MORE: 0
[HDD (BASE 65) ]
TOTAL THIS MO. 11 CLEAR (SCALE 0-3) 30
DPTR FM NORMAL -33 PTCLDY (SCALE 4-7) 0
TOTAL FM JUL 1 5019 CLOUDY (SCALE 8-10) 0
DPTR FM NORMAL -247
[CDD (BASE 65) ]
TOTAL THIS MO. 305
DPTR FM NORMAL 138 [PRESSURE DATA]
TOTAL FM JAN 1 334 HIGHEST SLP 30.09 ON 10
DPTR FM NORMAL 136 LOWEST SLP 29.53 ON 6
[REMARKS]
#FINAL-06-21#