000
CXUS56 KPDT 011810
CF6YKM
PRELIMINARY LOCAL CLIMATOLOGICAL DATA (WS FORM: F-6)
STATION: YAKIMA WA
MONTH: AUGUST
YEAR: 2023
LATITUDE: 46 34 N
LONGITUDE: 120 32 W
TEMPERATURE IN F: :PCPN: SNOW: WIND :SUNSHINE: SKY :PK WND
================================================================================
1 2 3 4 5 6A 6B 7 8 9 10 11 12 13 14 15 16 17 18
12Z AVG MX 2MIN
DY MAX MIN AVG DEP HDD CDD WTR SNW DPTH SPD SPD DIR MIN PSBL S-S WX SPD DR
================================================================================
1 91 51 71 -3 0 6 0.00 M M 4.6 12 320 M M 0 17 90
2 95 54 75 1 0 10 0.00 M M 6.7 17 20 M M 0 22 330
3 95 56 76 2 0 11 0.00 M M 4.5 13 330 M M 0 20 310
4 87 68 78 4 0 13 0.02 M M 6.5 18 280 M M 1 26 280
5 81 64 73 0 0 8 0.06 M M 4.3 16 350 M M 8 23 350
6 86 64 75 2 0 10 0.16 M M 3.1 16 320 M M 5 1 23 320
7 83 60 72 -1 0 7 0.10 M M 5.8 20 320 M M 3 3 25 340
8 89 54 72 -1 0 7 0.00 M M 4.0 14 160 M M 0 19 330
9 89 64 77 4 0 12 0.00 M M 9.1 26 280 M M 1 38 280
10 87 51 69 -3 0 4 0.00 M M 4.4 14 330 M M 0 20 320
11 91 59 75 3 0 10 0.00 M M 6.7 18 330 M M 0 8 26 320
12 92 65 79 7 0 14 0.00 M M 7.8 21 320 M M 0 28 320
13 96 58 77 5 0 12 0.00 M M 7.2 17 20 M M 0 27 90
14 101 58 80 8 0 15 0.00 M M 5.8 13 170 M M 0 17 180
15 105 63 84 13 0 19 0.00 M M 6.2 13 330 M M 0 17 300
16 104 62 83 12 0 18 0.00 M M 4.9 10 280 M M 0 8 17 300
17 97 63 80 9 0 15 T M M 6.6 18 290 M M 0 29 240
18 93 61 77 6 0 12 0.00 M M 6.5 18 340 M M 0 25 340
19 85 48 67 -3 0 2 0.00 M M 6.2 12 250 M M 8 8 16 250
20 85 49 67 -3 0 2 0.00 M M 5.4 12 250 M M 10 8 14 240
21 82 53 68 -2 0 3 0.00 M M 4.6 12 80 M M 10 8 15 70
22 82 52 67 -3 0 2 0.00 M M 5.1 20 340 M M 1 8 27 330
23 80 44 62 -7 3 0 0.00 M M 3.5 10 260 M M 0 13 50
24 85 48 67 -2 0 2 0.00 M M 6.5 13 40 M M 0 16 40
25 85 60 73 4 0 8 0.08 M M 5.8 17 10 M M 1 138 23 260
26 88 57 73 5 0 8 0.00 M M 6.1 12 180 M M 0 15 170
27 97 57 77 9 0 12 0.00 M M 5.3 12 270 M M 0 15 250
28 100 59 80 12 0 15 0.00 M M 7.3 13 330 M M 0 18 140
29 81 59 70 2 0 5 0.00 M M 13.3 28 300 M M 2 42 290
30 81 51 66 -1 0 1 0.00 M M 6.6 20 280 M M 0 30 270
31 66 56 61 -6 4 0 0.04 M M 3.8 10 160 M M 7 14 140
================================================================================
SM 2759 1768 7 263 0.46 M 184.2 M 57
================================================================================
AV 89.0 57.0 5.9 FASTST M M 2 MAX(MPH)
MISC ----> 28 300 42 290
================================================================================
NOTES:
# LAST OF SEVERAL OCCURRENCES
COLUMN 17 PEAK WIND IN M.P.H.
PRELIMINARY LOCAL CLIMATOLOGICAL DATA (WS FORM: F-6) , PAGE 2
STATION: YAKIMA WA
MONTH: AUGUST
YEAR: 2023
LATITUDE: 46 34 N
LONGITUDE: 120 32 W
[TEMPERATURE DATA] [PRECIPITATION DATA] SYMBOLS USED IN COLUMN 16
AVERAGE MONTHLY: 73.0 TOTAL FOR MONTH: 0.46 1 = FOG OR MIST
DPTR FM NORMAL: 2.1 DPTR FM NORMAL: 0.25 2 = FOG REDUCING VISIBILITY
HIGHEST: 105 ON 15 GRTST 24HR 0.17 ON 5- 6 TO 1/4 MILE OR LESS
LOWEST: 44 ON 23 3 = THUNDER
SNOW, ICE PELLETS, HAIL 4 = ICE PELLETS
TOTAL MONTH: M 5 = HAIL
GRTST 24HR M ON M 6 = FREEZING RAIN OR DRIZZLE
GRTST DEPTH: M ON M 7 = DUSTSTORM OR SANDSTORM:
VSBY 1/2 MILE OR LESS
8 = SMOKE OR HAZE
[NO. OF DAYS WITH] [WEATHER - DAYS WITH] 9 = BLOWING SNOW
X = TORNADO
MAX 32 OR BELOW: 0 0.01 INCH OR MORE: 6
MAX 90 OR ABOVE: 13 0.10 INCH OR MORE: 2
MIN 32 OR BELOW: 0 0.50 INCH OR MORE: 0
MIN 0 OR BELOW: 0 1.00 INCH OR MORE: 0
[HDD (BASE 65) ]
TOTAL THIS MO. 7 CLEAR (SCALE 0-3) 25
DPTR FM NORMAL -12 PTCLDY (SCALE 4-7) 3
TOTAL FM JUL 1 7 CLOUDY (SCALE 8-10) 3
DPTR FM NORMAL -23
[CDD (BASE 65) ]
TOTAL THIS MO. 263
DPTR FM NORMAL 61 [PRESSURE DATA]
TOTAL FM JAN 1 816 HIGHEST SLP 30.15 ON 13
DPTR FM NORMAL 257 LOWEST SLP 29.61 ON 17
[REMARKS]
#FINAL-08-23#