000
CXUS54 KSHV 011300
CF6TYR
PRELIMINARY LOCAL CLIMATOLOGICAL DATA (WS FORM: F-6)
STATION: TYLER
MONTH: MARCH
YEAR: 2023
LATITUDE: 32 22 N
LONGITUDE: 95 24 W
TEMPERATURE IN F: :PCPN: SNOW: WIND :SUNSHINE: SKY :PK WND
================================================================================
1 2 3 4 5 6A 6B 7 8 9 10 11 12 13 14 15 16 17 18
12Z AVG MX 2MIN
DY MAX MIN AVG DEP HDD CDD WTR SNW DPTH SPD SPD DIR MIN PSBL S-S WX SPD DR
================================================================================
1 79 69 74 19 0 9 0.00 0.0 0 10.8 20 180 M M 5 8 28 200
2 80 57 69 14 0 4 0.79 0.0 0 16.1 35 310 M M 5 138 46 300
3 64 47 56 0 9 0 0.27 0.0 0 9.7 21 300 M M 4 13 35 290
4 75 43 59 3 6 0 0.00 0.0 0 6.8 13 160 M M 0 17 160
5 80 49 65 9 0 0 0.00 0.0 0 10.0 18 200 M M 0 25 200
6 81 52 67 11 0 2 0.00 0.0 0 9.1 20 210 M M 1 18 27 200
7 82 60 71 14 0 6 0.00 0.0 0 6.5 14 180 M M 7 18 17 180
8 77 60 69 12 0 4 0.00 0.0 0 7.4 18 330 M M 8 18 26 330
9 81 59 70 13 0 5 1.21 0.0 0 9.2 20 350 M M 8 138 28 340
10 63 53 58 0 7 0 T 0.0 0 7.6 16 10 M M 10 13 23 20
11 82 57 70 12 0 5 0.00 0.0 0 12.0 24 200 M M 6 18 32 200
12 72 51 62 4 3 0 0.01 0.0 0 10.4 15 360 M M 6 25 10
13 65 44 55 -3 10 0 0.00 0.0 0 8.9 16 40 M M 1 23 30
14 64 43 54 -4 11 0 T 0.0 0 6.6 16 110 M M 4 8 20 110
15 69 41 55 -4 10 0 0.00 0.0 0 10.8 23 180 M M 1 31 180
16 69 45 57 -2 8 0 1.20 0.0 0 14.6 30 310 M M 8 13 48 300
17 56 41 49 -10 16 0 0.02 0.0 0 13.5 25 350 M M 3 34 330
18 57 38 48 -12 17 0 0.00 0.0 0 8.0 21 320 M M 0 27 310
19 54 32 43 -17 22 0 0.00 0.0 0 5.9 16 330 M M 0 26 340
20 59 32 46 -14 19 0 0.00 0.0 0 11.0 21 160 M M 4 29 180
21 70 49 60 0 5 0 T 0.0 0 14.2 25 180 M M 10 34 190
22 82 66 74 13 0 9 T 0.0 0 14.5 25 200 M M 7 1 34 200
23 86 68 77 16 0 12 0.00 0.0 0 16.4 26 180 M M 6 18 38 200
24 79 59 69 8 0 4 0.11 0.0 0 12.7 28 190 M M 6 138 38 190
25 79 50 65 4 0 0 0.00 0.0 0 6.9 17 260 M M 1 24 290
26 81 49 65 3 0 0 0.00 0.0 0 5.9 15 130 M M 2 20 140
27 77 51 64 2 1 0 0.00 0.0 0 7.8 15 60 M M 1 22 40
28 68 50 59 -3 6 0 0.00 0.0 0 10.5 20 30 M M 1 35 40
29 69 50 60 -2 5 0 0.01 0.0 0 6.0 17 140 M M 6 23 130
30 75 56 66 4 0 1 0.01 0.0 0 13.8 29 170 M M 8 3 39 170
31 83 60 72 10 0 7 0.18 0.0 0 13.7 29 210 M M 7 13 38 240
================================================================================
SM 2258 1581 155 68 3.81 0.0 317.3 M 136
================================================================================
AV 72.8 51.0 10.2 FASTST M M 4 MAX(MPH)
MISC ----> 35 310 48 300
================================================================================
NOTES:
# LAST OF SEVERAL OCCURRENCES
COLUMN 17 PEAK WIND IN M.P.H.
PRELIMINARY LOCAL CLIMATOLOGICAL DATA (WS FORM: F-6) , PAGE 2
STATION: TYLER
MONTH: MARCH
YEAR: 2023
LATITUDE: 32 22 N
LONGITUDE: 95 24 W
[TEMPERATURE DATA] [PRECIPITATION DATA] SYMBOLS USED IN COLUMN 16
AVERAGE MONTHLY: 61.9 TOTAL FOR MONTH: 3.81 1 = FOG OR MIST
DPTR FM NORMAL: 3.0 DPTR FM NORMAL: 0.09 2 = FOG REDUCING VISIBILITY
HIGHEST: 86 ON 23 GRTST 24HR 1.22 ON 16-17 TO 1/4 MILE OR LESS
LOWEST: 32 ON 20,19 3 = THUNDER
SNOW, ICE PELLETS, HAIL 4 = ICE PELLETS
TOTAL MONTH: 0.0 INCH 5 = HAIL
GRTST 24HR 0.0 6 = FREEZING RAIN OR DRIZZLE
GRTST DEPTH: 0 7 = DUSTSTORM OR SANDSTORM:
VSBY 1/2 MILE OR LESS
8 = SMOKE OR HAZE
[NO. OF DAYS WITH] [WEATHER - DAYS WITH] 9 = BLOWING SNOW
X = TORNADO
MAX 32 OR BELOW: 0 0.01 INCH OR MORE: 10
MAX 90 OR ABOVE: 0 0.10 INCH OR MORE: 6
MIN 32 OR BELOW: 2 0.50 INCH OR MORE: 3
MIN 0 OR BELOW: 0 1.00 INCH OR MORE: 2
[HDD (BASE 65) ]
TOTAL THIS MO. 155 CLEAR (SCALE 0-3) 11
DPTR FM NORMAL -71 PTCLDY (SCALE 4-7) 17
TOTAL FM JUL 1 1616 CLOUDY (SCALE 8-10) 3
DPTR FM NORMAL -368
[CDD (BASE 65) ]
TOTAL THIS MO. 68
DPTR FM NORMAL 29 [PRESSURE DATA]
TOTAL FM JAN 1 111 HIGHEST SLP 30.57 ON 19
DPTR FM NORMAL 56 LOWEST SLP 29.30 ON 2
[REMARKS]
#FINAL-03-23#