000
CXUS54 KSHV 011400
CF6TYR
PRELIMINARY LOCAL CLIMATOLOGICAL DATA (WS FORM: F-6)
STATION: TYLER
MONTH: FEBRUARY
YEAR: 2023
LATITUDE: 32 22 N
LONGITUDE: 95 24 W
TEMPERATURE IN F: :PCPN: SNOW: WIND :SUNSHINE: SKY :PK WND
================================================================================
1 2 3 4 5 6A 6B 7 8 9 10 11 12 13 14 15 16 17 18
12Z AVG MX 2MIN
DY MAX MIN AVG DEP HDD CDD WTR SNW DPTH SPD SPD DIR MIN PSBL S-S WX SPD DR
================================================================================
1 34 29 32 -17 33 0 0.30 0.0 0 8.2 16 340 M M 10 16 21 350
2 39 33 36 -13 29 0 0.85 0.0 0 8.0 15 330 M M 10 14 20 360
3 57 36 47 -2 18 0 0.00 0.0 0 4.8 10 60 M M 5 1 14 340
4 61 34 48 -2 17 0 0.00 0.0 0 8.6 20 180 M M 0 27 180
5 70 41 56 6 9 0 0.00 0.0 0 8.0 14 210 M M 2 128 19 200
6 74 51 63 13 2 0 0.00 0.0 0 13.2 28 180 M M 6 1 36 160
7 69 57 63 13 2 0 0.25 0.0 0 9.6 17 150 M M 9 1 25 150
8 67 39 53 3 12 0 0.90 0.0 0 9.6 21 260 M M 9 13 32 270
9 69 34 52 2 13 0 0.00 0.0 0 5.2 14 190 M M 1 12 20 200
10 51 40 46 -4 19 0 0.01 0.0 0 13.1 21 340 M M 8 28 330
11 53 37 45 -6 20 0 0.01 0.0 0 8.1 15 320 M M 7 18 20 310
12 65 31 48 -3 17 0 0.00 0.0 0 4.8 13 200 M M 0 1 17 190
13 68 43 56 5 9 0 0.00 0.0 0 9.1 20 190 M M 0 28 180
14 75 51 63 12 2 0 0.28 0.0 0 12.1 30 330 M M 4 1 42 330
15 80 50 65 13 0 0 0.00 0.0 0 13.6 23 180 M M 2 18 34 160
16 73 38 56 4 9 0 T 0.0 0 17.2 25 320 M M 7 36 180
17 51 31 41 -11 24 0 0.00 0.0 0 8.2 23 340 M M 0 34 340
18 55 28 42 -10 23 0 0.00 0.0 0 6.9 16 180 M M 0 23 180
19 70 44 57 5 8 0 0.00 0.0 0 11.4 21 230 M M 0 28 230
20 81 61 71 18 0 6 0.00 0.0 0 14.7 24 240 M M 1 35 250
21 86 65 76 23 0 11 0.00 0.0 0 14.7 30 190 M M 2 18 42 190
22 78 59 69 16 0 4 0.25 0.0 0 11.0 31 190 M M 6 18 39 190
23 72 53 63 10 2 0 0.00 0.0 0 10.6 21 10 M M 4 1 31 30
24 64 51 58 4 7 0 T 0.0 0 8.6 14 60 M M 10 20 50
25 57 48 53 -1 12 0 0.00 0.0 0 5.5 10 360 M M 10 18 14 40
26 81 54 68 14 0 3 T 0.0 0 11.6 29 190 M M 8 18 39 190
27 74 51 63 9 2 0 0.02 0.0 0 9.6 28 190 M M 3 8 38 180
28 86 46 66 11 0 1 0.00 0.0 0 8.6 16 190 M M 0 22 190
================================================================================
SM 1860 1235 289 25 2.87 0.0 274.6 M 124
================================================================================
AV 66.4 44.1 9.8 FASTST M M 4 MAX(MPH)
MISC ----> 31 190 # 42 330
================================================================================
NOTES:
# LAST OF SEVERAL OCCURRENCES
COLUMN 17 PEAK WIND IN M.P.H.
PRELIMINARY LOCAL CLIMATOLOGICAL DATA (WS FORM: F-6) , PAGE 2
STATION: TYLER
MONTH: FEBRUARY
YEAR: 2023
LATITUDE: 32 22 N
LONGITUDE: 95 24 W
[TEMPERATURE DATA] [PRECIPITATION DATA] SYMBOLS USED IN COLUMN 16
AVERAGE MONTHLY: 55.3 TOTAL FOR MONTH: 2.87 1 = FOG OR MIST
DPTR FM NORMAL: 3.7 DPTR FM NORMAL: -0.81 2 = FOG REDUCING VISIBILITY
HIGHEST: 86 ON 28,21 GRTST 24HR 1.13 ON 7- 8 TO 1/4 MILE OR LESS
LOWEST: 28 ON 18 3 = THUNDER
SNOW, ICE PELLETS, HAIL 4 = ICE PELLETS
TOTAL MONTH: T 5 = HAIL
GRTST 24HR 0.0 6 = FREEZING RAIN OR DRIZZLE
GRTST DEPTH: 0 7 = DUSTSTORM OR SANDSTORM:
VSBY 1/2 MILE OR LESS
8 = SMOKE OR HAZE
[NO. OF DAYS WITH] [WEATHER - DAYS WITH] 9 = BLOWING SNOW
X = TORNADO
MAX 32 OR BELOW: 0 0.01 INCH OR MORE: 9
MAX 90 OR ABOVE: 0 0.10 INCH OR MORE: 6
MIN 32 OR BELOW: 4 0.50 INCH OR MORE: 2
MIN 0 OR BELOW: 0 1.00 INCH OR MORE: 0
[HDD (BASE 65) ]
TOTAL THIS MO. 289 CLEAR (SCALE 0-3) 13
DPTR FM NORMAL -97 PTCLDY (SCALE 4-7) 8
TOTAL FM JUL 1 1461 CLOUDY (SCALE 8-10) 7
DPTR FM NORMAL -297
[CDD (BASE 65) ]
TOTAL THIS MO. 25
DPTR FM NORMAL 14 [PRESSURE DATA]
TOTAL FM JAN 1 43 HIGHEST SLP 30.59 ON 3
DPTR FM NORMAL 34 LOWEST SLP 29.54 ON 22
[REMARKS]
#FINAL-02-23#