000
CXUS53 KGRB 291709
CF6AIG
PRELIMINARY LOCAL CLIMATOLOGICAL DATA (WS FORM: F-6)
STATION: ANTIGO AWOS
MONTH: AUGUST
YEAR: 2021
LATITUDE: 45 9 N
LONGITUDE: 89 8 W
TEMPERATURE IN F: :PCPN: SNOW: WIND :SUNSHINE: SKY :PK WND
================================================================================
1 2 3 4 5 6A 6B 7 8 9 10 11 12 13 14 15 16 17 18
12Z AVG MX 2MIN
DY MAX MIN AVG DEP HDD CDD WTR SNW DPTH SPD SPD DIR MIN PSBL S-S WX SPD DR
================================================================================
1 71 51 61 -5 4 0 M M M 5.9 15 360 M M 4 21 360
2 76 47 62 -4 3 0 M M M 3.0 8 240 M M 2 16 270
3 77 51 64 -2 1 0 M M M 3.2 9 260 M M 0 1 M M
4 80 52 66 0 0 1 M M M 3.3 10 260 M M 3 1 M M
5 75 56 66 0 0 1 0.01 M M 7.2 14 200 M M 4 21 200
6 78 60 69 3 0 4 M M M 3.4 7 240 M M 8 1 M M
7 67 60 64 -2 1 0 0.45 M M 8.2 18 150 M M 10 1 23 150
8 78 65 72 6 0 7 0.94 M M 8.4 25 200 M M 9 1 39 200
9 78 62 70 4 0 5 0.33 M M 2.6 8 110 M M 6 1 23 0
10 82 58 70 4 0 5 M M M 5.7 14 190 M M 7 12 22 190
11 78 61 70 4 0 5 1.33 M M 7.6 15 220 M M 5 1 21 180
12 77 54 66 0 0 1 0.01 M M 7.0 16 270 M M 2 24 260
13 71 46 59 -7 6 0 0.00 0.0 0 4.8 16 290 M M 2 22 310
14 77 43 60 -6 5 0 M M M 2.6 8 240 M M 0 16 240
15 77 50 64 -2 1 0 M M M 4.0 12 200 M M 0 17 200
16 77 50 64 -1 1 0 M M M 4.3 9 190 M M 1 18 160
17 78 54 66 1 0 1 0.00 0.0 0 4.6 10 210 M M 1 16 210
18 82 53 68 3 0 3 M M M 2.2 6 160 M M 3 12 M M
19 83 57 70 5 0 5 M M M 1.6 6 210 M M 3 12 M M
20 83 58 71 6 0 6 M M M 7.1 17 150 M M 3 12 20 140
21 82 58 70 5 0 5 M M M 10.3 15 270 M M 4 1 22 230
22 74 46 60 -4 5 0 M M M 2.5 13 40 M M 0 M M
23 82 55 69 5 0 4 M M M 5.7 12 240 M M 3 2 16 240
24 72 58 65 1 0 0 0.51 M M 4.0 16 170 M M 6 12 28 0
25 83 60 72 8 0 7 M M M 3.9 10 280 M M 6 12 M M
26 74 52 63 -1 2 0 0.67 M M 4.7 13 70 M M 2 18 M M
27 70 56 63 -1 2 0 0.68 M M 7.3 14 100 M M 10 1 24 100
28 80 63 72 9 0 7 0.01 M M 5.8 12 170 M M 4 1 18 170
================================================================================
SM 2162 1536 31 67 4.94 0.0 141.0 M 108
================================================================================
AV 77.2 54.9 5.0 FASTST M M 4 MAX(MPH)
MISC ----> 25 200 39 200
================================================================================
NOTES:
# LAST OF SEVERAL OCCURRENCES
COLUMN 17 PEAK WIND IN M.P.H.
PRELIMINARY LOCAL CLIMATOLOGICAL DATA (WS FORM: F-6) , PAGE 2
STATION: ANTIGO AWOS
MONTH: AUGUST
YEAR: 2021
LATITUDE: 45 9 N
LONGITUDE: 89 8 W
[TEMPERATURE DATA] [PRECIPITATION DATA] SYMBOLS USED IN COLUMN 16
AVERAGE MONTHLY: 66.0 TOTAL FOR MONTH: 4.94 1 = FOG OR MIST
DPTR FM NORMAL: 0.8 DPTR FM NORMAL: 1.43 2 = FOG REDUCING VISIBILITY
HIGHEST: 83 ON 25,20 GRTST 24HR 1.33 ON 11-11 TO 1/4 MILE OR LESS
LOWEST: 43 ON 14 3 = THUNDER
SNOW, ICE PELLETS, HAIL 4 = ICE PELLETS
TOTAL MONTH: 0.0 INCH 5 = HAIL
GRTST 24HR 0.0 6 = FREEZING RAIN OR DRIZZLE
GRTST DEPTH: 0 7 = DUSTSTORM OR SANDSTORM:
VSBY 1/2 MILE OR LESS
8 = SMOKE OR HAZE
[NO. OF DAYS WITH] [WEATHER - DAYS WITH] 9 = BLOWING SNOW
X = TORNADO
MAX 32 OR BELOW: 0 0.01 INCH OR MORE: 10
MAX 90 OR ABOVE: 0 0.10 INCH OR MORE: 7
MIN 32 OR BELOW: 0 0.50 INCH OR MORE: 5
MIN 0 OR BELOW: 0 1.00 INCH OR MORE: 1
[HDD (BASE 65) ]
TOTAL THIS MO. 31 CLEAR (SCALE 0-3) 14
DPTR FM NORMAL -34 PTCLDY (SCALE 4-7) 11
TOTAL FM JUL 1 70 CLOUDY (SCALE 8-10) 3
DPTR FM NORMAL -46
[CDD (BASE 65) ]
TOTAL THIS MO. 67
DPTR FM NORMAL -7 [PRESSURE DATA]
TOTAL FM JAN 1 270 HIGHEST SLP M ON M
DPTR FM NORMAL 35 LOWEST SLP M ON M
[REMARKS]