113
CXUS53 KFGF 010915
CF6DVL
PRELIMINARY LOCAL CLIMATOLOGICAL DATA (WS FORM: F-6)
STATION: DEVILS LAKE ND
MONTH: FEBRUARY
YEAR: 2021
LATITUDE: 48 7 N
LONGITUDE: 98 54 W
TEMPERATURE IN F: :PCPN: SNOW: WIND :SUNSHINE: SKY :PK WND
================================================================================
1 2 3 4 5 6A 6B 7 8 9 10 11 12 13 14 15 16 17 18
12Z AVG MX 2MIN
DY MAX MIN AVG DEP HDD CDD WTR SNW DPTH SPD SPD DIR MIN PSBL S-S WX SPD DR
================================================================================
1 22 14 18 9 47 0 T M M 10.2 18 160 M M 10 1 M M
2 23 17 20 10 45 0 M M M 17.5 23 150 M M 10 1 30 180
3 29 14 22 12 43 0 T M M 15.9 30 290 M M 10 1 36 300
4 13 -2 6 -4 59 0 T M M 22.5 29 300 M M 8 18 35 300
5 3 -11 -4 -14 69 0 T M M 16.1 23 330 M M 3 8 27 330
6 -10 -21 -15 -25 80 0 M M M 16.0 20 290 M M 0 25 310
7 -13 -26 -19 -30 84 0 T M M 7.1 10 340 M M 1 M M
8 -9 -25 -17 -28 82 0 T M M 14.2 23 270 M M 0 32 270
9 -8 -15 -11 -22 76 0 M M M 21.0 28 280 M M 2 36 270
10 -9 -18 -13 -24 78 0 T M M 13.8 18 280 M M 2 M M
11 -14 -25 -19 -31 84 0 T M M 11.4 17 300 M M 5 8 M M
12 -14 -29 -21 -33 86 0 T M M 7.7 14 270 M M 3 8 M M
13 -19 -35 -27 -39 92 0 0.00 0.0 M 9.0 17 340 M M 2 8 M M
14 -10 -31 -20 -33 85 0 M M M 8.2 14 260 M M 0 M M
15 2 -26 -12 -25 77 0 M M M 5.0 14 150 M M 0 M M
16 0 -19 -9 -22 74 0 M M M 8.9 15 120 M M 0 M M
17 6 -9 -1 -15 66 0 T M M 5.8 8 150 M M 7 M M
18 10 -4 3 -11 62 0 T M M 7.7 13 300 M M 9 1 M M
19 15 -16 0 -14 65 0 M M M 4.7 13 150 M M 1 128 M M
20 32 4 18 3 47 0 M M M 8.0 14 250 M M 0 M M
21 36 9 23 8 42 0 M M M 8.7 16 250 M M 0 1 M M
22 42 32 37 22 28 0 0.02 M M 20.6 26 290 M M 3 38 290
23 33 19 26 10 39 0 0.06 M M 7.9 17 40 M M 7 1 21 40
24 30 -1 15 -1 50 0 T M M 9.8 24 280 M M 6 12 M M
25 37 9 23 7 42 0 M M M 13.9 22 200 M M 0 27 190
26 36 24 30 13 35 0 M M M 13.5 21 260 M M 4 M M
27 24 -3 11 -6 54 0 T M M 10.5 18 50 M M 7 18 21 50
28 15 -3 6 -12 59 0 T M M 8.9 16 30 M M 2 1 M M
================================================================================
SM 302 -177 1750 0 0.08 0.0 324.2 M 102
================================================================================
AV 10.8 -6.3 11.6 FASTST M M 4 MAX(MPH)
MISC ----> 30 290 38 290
================================================================================
NOTES:
# LAST OF SEVERAL OCCURRENCES
COLUMN 17 PEAK WIND IN M.P.H.
PRELIMINARY LOCAL CLIMATOLOGICAL DATA (WS FORM: F-6) , PAGE 2
STATION: DEVILS LAKE ND
MONTH: FEBRUARY
YEAR: 2021
LATITUDE: 48 7 N
LONGITUDE: 98 54 W
[TEMPERATURE DATA] [PRECIPITATION DATA] SYMBOLS USED IN COLUMN 16
AVERAGE MONTHLY: 2.2 TOTAL FOR MONTH: 0.08 1 = FOG OR MIST
DPTR FM NORMAL: -10.8 DPTR FM NORMAL: -0.39 2 = FOG REDUCING VISIBILITY
HIGHEST: 42 ON 22 GRTST 24HR 0.06 ON 23-23 TO 1/4 MILE OR LESS
LOWEST: -35 ON 13 3 = THUNDER
SNOW, ICE PELLETS, HAIL 4 = ICE PELLETS
TOTAL MONTH: 0.0 INCH 5 = HAIL
GRTST 24HR 0.0 6 = FREEZING RAIN OR DRIZZLE
GRTST DEPTH: M ON M 7 = DUSTSTORM OR SANDSTORM:
VSBY 1/2 MILE OR LESS
8 = SMOKE OR HAZE
[NO. OF DAYS WITH] [WEATHER - DAYS WITH] 9 = BLOWING SNOW
X = TORNADO
MAX 32 OR BELOW: 23 0.01 INCH OR MORE: 2
MAX 90 OR ABOVE: 0 0.10 INCH OR MORE: 0
MIN 32 OR BELOW: 28 0.50 INCH OR MORE: 0
MIN 0 OR BELOW: 19 1.00 INCH OR MORE: 0
[HDD (BASE 65) ]
TOTAL THIS MO. 1750 CLEAR (SCALE 0-3) 16
DPTR FM NORMAL 293 PTCLDY (SCALE 4-7) 7
TOTAL FM JUL 1 6664 CLOUDY (SCALE 8-10) 5
DPTR FM NORMAL -273
[CDD (BASE 65) ]
TOTAL THIS MO. 0
DPTR FM NORMAL 0 [PRESSURE DATA]
TOTAL FM JAN 1 0 HIGHEST SLP M ON M
DPTR FM NORMAL 0 LOWEST SLP M ON M
[REMARKS]
#FINAL-02-21#