000
CXUS53 KDDC 011339
CF6P28
PRELIMINARY LOCAL CLIMATOLOGICAL DATA (WS FORM: F-6)
STATION: MEDICINE LODGE KS
MONTH: JUNE
YEAR: 2022
LATITUDE: 37 17 N
LONGITUDE: 98 35 W
TEMPERATURE IN F: :PCPN: SNOW: WIND :SUNSHINE: SKY :PK WND
================================================================================
1 2 3 4 5 6A 6B 7 8 9 10 11 12 13 14 15 16 17 18
12Z AVG MX 2MIN
DY MAX MIN AVG DEP HDD CDD WTR SNW DPTH SPD SPD DIR MIN PSBL S-S WX SPD DR
================================================================================
1 67 53 60 -13 5 0 0.28 0.0 0 10.9 24 30 M M 0 34 20
2 77 50 64 -10 1 0 0.00 0.0 0 4.9 12 70 M M 0 17 60
3 79 56 68 -6 0 3 0.00 0.0 0 6.8 16 170 M M 0 25 140
4 85 61 73 -1 0 8 0.05 0.0 0 8.8 17 180 M M 0 26 150
5 82 63 73 -2 0 8 1.77 0.0 0 10.1 29 20 M M 0 49 170
6 87 62 75 0 0 10 0.03 0.0 0 4.1 13 10 M M 0 17 20
7 86 65 76 1 0 11 0.63 0.0 0 7.3 21 180 M M 0 31 180
8 80 60 70 -6 0 5 0.04 0.0 0 8.8 20 10 M M 0 28 40
9 83 57 70 -6 0 5 0.00 0.0 0 7.2 20 180 M M 0 25 180
10 92 63 78 2 0 13 0.00 0.0 0 7.4 20 30 M M 0 26 20
11 99 70 85 8 0 20 0.00 0.0 0 8.3 17 180 M M 0 25 180
12 103 75 89 12 0 24 0.00 0.0 0 8.1 18 170 M M 0 28 170
13 101 73 87 10 0 22 0.00 0.0 0 15.7 29 190 M M 0 47 190
14 95 78 87 10 0 22 0.00 0.0 0 15.6 28 190 M M 0 40 180
15 95 76 86 8 0 21 0.00 0.0 0 8.7 23 200 M M 0 33 190
16 100 73 87 9 0 22 0.00 0.0 0 10.2 18 190 M M 0 25 170
17 101 69 85 7 0 20 0.00 0.0 0 7.1 15 190 M M 0 22 190
18 98 71 85 7 0 20 0.00 0.0 0 8.8 17 170 M M 0 27 170
19 96 73 85 6 0 20 0.00 0.0 0 11.3 22 170 M M 0 31 170
20 99 74 87 8 0 22 0.00 0.0 0 12.3 24 190 M M 0 37 190
21 102 75 89 10 0 24 0.00 0.0 0 9.2 24 350 M M 0 35 340
22 97 68 83 4 0 18 1.19 0.0 0 6.9 25 180 M M 0 38 180
23 98 71 85 5 0 20 0.01 0.0 0 8.1 17 190 M M 0 26 150
24 103 76 90 10 0 25 0.00 0.0 0 12.3 23 200 M M 0 33 200
25 94 71 83 3 0 18 0.00 0.0 0 12.2 26 10 M M 0 38 350
26 75 59 67 -13 0 2 0.93 0.0 0 10.1 33 40 M M 0 49 40
27 70 60 65 -15 0 0 0.06 0.0 0 3.1 12 350 M M 0 17 360
28 86 54 70 -10 0 5 0.00 0.0 0 4.8 13 210 M M 0 18 210
29 90 57 74 -7 0 9 0.00 0.0 0 8.5 18 180 M M 0 27 170
30 98 64 81 0 0 16 0.00 0.0 0 9.0 18 200 M M 0 24 190
================================================================================
SM 2718 1977 6 413 4.99 0.0 266.6 M 0
================================================================================
AV 90.6 65.9 8.9 FASTST M M 0 MAX(MPH)
MISC ----> 33 40 # 49 40
================================================================================
NOTES:
# LAST OF SEVERAL OCCURRENCES
COLUMN 17 PEAK WIND IN M.P.H.
PRELIMINARY LOCAL CLIMATOLOGICAL DATA (WS FORM: F-6) , PAGE 2
STATION: MEDICINE LODGE KS
MONTH: JUNE
YEAR: 2022
LATITUDE: 37 17 N
LONGITUDE: 98 35 W
[TEMPERATURE DATA] [PRECIPITATION DATA] SYMBOLS USED IN COLUMN 16
AVERAGE MONTHLY: 78.3 TOTAL FOR MONTH: 4.99 1 = FOG OR MIST
DPTR FM NORMAL: 0.7 DPTR FM NORMAL: 1.06 2 = FOG REDUCING VISIBILITY
HIGHEST: 103 ON 24,12 GRTST 24HR 1.77 ON 5- 5 TO 1/4 MILE OR LESS
LOWEST: 50 ON 2 3 = THUNDER
SNOW, ICE PELLETS, HAIL 4 = ICE PELLETS
TOTAL MONTH: 0.0 INCH 5 = HAIL
GRTST 24HR 0.0 6 = FREEZING RAIN OR DRIZZLE
GRTST DEPTH: 0 7 = DUSTSTORM OR SANDSTORM:
VSBY 1/2 MILE OR LESS
8 = SMOKE OR HAZE
[NO. OF DAYS WITH] [WEATHER - DAYS WITH] 9 = BLOWING SNOW
X = TORNADO
MAX 32 OR BELOW: 0 0.01 INCH OR MORE: 10
MAX 90 OR ABOVE: 18 0.10 INCH OR MORE: 5
MIN 32 OR BELOW: 0 0.50 INCH OR MORE: 4
MIN 0 OR BELOW: 0 1.00 INCH OR MORE: 2
[HDD (BASE 65) ]
TOTAL THIS MO. 6
DPTR FM NORMAL 3
TOTAL FM JUL 1 4061
DPTR FM NORMAL -324
[CDD (BASE 65) ]
TOTAL THIS MO. 413
DPTR FM NORMAL 34 [PRESSURE DATA]
TOTAL FM JAN 1 700 HIGHEST SLP 30.37 ON 27
DPTR FM NORMAL 147 LOWEST SLP 29.53 ON 12
[REMARKS]
#FINAL-06-22#